-- Table structure for table `factura_lavadero`
--

CREATE TABLE `factura_lavadero` (
  `factura_lavadero_id` int(11) NOT NULL AUTO_INCREMENT,
  `factura_lavadero_entradas_vehiculo_id` int(11) DEFAULT NULL,
  PRIMARY KEY (`factura_lavadero_id`)
) ENGINE=InnoDB AUTO_INCREMENT=523 DEFAULT CHARSET=utf8mb4 COLLATE=utf8mb4_general_ci;

--
-- Dumping data for table `factura_lavadero`
--

INSERT INTO `factura_lavadero` VALUES (501,51),(502,69),(503,449),(504,450),(505,471),(506,507),(507,645),(508,943),(509,1035),(510,1035),(511,1119),(512,1282),(513,1307),(514,1706),(515,1706),(516,1706),(517,1706),(518,2),(519,1),(520,1),(521,1),(522,1);

--
-- Table structure for table `factura_parqueadero`
--

CREATE TABLE `factura_parqueadero` (
  `factura_parqueadero_id` int(11) NOT NULL AUTO_INCREMENT,
  `factura_parqueadero_parqueadero_id` int(11) DEFAULT NULL,
  PRIMARY KEY (`factura_parqueadero_id`)
) ENGINE=InnoDB AUTO_INCREMENT=1478 DEFAULT CHARSET=utf8mb4 COLLATE=utf8mb4_general_ci;

--
-- Dumping data for table `factura_parqueadero`
--

INSERT INTO `factura_parqueadero` VALUES (501,2),(502,3),(503,4),(504,5),(505,6),(506,7),(507,8),(508,9),(509,10),(510,11),(511,NULL),(512,NULL),(513,13),(514,14),(515,15),(516,16),(517,17),(518,18),(519,19),(520,20),(521,21),(522,22),(523,63),(524,64),(525,65),(526,66),(527,68),(528,69),(529,70),(530,71),(531,135),(532,146),(533,147),(534,148),(535,150),(536,151),(537,152),(538,153),(539,154),(540,155),(541,156),(542,157),(543,162),(544,163),(545,164),(546,165),(547,166),(548,167),(549,168),(550,173),(551,174),(552,175),(553,176),(554,177),(555,179),(556,180),(557,181),(558,182),(559,183),(560,184),(561,185),(562,186),(563,187),(564,188),(565,189),(566,192),(567,193),(568,194),(569,195),(570,199),(571,200),(572,201),(573,203),(574,204),(575,205),(576,206),(577,207),(578,208),(579,209),(580,NULL),(581,210),(582,211),(583,212),(584,214),(585,215),(586,216),(587,217),(588,218),(589,219),(590,220),(591,221),(592,222),(593,223),(594,224),(595,225),(596,226),(597,227),(598,228),(599,229),(600,230),(601,231),(602,232),(603,233),(604,234),(605,235),(606,236),(607,238),(608,239),(609,240),(610,241),(611,242),(612,243),(613,244),(614,245),(615,246),(616,247),(617,248),(618,249),(619,250),(620,251),(621,252),(622,253),(623,254),(624,255),(625,256),(626,257),(627,258),(628,259),(629,260),(630,261),(631,262),(632,264),(633,265),(634,269),(635,270),(636,272),(637,273),(638,274),(639,275),(640,277),(641,279),(642,281),(643,282),(644,NULL),(645,283),(646,284),(647,285),(648,286),(649,287),(650,288),(651,289),(652,290),(653,291),(654,292),(655,293),(656,294),(657,295),(658,296),(659,297),(660,298),(661,NULL),(662,299),(663,300),(664,301),(665,302),(666,303),(667,304),(668,305),(669,306),(670,307),(671,308),(672,309),(673,310),(674,311),(675,313),(676,314),(677,NULL),(678,315),(679,316),(680,317),(681,318),(682,319),(683,320),(684,321),(685,322),(686,323),(687,324),(688,NULL),(689,325),(690,327),(691,330),(692,353),(693,361),(694,367),(695,388),(696,397),(697,417),(698,421),(699,445),(700,446),(701,450),(702,451),(703,454),(704,464),(705,494),(706,501),(707,547),(708,569),(709,747),(710,751),(711,752),(712,753),(713,755),(714,783),(715,813),(716,815),(717,816),(718,820),(719,821),(720,822),(721,823),(722,824),(723,825),(724,826),(725,827),(726,831),(727,862),(728,867),(729,873),(730,874),(731,875),(732,876),(733,877),(734,878),(735,881),(736,884),(737,885),(738,887),(739,889),(740,894),(741,943),(742,944),(743,946),(744,957),(745,967),(746,968),(747,969),(748,970),(749,971),(750,972),(751,973),(752,974),(753,976),(754,977),(755,978),(756,980),(757,982),(758,983),(759,985),(760,989),(761,1011),(762,1014),(763,1015),(764,1017),(765,1018),(766,1020),(767,1024),(768,1025),(769,1026),(770,1037),(771,1039),(772,1041),(773,1043),(774,1044),(775,1045),(776,1047),(777,1073),(778,1074),(779,1075),(780,1076),(781,1079),(782,1081),(783,1082),(784,1086),(785,1087),(786,1089),(787,1091),(788,1119),(789,1121),(790,1122),(791,1124),(792,1125),(793,1127),(794,1130),(795,1132),(796,1133),(797,1135),(798,1302),(799,1309),(800,1310),(801,1311),(802,1312),(803,1314),(804,1316),(805,1320),(806,1336),(807,1337),(808,1339),(809,1340),(810,1344),(811,1346),(812,1348),(813,1350),(814,1351),(815,1355),(816,1358),(817,1359),(818,1363),(819,1600),(820,1601),(821,1602),(822,1603),(823,1604),(824,1605),(825,1606),(826,1607),(827,1608),(828,1609),(829,1610),(830,1624),(831,1627),(832,1628),(833,1660),(834,1661),(835,1663),(836,1664),(837,1665),(838,1667),(839,1668),(840,1670),(841,1671),(842,1673),(843,1684),(844,1708),(845,1709),(846,1712),(847,1713),(848,1714),(849,1715),(850,1717),(851,1718),(852,1719),(853,1720),(854,1721),(855,1723),(856,1724),(857,1726),(858,1771),(859,1772),(860,1773),(861,1774),(862,1775),(863,1776),(864,1780),(865,1785),(866,1923),(867,1927),(868,2027),(869,2029),(870,2030),(871,2031),(872,2033),(873,2039),(874,2206),(875,2492),(876,2494),(877,2496),(878,2497),(879,2500),(880,2501),(881,2502),(882,2504),(883,2505),(884,2506),(885,2508),(886,2510),(887,2511),(888,2512),(889,2552),(890,2554),(891,2555),(892,2556),(893,2557),(894,2558),(895,2559),(896,2561),(897,2563),(898,2565),(899,2567),(900,2568),(901,2570),(902,2603),(903,2604),(904,2608),(905,2610),(906,2612),(907,2613),(908,2614),(909,2615),(910,2617),(911,2619),(912,2624),(913,2652),(914,2657),(915,2658),(916,2661),(917,2663),(918,2665),(919,2667),(920,2674),(921,2675),(922,2680),(923,2693),(924,2717),(925,2718),(926,2719),(927,2723),(928,2727),(929,2729),(930,2731),(931,2733),(932,2734),(933,2735),(934,2736),(935,2743),(936,2751),(937,2809),(938,2810),(939,2811),(940,2815),(941,2817),(942,2823),(943,2825),(944,2828),(945,2883),(946,2925),(947,2927),(948,2928),(949,2932),(950,2933),(951,2934),(952,2940),(953,2943),(954,2944),(955,2947),(956,2952),(957,2956),(958,2980),(959,2993),(960,2996),(961,2997),(962,2998),(963,3002),(964,3010),(965,3033),(966,3038),(967,3044),(968,3047),(969,3050),(970,3051),(971,3124),(972,3126),(973,3130),(974,3133),(975,3137),(976,3138),(977,3139),(978,3150),(979,3152),(980,3190),(981,3191),(982,3199),(983,3204),(984,3299),(985,3306),(986,3309),(987,3311),(988,3318),(989,3345),(990,3347),(991,3353),(992,3354),(993,3407),(994,3409),(995,3411),(996,3416),(997,3418),(998,3419),(999,3421),(1000,3426),(1001,3427),(1002,3429),(1003,3430),(1004,3458),(1005,3463),(1006,3464),(1007,3465),(1008,3466),(1009,3475),(1010,3479),(1011,3482),(1012,3483),(1013,3503),(1014,3505),(1015,3540),(1016,3544),(1017,3547),(1018,3550),(1019,3556),(1020,3560),(1021,3561),(1022,3562),(1023,3566),(1024,3570),(1025,3616),(1026,3618),(1027,3636),(1028,3717),(1029,3718),(1030,3719),(1031,3726),(1032,3727),(1033,3735),(1034,3737),(1035,3772),(1036,3777),(1037,3781),(1038,3783),(1039,3784),(1040,3788),(1041,3790),(1042,3791),(1043,3792),(1044,3796),(1045,3824),(1046,3829),(1047,3831),(1048,3844),(1049,3849),(1050,3855),(1051,3859),(1052,3897),(1053,3901),(1054,3906),(1055,3921),(1056,3931),(1057,3961),(1058,3964),(1059,3966),(1060,3967),(1061,3971),(1062,3972),(1063,3976),(1064,3980),(1065,3989),(1066,3995),(1067,4049),(1068,4059),(1069,4077),(1070,4083),(1071,4184),(1072,4187),(1073,4193),(1074,4198),(1075,4200),(1076,4202),(1077,4207),(1078,4214),(1079,4215),(1080,4245),(1081,4247),(1082,4249),(1083,4250),(1084,4254),(1085,4255),(1086,4259),(1087,4266),(1088,4267),(1089,4269),(1090,4271),(1091,4294),(1092,4295),(1093,4297),(1094,4299),(1095,4301),(1096,4308),(1097,4354),(1098,4357),(1099,4360),(1100,4361),(1101,4365),(1102,4366),(1103,4367),(1104,4374),(1105,4408),(1106,4418),(1107,4420),(1108,4421),(1109,4422),(1110,4426),(1111,4427),(1112,4433),(1113,4443),(1114,4448),(1115,4507),(1116,4511),(1117,4512),(1118,4515),(1119,4518),(1120,4523),(1121,4524),(1122,4525),(1123,4527),(1124,4545),(1125,4637),(1126,4644),(1127,4645),(1128,4646),(1129,4647),(1130,4649),(1131,4651),(1132,4653),(1133,4655),(1134,4658),(1135,4659),(1136,4664),(1137,4679),(1138,4680),(1139,4683),(1140,4686),(1141,4688),(1142,4689),(1143,4690),(1144,4691),(1145,4697),(1146,4699),(1147,4724),(1148,4725),(1149,4726),(1150,4728),(1151,4730),(1152,4732),(1153,4733),(1154,4743),(1155,4746),(1156,4748),(1157,4754),(1158,4782),(1159,4785),(1160,4787),(1161,4789),(1162,4792),(1163,4793),(1164,4795),(1165,4814),(1166,4832),(1167,4833),(1168,4836),(1169,4837),(1170,4838),(1171,4851),(1172,4856),(1173,4893),(1174,4900),(1175,4903),(1176,4920),(1177,4924),(1178,5026),(1179,5033),(1180,5035),(1181,5036),(1182,5037),(1183,5044),(1184,5047),(1185,5064),(1186,5079),(1187,5083),(1188,5087),(1189,5091),(1190,5092),(1191,5093),(1192,5096),(1193,5100),(1194,5104),(1195,5127),(1196,5128),(1197,5131),(1198,5136),(1199,5146),(1200,5149),(1201,5158),(1202,5181),(1203,5182),(1204,5185),(1205,5209),(1206,5223),(1207,5230),(1208,5231),(1209,5232),(1210,5237),(1211,5240),(1212,5297),(1213,5302),(1214,5304),(1215,5306),(1216,5310),(1217,5324),(1218,5332),(1219,5435),(1220,5436),(1221,5437),(1222,5440),(1223,5442),(1224,5443),(1225,5444),(1226,5448),(1227,5453),(1228,5479),(1229,5481),(1230,5483),(1231,5486),(1232,5487),(1233,5493),(1234,5497),(1235,5499),(1236,5501),(1237,5506),(1238,5507),(1239,5512),(1240,5517),(1241,5520),(1242,5523),(1243,5526),(1244,5528),(1245,5556),(1246,5557),(1247,5561),(1248,5564),(1249,5566),(1250,5568),(1251,5570),(1252,5574),(1253,5580),(1254,5581),(1255,5587),(1256,5613),(1257,5615),(1258,5618),(1259,5622),(1260,5623),(1261,5624),(1262,5626),(1263,5629),(1264,5630),(1265,5632),(1266,5633),(1267,5634),(1268,5640),(1269,5645),(1270,5672),(1271,5677),(1272,5678),(1273,5679),(1274,5681),(1275,5688),(1276,5690),(1277,5693),(1278,5694),(1279,5701),(1280,5703),(1281,5754),(1282,5755),(1283,5775),(1284,5776),(1285,5779),(1286,5783),(1287,5794),(1288,5799),(1289,5803),(1290,5877),(1291,5879),(1292,5890),(1293,5896),(1294,5897),(1295,5900),(1296,5903),(1297,5904),(1298,5929),(1299,5940),(1300,5942),(1301,5945),(1302,5951),(1303,5952),(1304,5957),(1305,5959),(1306,5960),(1307,5984),(1308,5985),(1309,5988),(1310,5991),(1311,5993),(1312,5998),(1313,6005),(1314,6007),(1315,6013),(1316,6023),(1317,6024),(1318,6026),(1319,6046),(1320,6047),(1321,6048),(1322,6049),(1323,6051),(1324,6059),(1325,6063),(1326,6064),(1327,6065),(1328,6066),(1329,6067),(1330,6074),(1331,6076),(1332,6083),(1333,6084),(1334,6087),(1335,6096),(1336,6126),(1337,6128),(1338,6130),(1339,6131),(1340,6132),(1341,6133),(1342,6134),(1343,6135),(1344,6138),(1345,6139),(1346,6140),(1347,6142),(1348,6145),(1349,6165),(1350,6166),(1351,6195),(1352,6221),(1353,6222),(1354,6223),(1355,6227),(1356,6229),(1357,6236),(1358,6237),(1359,6242),(1360,6243),(1361,6252),(1362,6253),(1363,6294),(1364,6296),(1365,6297),(1366,6333),(1367,6343),(1368,6344),(1369,6345),(1370,6346),(1371,6348),(1372,6350),(1373,6351),(1374,6353),(1375,6354),(1376,6364),(1377,6365),(1378,6366),(1379,6367),(1380,6368),(1381,6392),(1382,6393),(1383,6395),(1384,6397),(1385,6398),(1386,6401),(1387,6403),(1388,6406),(1389,6408),(1390,6409),(1391,6415),(1392,6422),(1393,6427),(1394,6468),(1395,6475),(1396,6476),(1397,6492),(1398,6502),(1399,6515),(1400,6686),(1401,6813),(1402,6828),(1403,6833),(1404,6834),(1405,6835),(1406,6842),(1407,6844),(1408,6867),(1409,6869),(1410,6870),(1411,6872),(1412,6873),(1413,6874),(1414,6882),(1415,6886),(1416,6888),(1417,6892),(1418,6894),(1419,6929),(1420,6930),(1421,6933),(1422,6936),(1423,6939),(1424,6948),(1425,6966),(1426,6999),(1427,7000),(1428,7001),(1429,7004),(1430,7013),(1431,7017),(1432,7030),(1433,7073),(1434,7080),(1435,7081),(1436,7083),(1437,7086),(1438,7097),(1439,7200),(1440,7201),(1441,7206),(1442,7216),(1443,7220),(1444,7221),(1445,7241),(1446,7259),(1447,7261),(1448,7263),(1449,7266),(1450,7272),(1451,7275),(1452,7285),(1453,7287),(1454,7292),(1455,7304),(1456,7326),(1457,7328),(1458,7354),(1459,7355),(1460,7369),(1461,7393),(1462,7394),(1463,7396),(1464,7397),(1465,7406),(1466,7466),(1467,7500),(1468,7546),(1469,7555),(1470,7558),(1471,7576),(1472,7682),(1473,7683),(1474,7685),(1475,10970),(1476,11619),(1477,11621);

--
-- Table structure for table `inventario`
--

CREATE TABLE `inventario` (
  `inventario_id` int(11) NOT NULL AUTO_INCREMENT,
  `inventario_tipoproducto_id` int(11) DEFAULT NULL,
  `inventario_valor` double DEFAULT NULL,
  `inventario_valorproveedor` double DEFAULT NULL,
  `inventario_refexterna` text DEFAULT NULL,
  `inventario_fechaingreso` date DEFAULT NULL,
  `inventario_fechaingresot` timestamp NULL DEFAULT NULL,
  `inventario_fechasalida` date DEFAULT NULL,
  `inventario_fechasalidat` timestamp NULL DEFAULT NULL,
  `inventario_cierrecaja` tinyint(4) DEFAULT 0,
  `inventario_cierrecaja_id` int(11) DEFAULT NULL,
  PRIMARY KEY (`inventario_id`)
) ENGINE=InnoDB AUTO_INCREMENT=675 DEFAULT CHARSET=latin1 COLLATE=latin1_swedish_ci;

--
-- Dumping data for table `inventario`
--

INSERT INTO `inventario` VALUES (1,8,17000,10500,'7702763004518','2020-11-18','2020-11-18 23:22:38','2020-11-22','2020-11-22 16:25:48',1,NULL),(2,8,17000,10500,'7702763004518','2020-11-18','2020-11-18 23:22:38','2020-11-23','2020-11-23 18:58:11',1,NULL),(3,8,17000,10500,'7702763004518','2020-11-18','2020-11-18 23:22:38','2020-12-11','2020-12-11 23:26:17',1,NULL),(4,8,17000,10500,'7702763004518','2020-11-18','2020-11-18 23:22:38','2020-12-14','2020-12-14 19:18:45',1,NULL),(5,8,17000,10500,'7702763004518','2020-11-18','2020-11-18 23:22:38','2020-12-18','2020-12-18 20:12:28',1,NULL),(6,8,17000,10500,'7702763004518','2020-11-18','2020-11-18 23:22:38','2020-12-22','2020-12-23 00:27:06',1,NULL),(7,8,17000,10500,'7702763004518','2020-11-18','2020-11-18 23:22:38','2020-12-24','2020-12-24 22:04:13',1,NULL),(8,8,17000,10500,'7702763004518','2020-11-18','2020-11-18 23:22:38','2020-12-25','2020-12-25 15:25:44',1,NULL),(9,8,17000,10500,'7702763004518','2020-11-18','2020-11-18 23:22:38','2020-12-29','2020-12-29 14:59:25',1,NULL),(10,8,17000,10500,'7702763004518','2020-11-18','2020-11-18 23:22:38','2021-01-04','2021-01-04 16:50:12',1,NULL),(11,8,17000,10500,'7702763004518','2020-11-18','2020-11-18 23:22:38','2021-01-06','2021-01-06 14:26:26',1,NULL),(12,8,17000,10500,'7702763004518','2020-11-18','2020-11-18 23:22:38','2021-01-06','2021-01-06 14:26:29',1,NULL),(13,8,17000,10500,'7702763004518','2020-11-18','2020-11-18 23:22:38','2021-01-06','2021-01-06 14:26:44',1,NULL),(14,8,17000,10500,'7702763004518','2020-11-18','2020-11-18 23:22:38','2021-01-16','2021-01-17 00:35:57',1,NULL),(15,8,17000,10500,'7702763004518','2020-11-18','2020-11-18 23:22:38','2021-01-30','2021-01-31 00:53:41',1,NULL),(16,8,17000,10500,'7702763004518','2020-11-18','2020-11-18 23:22:38','2021-02-16','2021-02-16 21:30:35',1,NULL),(17,8,17000,10500,'7702763004518','2020-11-18','2020-11-18 23:22:38','2021-03-26','2021-03-26 13:03:06',1,NULL),(18,8,17000,10500,'7702763004518','2020-11-18','2020-11-18 23:22:38','2021-04-22','2021-04-22 05:56:45',1,NULL),(19,1,15000,8500,'7709990274820','2020-11-18','2020-11-18 23:30:43','2020-11-25','2020-11-25 20:42:03',1,NULL),(20,1,15000,8500,'7709990274820','2020-11-18','2020-11-18 23:30:43','2021-02-12','2021-02-12 13:05:13',1,NULL),(21,1,15000,8500,'7709990274820','2020-11-18','2020-11-18 23:30:43','2021-02-13','2021-02-13 12:49:31',1,NULL),(22,1,15000,8500,'7709990274820','2020-11-18','2020-11-18 23:30:43','2021-02-24','2021-02-24 12:33:58',1,NULL),(23,1,15000,8500,'7709990274820','2020-11-18','2020-11-18 23:30:43','2020-12-29','2020-12-29 17:35:56',1,NULL),(24,1,15000,8500,'7709990274820','2020-11-18','2020-11-18 23:30:43','2020-12-25','2020-12-25 23:40:28',1,NULL),(25,1,15000,8500,'7709990274820','2020-11-18','2020-11-18 23:30:43','2021-02-13','2021-02-13 12:49:39',1,NULL),(26,1,15000,8500,'7709990274820','2020-11-18','2020-11-18 23:30:43','2021-05-11','2021-05-12 01:40:42',1,NULL),(27,1,15000,8500,'7709990274820','2020-11-18','2020-11-18 23:30:43','2021-06-09','2021-06-09 21:51:41',1,NULL),(28,1,15000,8500,'7709990274820','2020-11-18','2020-11-18 23:30:43','2021-06-09','2021-06-09 21:51:48',1,NULL),(29,1,15000,8500,'7709990274820','2020-11-18','2020-11-18 23:30:43','2021-02-28','2021-03-01 00:57:46',1,NULL),(30,1,15000,8500,'7709990274820','2020-11-18','2020-11-18 23:30:43','2021-02-14','2021-02-15 00:36:14',1,NULL),(31,1,15000,8500,'7709990274820','2020-11-18','2020-11-18 23:30:43','2021-03-14','2021-03-14 14:50:53',1,NULL),(32,1,15000,8500,'7709990274820','2020-11-18','2020-11-18 23:30:43','2021-06-11','2021-06-12 00:48:47',1,NULL),(33,1,15000,8500,'7709990274820','2020-11-18','2020-11-18 23:30:43','2021-01-06','2021-01-06 14:26:48',1,NULL),(34,1,15000,8500,'7709990274820','2020-11-18','2020-11-18 23:30:43','2021-02-08','2021-02-09 00:54:18',1,NULL),(35,3,10000,5500,'4591260070156','2020-11-18','2020-11-18 23:32:24','2020-12-23','2020-12-23 23:46:07',1,NULL),(36,3,10000,5500,'4591260070156','2020-11-18','2020-11-18 23:32:24','2020-12-30','2020-12-30 20:21:15',1,NULL),(37,3,10000,5500,'4591260070156','2020-11-18','2020-11-18 23:32:24','2021-02-16','2021-02-16 13:29:16',1,NULL),(38,3,10000,5500,'4591260070156','2020-11-18','2020-11-18 23:32:24','2020-12-05','2020-12-05 20:39:35',1,NULL),(39,3,10000,5500,'4591260070156','2020-11-18','2020-11-18 23:32:24','2021-02-20','2021-02-21 01:23:00',1,NULL),(40,3,10000,5500,'4591260070156','2020-11-18','2020-11-18 23:32:24','2021-01-15','2021-01-15 15:12:37',1,NULL),(41,3,10000,5500,'4591260070156','2020-11-18','2020-11-18 23:32:24','2021-02-22','2021-02-23 00:57:24',1,NULL),(42,3,10000,5500,'4591260070156','2020-11-18','2020-11-18 23:32:24','2020-12-23','2020-12-23 23:46:13',1,NULL),(43,3,10000,5500,'4591260070156','2020-11-18','2020-11-18 23:32:24','2021-01-31','2021-02-01 00:51:36',1,NULL),(44,3,10000,5500,'4591260070156','2020-11-18','2020-11-18 23:32:24','2021-02-07','2021-02-08 01:08:32',1,NULL),(45,3,10000,5500,'4591260070156','2020-11-18','2020-11-18 23:32:24','2021-02-01','2021-02-02 00:14:55',1,NULL),(46,3,10000,5500,'4591260070156','2020-11-18','2020-11-18 23:32:24','2020-12-25','2020-12-25 22:08:18',1,NULL),(47,3,10000,5500,'4591260070156','2020-11-18','2020-11-18 23:32:24','2020-12-26','2020-12-26 23:11:51',1,NULL),(48,2,5000,3000,'','2020-12-17','2020-12-17 17:46:48','2021-02-18','2021-02-19 00:46:24',1,NULL),(49,2,5000,3000,'','2020-12-17','2020-12-17 17:46:48','2021-05-02','2021-05-02 18:56:43',1,NULL),(50,1,15000,7500,'7709990274820','2021-01-01','2021-01-01 21:22:16','2021-02-14','2021-02-15 00:36:20',1,NULL),(51,1,15000,7500,'7709990274820','2021-01-01','2021-01-01 21:22:16',NULL,NULL,0,NULL),(52,1,15000,7500,'7709990274820','2021-01-01','2021-01-01 21:22:16','2021-02-14','2021-02-15 00:36:23',1,NULL),(53,1,15000,7500,'7709990274820','2021-01-01','2021-01-01 21:22:16','2021-03-28','2021-03-28 19:22:31',1,NULL),(54,1,15000,7500,'7709990274820','2021-01-01','2021-01-01 21:22:16',NULL,NULL,0,NULL),(55,1,15000,7500,'7709990274820','2021-01-01','2021-01-01 21:22:16',NULL,NULL,0,NULL),(56,1,15000,7500,'7709990274820','2021-01-01','2021-01-01 21:22:16',NULL,NULL,0,NULL),(57,1,15000,7500,'7709990274820','2021-01-01','2021-01-01 21:22:16',NULL,NULL,0,NULL),(58,1,15000,7500,'7709990274820','2021-01-01','2021-01-01 21:22:16',NULL,NULL,0,NULL),(59,1,15000,7500,'7709990274820','2021-01-01','2021-01-01 21:22:16',NULL,NULL,0,NULL),(60,1,15000,7500,'7709990274820','2021-01-01','2021-01-01 21:22:16',NULL,NULL,0,NULL),(61,1,15000,7500,'7709990274820','2021-01-01','2021-01-01 21:22:16',NULL,NULL,0,NULL),(62,1,15000,7500,'7709990274820','2021-01-01','2021-01-01 21:22:16',NULL,NULL,0,NULL),(63,1,15000,7500,'7709990274820','2021-01-01','2021-01-01 21:22:16',NULL,NULL,0,NULL),(64,1,15000,7500,'7709990274820','2021-01-01','2021-01-01 21:22:16','2021-03-20','2021-03-20 17:59:35',1,NULL),(65,1,15000,7500,'7709990274820','2021-01-01','2021-01-01 21:22:16','2021-04-15','2021-04-16 01:04:21',1,NULL),(66,1,15000,7500,'7709990274820','2021-01-01','2021-01-01 21:22:16','2021-06-07','2021-06-07 22:32:12',1,NULL),(67,1,15000,7500,'7709990274820','2021-01-01','2021-01-01 21:22:16',NULL,NULL,0,NULL),(68,1,15000,7500,'7709990274820','2021-01-01','2021-01-01 21:22:16',NULL,NULL,0,NULL),(69,1,15000,7500,'7709990274820','2021-01-01','2021-01-01 21:22:16',NULL,NULL,0,NULL),(70,1,15000,7500,'7709990274820','2021-01-01','2021-01-01 21:22:16',NULL,NULL,0,NULL),(71,3,10000,5000,'4591260070156','2021-01-01','2021-01-01 21:26:49','2021-05-06','2021-05-06 21:20:51',1,NULL),(72,3,10000,5000,'4591260070156','2021-01-01','2021-01-01 21:26:49','2021-05-06','2021-05-06 21:23:51',1,NULL),(73,3,10000,5000,'4591260070156','2021-01-01','2021-01-01 21:26:49','2021-05-11','2021-05-12 01:41:51',1,NULL),(74,3,10000,5000,'4591260070156','2021-01-01','2021-01-01 21:26:49','2021-05-16','2021-05-16 13:04:57',1,NULL),(75,3,10000,5000,'4591260070156','2021-01-01','2021-01-01 21:26:49','2021-05-14','2021-05-14 12:25:00',1,NULL),(76,3,10000,5000,'4591260070156','2021-01-01','2021-01-01 21:26:49','2021-05-21','2021-05-21 11:58:20',1,NULL),(77,3,10000,5000,'4591260070156','2021-01-01','2021-01-01 21:26:49','2021-04-03','2021-04-03 23:15:17',1,NULL),(78,3,10000,5000,'4591260070156','2021-01-01','2021-01-01 21:26:49','2021-06-05','2021-06-05 12:52:19',1,NULL),(79,3,10000,5000,'4591260070156','2021-01-01','2021-01-01 21:26:49',NULL,NULL,0,NULL),(80,3,10000,5000,'4591260070156','2021-01-01','2021-01-01 21:26:49','2021-01-04','2021-01-05 00:54:26',1,NULL),(81,3,10000,5000,'4591260070156','2021-01-01','2021-01-01 21:26:49','2021-06-13','2021-06-13 22:45:07',1,NULL),(82,3,10000,5000,'4591260070156','2021-01-01','2021-01-01 21:26:49',NULL,NULL,0,NULL),(83,3,10000,5000,'4591260070156','2021-01-01','2021-01-01 21:26:49','2021-03-14','2021-03-14 23:06:04',1,NULL),(84,3,10000,5000,'4591260070156','2021-01-01','2021-01-01 21:26:49',NULL,NULL,0,NULL),(85,3,10000,5000,'4591260070156','2021-01-01','2021-01-01 21:26:49',NULL,NULL,0,NULL),(86,3,10000,5000,'4591260070156','2021-01-01','2021-01-01 21:26:49',NULL,NULL,0,NULL),(87,3,10000,5000,'4591260070156','2021-01-01','2021-01-01 21:26:49','2021-03-19','2021-03-20 00:33:21',1,NULL),(88,3,10000,5000,'4591260070156','2021-01-01','2021-01-01 21:26:49',NULL,NULL,0,NULL),(89,3,10000,5000,'4591260070156','2021-01-01','2021-01-01 21:26:49',NULL,NULL,0,NULL),(90,3,10000,5000,'4591260070156','2021-01-01','2021-01-01 21:27:40',NULL,NULL,0,NULL),(91,11,8000,NULL,'','2021-01-20','2021-01-20 20:54:38','2021-03-29','2021-03-29 13:18:41',1,NULL),(92,11,8000,NULL,'','2021-01-20','2021-01-20 20:54:38',NULL,NULL,0,NULL),(93,11,8000,NULL,'','2021-01-20','2021-01-20 20:54:38',NULL,NULL,0,NULL),(94,11,8000,NULL,'','2021-01-20','2021-01-20 20:54:38',NULL,NULL,0,NULL),(95,11,8000,NULL,'','2021-01-20','2021-01-20 20:54:38',NULL,NULL,0,NULL),(96,11,8000,NULL,'','2021-01-20','2021-01-20 20:54:38',NULL,NULL,0,NULL),(97,11,8000,NULL,'','2021-01-20','2021-01-20 20:54:38',NULL,NULL,0,NULL),(98,11,8000,NULL,'','2021-01-20','2021-01-20 20:54:38','2021-05-06','2021-05-07 01:43:36',1,NULL),(99,11,8000,NULL,'','2021-01-20','2021-01-20 20:54:38',NULL,NULL,0,NULL),(100,11,8000,NULL,'','2021-01-20','2021-01-20 20:54:38',NULL,NULL,0,NULL),(101,11,8000,NULL,'','2021-01-20','2021-01-20 20:54:38',NULL,NULL,0,NULL),(102,11,8000,NULL,'','2021-01-20','2021-01-20 20:54:38',NULL,NULL,0,NULL),(103,11,8000,NULL,'','2021-01-20','2021-01-20 20:54:38',NULL,NULL,0,NULL),(104,11,8000,NULL,'','2021-01-20','2021-01-20 20:54:38',NULL,NULL,0,NULL),(105,11,8000,NULL,'','2021-01-20','2021-01-20 20:54:38','2021-03-03','2021-03-03 13:01:00',1,NULL),(106,11,8000,NULL,'','2021-01-20','2021-01-20 20:54:38','2021-03-03','2021-03-03 13:01:12',1,NULL),(107,11,8000,NULL,'','2021-01-20','2021-01-20 20:54:38','2021-03-03','2021-03-03 13:01:21',1,NULL),(108,11,8000,NULL,'','2021-01-20','2021-01-20 20:54:38','2021-03-03','2021-03-03 13:01:27',1,NULL),(109,11,8000,NULL,'','2021-01-20','2021-01-20 20:54:38','2021-03-03','2021-03-03 13:01:40',1,NULL),(110,11,8000,NULL,'','2021-01-20','2021-01-20 20:54:38','2021-03-04','2021-03-04 14:41:07',1,NULL),(111,11,8000,NULL,'','2021-01-20','2021-01-20 20:54:38',NULL,NULL,0,NULL),(112,11,8000,NULL,'','2021-01-20','2021-01-20 20:54:38',NULL,NULL,0,NULL),(113,11,8000,NULL,'','2021-01-20','2021-01-20 20:54:38','2021-03-14','2021-03-15 01:47:53',1,NULL),(114,11,8000,NULL,'','2021-01-20','2021-01-20 20:54:38',NULL,NULL,0,NULL),(115,11,8000,NULL,'','2021-01-20','2021-01-20 20:54:38','2021-03-19','2021-03-20 00:33:50',1,NULL),(116,11,8000,NULL,'','2021-01-20','2021-01-20 20:54:38',NULL,NULL,0,NULL),(117,11,8000,NULL,'','2021-01-20','2021-01-20 20:54:38','2021-03-20','2021-03-21 00:51:14',1,NULL),(118,11,8000,NULL,'','2021-01-20','2021-01-20 20:54:38','2021-03-22','2021-03-22 13:59:02',1,NULL),(119,11,8000,NULL,'','2021-01-20','2021-01-20 20:54:38','2021-03-22','2021-03-22 13:59:18',1,NULL),(120,11,8000,NULL,'','2021-01-20','2021-01-20 20:54:38','2021-03-22','2021-03-23 01:04:07',1,NULL),(121,11,8000,NULL,'','2021-01-20','2021-01-20 20:54:38','2021-03-22','2021-03-23 01:14:10',1,NULL),(122,11,8000,NULL,'','2021-01-20','2021-01-20 20:54:38','2021-02-21','2021-02-22 01:36:15',1,NULL),(123,11,8000,NULL,'','2021-01-20','2021-01-20 20:54:38','2021-03-21','2021-03-21 21:41:00',1,NULL),(124,11,8000,NULL,'','2021-01-20','2021-01-20 20:54:38','2021-03-25','2021-03-25 13:41:03',1,NULL),(125,11,8000,NULL,'','2021-01-20','2021-01-20 20:54:38','2021-02-26','2021-02-27 01:00:16',1,NULL),(126,11,8000,NULL,'','2021-01-20','2021-01-20 20:54:38','2021-03-26','2021-03-26 13:03:03',1,NULL),(127,11,8000,NULL,'','2021-01-20','2021-01-20 20:54:38',NULL,NULL,0,NULL),(128,11,8000,NULL,'','2021-01-20','2021-01-20 20:54:38','2021-03-26','2021-03-27 01:12:24',1,NULL),(129,11,8000,NULL,'','2021-01-20','2021-01-20 20:54:38','2021-03-27','2021-03-27 18:44:52',1,NULL),(130,11,8000,NULL,'','2021-01-20','2021-01-20 20:54:38',NULL,NULL,0,NULL),(131,11,8000,NULL,'','2021-01-20','2021-01-20 20:54:38','2021-03-28','2021-03-29 01:41:47',1,NULL),(132,11,8000,NULL,'','2021-01-20','2021-01-20 20:54:38','2021-03-03','2021-03-04 00:34:46',1,NULL),(133,11,8000,NULL,'','2021-01-20','2021-01-20 20:54:38',NULL,NULL,0,NULL),(134,11,8000,NULL,'','2021-01-20','2021-01-20 20:54:38','2021-03-05','2021-03-06 00:23:21',1,NULL),(135,11,8000,NULL,'','2021-01-20','2021-01-20 20:54:38','2021-03-08','2021-03-09 01:46:56',1,NULL),(136,11,8000,NULL,'','2021-01-20','2021-01-20 20:54:38','2021-03-06','2021-03-06 16:15:56',1,NULL),(137,11,8000,NULL,'','2021-01-20','2021-01-20 20:54:38','2021-03-13','2021-03-14 01:11:38',1,NULL),(138,11,8000,NULL,'','2021-01-20','2021-01-20 20:54:38','2021-03-30','2021-03-31 00:13:39',1,NULL),(139,11,8000,NULL,'','2021-01-20','2021-01-20 20:54:38','2021-02-16','2021-02-16 21:30:33',1,NULL),(140,11,8000,NULL,'','2021-01-20','2021-01-20 20:54:38',NULL,NULL,0,NULL),(141,11,8000,NULL,'','2021-01-20','2021-01-20 20:54:38','2021-04-08','2021-04-09 01:06:26',1,NULL),(142,11,8000,NULL,'','2021-01-20','2021-01-20 20:54:38','2021-03-15','2021-03-16 00:02:56',1,NULL),(143,11,8000,NULL,'','2021-01-20','2021-01-20 20:54:38','2021-02-21','2021-02-22 01:20:11',1,NULL),(144,11,8000,NULL,'','2021-01-20','2021-01-20 20:54:38','2021-02-21','2021-02-22 01:22:50',1,NULL),(145,11,8000,NULL,'','2021-01-20','2021-01-20 20:54:38','2021-02-21','2021-02-22 01:22:54',1,NULL),(146,11,8000,NULL,'','2021-01-20','2021-01-20 20:54:38','2021-03-15','2021-03-16 01:12:37',1,NULL),(147,11,8000,NULL,'','2021-01-20','2021-01-20 20:54:38','2021-01-21','2021-01-21 15:25:21',1,NULL),(148,11,8000,NULL,'','2021-01-20','2021-01-20 20:54:38','2021-03-18','2021-03-18 23:45:45',1,NULL),(149,11,8000,NULL,'','2021-01-20','2021-01-20 20:54:38','2021-03-18','2021-03-18 14:26:27',1,NULL),(150,11,8000,NULL,'','2021-01-20','2021-01-20 20:54:38','2021-02-24','2021-02-25 00:41:26',1,NULL),(151,11,8000,NULL,'','2021-01-20','2021-01-20 20:54:38','2021-03-19','2021-03-20 00:33:17',1,NULL),(152,11,8000,NULL,'','2021-01-20','2021-01-20 20:54:38',NULL,NULL,0,NULL),(153,11,8000,NULL,'','2021-01-20','2021-01-20 20:54:38',NULL,NULL,0,NULL),(154,11,8000,NULL,'','2021-01-20','2021-01-20 20:54:38',NULL,NULL,0,NULL),(155,11,8000,NULL,'','2021-01-20','2021-01-20 20:54:38',NULL,NULL,0,NULL),(156,11,8000,NULL,'','2021-01-20','2021-01-20 20:54:38','2021-03-21','2021-03-21 14:44:47',1,NULL),(157,11,8000,NULL,'','2021-01-20','2021-01-20 20:54:38',NULL,NULL,0,NULL),(158,11,8000,NULL,'','2021-01-20','2021-01-20 20:54:38',NULL,NULL,0,NULL),(159,11,8000,NULL,'','2021-01-20','2021-01-20 20:54:38','2021-02-15','2021-02-16 01:11:57',1,NULL),(160,11,8000,NULL,'','2021-01-20','2021-01-20 20:54:38',NULL,NULL,0,NULL),(161,11,8000,NULL,'','2021-01-20','2021-01-20 20:54:38',NULL,NULL,0,NULL),(162,11,8000,NULL,'','2021-01-20','2021-01-20 20:54:38',NULL,NULL,0,NULL),(163,11,8000,NULL,'','2021-01-20','2021-01-20 20:54:38','2021-03-06','2021-03-07 01:20:48',1,NULL),(164,11,8000,NULL,'','2021-01-20','2021-01-20 20:54:38',NULL,NULL,0,NULL),(165,11,8000,NULL,'','2021-01-20','2021-01-20 20:54:38','2021-03-09','2021-03-10 01:12:50',1,NULL),(166,11,8000,NULL,'','2021-01-20','2021-01-20 20:54:38','2021-03-11','2021-03-11 22:42:28',1,NULL),(167,11,8000,NULL,'','2021-01-20','2021-01-20 20:54:38',NULL,NULL,0,NULL),(168,11,8000,NULL,'','2021-01-20','2021-01-20 20:54:38',NULL,NULL,0,NULL),(169,11,8000,NULL,'','2021-01-20','2021-01-20 20:54:38','2021-02-22','2021-02-22 13:36:29',1,NULL),(170,11,8000,NULL,'','2021-01-20','2021-01-20 20:54:38',NULL,NULL,0,NULL),(171,11,8000,NULL,'','2021-01-20','2021-01-20 20:54:38','2021-02-04','2021-02-04 13:25:27',1,NULL),(172,11,8000,NULL,'','2021-01-20','2021-01-20 20:54:38','2021-02-04','2021-02-04 13:25:44',1,NULL),(173,11,8000,NULL,'','2021-01-20','2021-01-20 20:54:38','2021-02-04','2021-02-04 13:25:56',1,NULL),(174,11,8000,NULL,'','2021-01-20','2021-01-20 20:54:38','2021-02-06','2021-02-06 13:39:40',1,NULL),(175,11,8000,NULL,'','2021-01-20','2021-01-20 20:54:38','2021-02-07','2021-02-08 01:08:15',1,NULL),(176,11,8000,NULL,'','2021-01-20','2021-01-20 20:54:38','2021-02-07','2021-02-08 01:08:24',1,NULL),(177,11,8000,NULL,'','2021-01-20','2021-01-20 20:54:38','2021-02-23','2021-02-24 00:51:51',1,NULL),(178,11,8000,NULL,'','2021-01-20','2021-01-20 20:54:38','2021-02-08','2021-02-08 14:07:54',1,NULL),(179,11,8000,NULL,'','2021-01-20','2021-01-20 20:54:38',NULL,NULL,0,NULL),(180,11,8000,NULL,'','2021-01-20','2021-01-20 20:54:38','2021-02-09','2021-02-09 13:08:55',1,NULL),(181,11,8000,NULL,'','2021-01-20','2021-01-20 20:54:38','2021-02-11','2021-02-11 12:48:06',1,NULL),(182,11,8000,NULL,'','2021-01-20','2021-01-20 20:54:38',NULL,NULL,0,NULL),(183,11,8000,NULL,'','2021-01-20','2021-01-20 20:54:38',NULL,NULL,0,NULL),(184,11,8000,NULL,'','2021-01-20','2021-01-20 20:54:38','2021-02-28','2021-03-01 00:45:37',1,NULL),(185,11,8000,NULL,'','2021-01-20','2021-01-20 20:54:38',NULL,NULL,0,NULL),(186,11,8000,NULL,'','2021-01-20','2021-01-20 20:54:38','2021-03-29','2021-03-30 00:42:02',1,NULL),(187,11,8000,NULL,'','2021-01-20','2021-01-20 20:54:38',NULL,NULL,0,NULL),(188,11,8000,NULL,'','2021-01-20','2021-01-20 20:54:38','2021-02-14','2021-02-15 00:36:35',1,NULL),(189,11,8000,NULL,'','2021-01-20','2021-01-20 20:54:38','2021-01-31','2021-01-31 23:46:01',1,NULL),(190,11,8000,NULL,'','2021-01-20','2021-01-20 20:54:38','2021-01-31','2021-01-31 23:46:12',1,NULL),(191,11,8000,NULL,'','2021-01-20','2021-01-20 20:54:38','2021-02-14','2021-02-15 00:43:47',1,NULL),(192,11,8000,NULL,'','2021-01-20','2021-01-20 20:54:38','2021-02-01','2021-02-01 13:59:43',1,NULL),(193,11,8000,NULL,'','2021-01-20','2021-01-20 20:54:38','2021-02-01','2021-02-01 21:20:36',1,NULL),(194,11,8000,NULL,'','2021-01-20','2021-01-20 20:54:38','2021-02-01','2021-02-02 00:13:20',1,NULL),(195,11,8000,NULL,'','2021-01-20','2021-01-20 20:54:38','2021-02-01','2021-02-02 00:13:27',1,NULL),(196,11,8000,NULL,'','2021-01-20','2021-01-20 20:54:38','2021-02-15','2021-02-16 01:11:40',1,NULL),(197,11,8000,NULL,'','2021-01-20','2021-01-20 20:54:38','2021-02-02','2021-02-02 13:36:58',1,NULL),(198,11,8000,NULL,'','2021-01-20','2021-01-20 20:54:38','2021-02-15','2021-02-15 13:43:21',1,NULL),(199,11,8000,NULL,'','2021-01-20','2021-01-20 20:54:38','2021-02-15','2021-02-16 01:11:46',1,NULL),(200,12,6000,NULL,'','2021-01-20','2021-01-20 20:55:05',NULL,NULL,0,NULL),(201,12,6000,NULL,'','2021-01-20','2021-01-20 20:55:05','2021-02-05','2021-02-06 00:30:40',1,NULL),(202,12,6000,NULL,'','2021-01-20','2021-01-20 20:55:05',NULL,NULL,0,NULL),(203,12,6000,NULL,'','2021-01-20','2021-01-20 20:55:05',NULL,NULL,0,NULL),(204,12,6000,NULL,'','2021-01-20','2021-01-20 20:55:05',NULL,NULL,0,NULL),(205,12,6000,NULL,'','2021-01-20','2021-01-20 20:55:05',NULL,NULL,0,NULL),(206,12,6000,NULL,'','2021-01-20','2021-01-20 20:55:05',NULL,NULL,0,NULL),(207,12,6000,NULL,'','2021-01-20','2021-01-20 20:55:05',NULL,NULL,0,NULL),(208,12,6000,NULL,'','2021-01-20','2021-01-20 20:55:05',NULL,NULL,0,NULL),(209,12,6000,NULL,'','2021-01-20','2021-01-20 20:55:05',NULL,NULL,0,NULL),(210,12,6000,NULL,'','2021-01-20','2021-01-20 20:55:05',NULL,NULL,0,NULL),(211,12,6000,NULL,'','2021-01-20','2021-01-20 20:55:05',NULL,NULL,0,NULL),(212,12,6000,NULL,'','2021-01-20','2021-01-20 20:55:05','2021-03-26','2021-03-26 13:02:50',1,NULL),(213,12,6000,NULL,'','2021-01-20','2021-01-20 20:55:05',NULL,NULL,0,NULL),(214,12,6000,NULL,'','2021-01-20','2021-01-20 20:55:05',NULL,NULL,0,NULL),(215,12,6000,NULL,'','2021-01-20','2021-01-20 20:55:05',NULL,NULL,0,NULL),(216,12,6000,NULL,'','2021-01-20','2021-01-20 20:55:05','2021-02-26','2021-02-26 13:11:21',1,NULL),(217,12,6000,NULL,'','2021-01-20','2021-01-20 20:55:05',NULL,NULL,0,NULL),(218,12,6000,NULL,'','2021-01-20','2021-01-20 20:55:05',NULL,NULL,0,NULL),(219,12,6000,NULL,'','2021-01-20','2021-01-20 20:55:05',NULL,NULL,0,NULL),(220,12,6000,NULL,'','2021-01-20','2021-01-20 20:55:05',NULL,NULL,0,NULL),(221,12,6000,NULL,'','2021-01-20','2021-01-20 20:55:05',NULL,NULL,0,NULL),(222,12,6000,NULL,'','2021-01-20','2021-01-20 20:55:05','2021-02-15','2021-02-16 01:12:02',1,NULL),(223,12,6000,NULL,'','2021-01-20','2021-01-20 20:55:05',NULL,NULL,0,NULL),(224,12,6000,NULL,'','2021-01-20','2021-01-20 20:55:05','2021-04-01','2021-04-01 09:43:52',1,NULL),(225,12,6000,NULL,'','2021-01-20','2021-01-20 20:55:05',NULL,NULL,0,NULL),(226,12,6000,NULL,'','2021-01-20','2021-01-20 20:55:05',NULL,NULL,0,NULL),(227,12,6000,NULL,'','2021-01-20','2021-01-20 20:55:05',NULL,NULL,0,NULL),(228,12,6000,NULL,'','2021-01-20','2021-01-20 20:55:05',NULL,NULL,0,NULL),(229,12,6000,NULL,'','2021-01-20','2021-01-20 20:55:05',NULL,NULL,0,NULL),(230,12,6000,NULL,'','2021-01-20','2021-01-20 20:55:06','2021-02-21','2021-02-22 01:20:20',1,NULL),(231,12,6000,NULL,'','2021-01-20','2021-01-20 20:55:06','2021-03-06','2021-03-06 16:16:01',1,NULL),(232,12,6000,NULL,'','2021-01-20','2021-01-20 20:55:06',NULL,NULL,0,NULL),(233,12,6000,NULL,'','2021-01-20','2021-01-20 20:55:06',NULL,NULL,0,NULL),(234,12,6000,NULL,'','2021-01-20','2021-01-20 20:55:06',NULL,NULL,0,NULL),(235,12,6000,NULL,'','2021-01-20','2021-01-20 20:55:06',NULL,NULL,0,NULL),(236,12,6000,NULL,'','2021-01-20','2021-01-20 20:55:06',NULL,NULL,0,NULL),(237,12,6000,NULL,'','2021-01-20','2021-01-20 20:55:06',NULL,NULL,0,NULL),(238,12,6000,NULL,'','2021-01-20','2021-01-20 20:55:06',NULL,NULL,0,NULL),(239,12,6000,NULL,'','2021-01-20','2021-01-20 20:55:06',NULL,NULL,0,NULL),(240,12,6000,NULL,'','2021-01-20','2021-01-20 20:55:06',NULL,NULL,0,NULL),(241,12,6000,NULL,'','2021-01-20','2021-01-20 20:55:06',NULL,NULL,0,NULL),(242,12,6000,NULL,'','2021-01-20','2021-01-20 20:55:06',NULL,NULL,0,NULL),(243,12,6000,NULL,'','2021-01-20','2021-01-20 20:55:06',NULL,NULL,0,NULL),(244,12,6000,NULL,'','2021-01-20','2021-01-20 20:55:06',NULL,NULL,0,NULL),(245,12,6000,NULL,'','2021-01-20','2021-01-20 20:55:06',NULL,NULL,0,NULL),(246,12,6000,NULL,'','2021-01-20','2021-01-20 20:55:06',NULL,NULL,0,NULL),(247,12,6000,NULL,'','2021-01-20','2021-01-20 20:55:06',NULL,NULL,0,NULL),(248,12,6000,NULL,'','2021-01-20','2021-01-20 20:55:06',NULL,NULL,0,NULL),(249,12,6000,NULL,'','2021-01-20','2021-01-20 20:55:06',NULL,NULL,0,NULL),(250,12,6000,NULL,'','2021-01-20','2021-01-20 20:55:06',NULL,NULL,0,NULL),(251,12,6000,NULL,'','2021-01-20','2021-01-20 20:55:06',NULL,NULL,0,NULL),(252,12,6000,NULL,'','2021-01-20','2021-01-20 20:55:06',NULL,NULL,0,NULL),(253,12,6000,NULL,'','2021-01-20','2021-01-20 20:55:06',NULL,NULL,0,NULL),(254,12,6000,NULL,'','2021-01-20','2021-01-20 20:55:06',NULL,NULL,0,NULL),(255,12,6000,NULL,'','2021-01-20','2021-01-20 20:55:06',NULL,NULL,0,NULL),(256,12,6000,NULL,'','2021-01-20','2021-01-20 20:55:06',NULL,NULL,0,NULL),(257,12,6000,NULL,'','2021-01-20','2021-01-20 20:55:06',NULL,NULL,0,NULL),(258,12,6000,NULL,'','2021-01-20','2021-01-20 20:55:06',NULL,NULL,0,NULL),(259,12,6000,NULL,'','2021-01-20','2021-01-20 20:55:06',NULL,NULL,0,NULL),(260,13,8000,NULL,'','2021-01-20','2021-01-20 20:55:29',NULL,NULL,0,NULL),(261,13,8000,NULL,'','2021-01-20','2021-01-20 20:55:29',NULL,NULL,0,NULL),(262,13,8000,NULL,'','2021-01-20','2021-01-20 20:55:29',NULL,NULL,0,NULL),(263,13,8000,NULL,'','2021-01-20','2021-01-20 20:55:29',NULL,NULL,0,NULL),(264,13,8000,NULL,'','2021-01-20','2021-01-20 20:55:29',NULL,NULL,0,NULL),(265,13,8000,NULL,'','2021-01-20','2021-01-20 20:55:29',NULL,NULL,0,NULL),(266,13,8000,NULL,'','2021-01-20','2021-01-20 20:55:29','2021-03-31','2021-03-31 13:02:58',1,NULL),(267,13,8000,NULL,'','2021-01-20','2021-01-20 20:55:29','2021-03-31','2021-03-31 13:03:13',1,NULL),(268,13,8000,NULL,'','2021-01-20','2021-01-20 20:55:29','2021-03-31','2021-03-31 13:03:21',1,NULL),(269,13,8000,NULL,'','2021-01-20','2021-01-20 20:55:29','2021-01-29','2021-01-29 16:05:06',1,NULL),(270,13,8000,NULL,'','2021-01-20','2021-01-20 20:55:29','2021-06-17','2021-06-18 01:58:28',1,NULL),(271,13,8000,NULL,'','2021-01-20','2021-01-20 20:55:29','2021-04-01','2021-04-01 17:01:19',1,NULL),(272,13,8000,NULL,'','2021-01-20','2021-01-20 20:55:29','2021-04-01','2021-04-01 17:01:39',1,NULL),(273,13,8000,NULL,'','2021-01-20','2021-01-20 20:55:29','2021-04-01','2021-04-01 17:02:28',1,NULL),(274,13,8000,NULL,'','2021-01-20','2021-01-20 20:55:29','2021-04-02','2021-04-02 14:24:43',1,NULL),(275,13,8000,NULL,'','2021-01-20','2021-01-20 20:55:29','2021-04-02','2021-04-02 14:26:09',1,NULL),(276,13,8000,NULL,'','2021-01-20','2021-01-20 20:55:29','2021-04-02','2021-04-02 14:26:16',1,NULL),(277,13,8000,NULL,'','2021-01-20','2021-01-20 20:55:29','2021-04-02','2021-04-02 14:27:01',1,NULL),(278,13,8000,NULL,'','2021-01-20','2021-01-20 20:55:29','2021-04-02','2021-04-02 14:27:08',1,NULL),(279,13,8000,NULL,'','2021-01-20','2021-01-20 20:55:29',NULL,NULL,0,NULL),(280,13,8000,NULL,'','2021-01-20','2021-01-20 20:55:29',NULL,NULL,0,NULL),(281,13,8000,NULL,'','2021-01-20','2021-01-20 20:55:29','2021-04-11','2021-04-12 00:28:52',1,NULL),(282,13,8000,NULL,'','2021-01-20','2021-01-20 20:55:29','2021-04-14','2021-04-14 13:03:08',1,NULL),(283,13,8000,NULL,'','2021-01-20','2021-01-20 20:55:29',NULL,NULL,0,NULL),(284,13,8000,NULL,'','2021-01-20','2021-01-20 20:55:29','2021-02-06','2021-02-06 19:36:51',1,NULL),(285,13,8000,NULL,'','2021-01-20','2021-01-20 20:55:29','2021-04-28','2021-04-29 01:57:59',1,NULL),(286,13,8000,NULL,'','2021-01-20','2021-01-20 20:55:29',NULL,NULL,0,NULL),(287,13,8000,NULL,'','2021-01-20','2021-01-20 20:55:29','2021-05-04','2021-05-05 01:14:33',1,NULL),(288,13,8000,NULL,'','2021-01-20','2021-01-20 20:55:29','2021-05-02','2021-05-03 00:26:55',1,NULL),(289,13,8000,NULL,'','2021-01-20','2021-01-20 20:55:29',NULL,NULL,0,NULL),(290,13,8000,NULL,'','2021-01-20','2021-01-20 20:55:29','2021-05-04','2021-05-05 01:14:38',1,NULL),(291,13,8000,NULL,'','2021-01-20','2021-01-20 20:55:29','2021-05-05','2021-05-06 00:10:00',1,NULL),(292,13,8000,NULL,'','2021-01-20','2021-01-20 20:55:29',NULL,NULL,0,NULL),(293,13,8000,NULL,'','2021-01-20','2021-01-20 20:55:29',NULL,NULL,0,NULL),(294,13,8000,NULL,'','2021-01-20','2021-01-20 20:55:29','2021-05-07','2021-05-08 02:07:44',1,NULL),(295,13,8000,NULL,'','2021-01-20','2021-01-20 20:55:29',NULL,NULL,0,NULL),(296,13,8000,NULL,'','2021-01-20','2021-01-20 20:55:29',NULL,NULL,0,NULL),(297,13,8000,NULL,'','2021-01-20','2021-01-20 20:55:29',NULL,NULL,0,NULL),(298,13,8000,NULL,'','2021-01-20','2021-01-20 20:55:29','2021-05-11','2021-05-12 01:42:36',1,NULL),(299,13,8000,NULL,'','2021-01-20','2021-01-20 20:55:29','2021-05-13','2021-05-13 09:21:24',1,NULL),(300,13,8000,NULL,'','2021-01-20','2021-01-20 20:55:29',NULL,NULL,0,NULL),(301,13,8000,NULL,'','2021-01-20','2021-01-20 20:55:29',NULL,NULL,0,NULL),(302,13,8000,NULL,'','2021-01-20','2021-01-20 20:55:29','2021-05-18','2021-05-18 12:21:01',1,NULL),(303,13,8000,NULL,'','2021-01-20','2021-01-20 20:55:29','2021-05-08','2021-05-09 01:04:28',1,NULL),(304,13,8000,NULL,'','2021-01-20','2021-01-20 20:55:29','2021-04-14','2021-04-15 02:01:31',1,NULL),(305,13,8000,NULL,'','2021-01-20','2021-01-20 20:55:29',NULL,NULL,0,NULL),(306,13,8000,NULL,'','2021-01-20','2021-01-20 20:55:29','2021-04-21','2021-04-21 12:20:17',1,NULL),(307,13,8000,NULL,'','2021-01-20','2021-01-20 20:55:29','2021-05-23','2021-05-23 12:19:36',1,NULL),(308,13,8000,NULL,'','2021-01-20','2021-01-20 20:55:29','2021-04-25','2021-04-25 13:12:35',1,NULL),(309,13,8000,NULL,'','2021-01-20','2021-01-20 20:55:29','2021-04-25','2021-04-25 13:12:47',1,NULL),(310,13,8000,NULL,'','2021-01-20','2021-01-20 20:55:29','2021-06-02','2021-06-03 02:56:27',1,NULL),(311,13,8000,NULL,'','2021-01-20','2021-01-20 20:55:29','2021-05-02','2021-05-02 18:55:09',1,NULL),(312,13,8000,NULL,'','2021-01-20','2021-01-20 20:55:29','2021-05-31','2021-05-31 12:38:11',1,NULL),(313,13,8000,NULL,'','2021-01-20','2021-01-20 20:55:29',NULL,NULL,0,NULL),(314,15,8000,NULL,'','2021-01-20','2021-01-20 20:55:50','2021-03-07','2021-03-08 00:15:21',1,NULL),(315,15,8000,NULL,'','2021-01-20','2021-01-20 20:55:50',NULL,NULL,0,NULL),(316,15,8000,NULL,'','2021-01-20','2021-01-20 20:55:50','2021-06-08','2021-06-08 11:44:51',1,NULL),(317,15,8000,NULL,'','2021-01-20','2021-01-20 20:55:50',NULL,NULL,0,NULL),(318,15,8000,NULL,'','2021-01-20','2021-01-20 20:55:50','2021-05-09','2021-05-09 20:52:32',1,NULL),(319,15,8000,NULL,'','2021-01-20','2021-01-20 20:55:50',NULL,NULL,0,NULL),(320,15,8000,NULL,'','2021-01-20','2021-01-20 20:55:50',NULL,NULL,0,NULL),(321,15,8000,NULL,'','2021-01-20','2021-01-20 20:55:50','2021-03-28','2021-03-28 19:22:06',1,NULL),(322,15,8000,NULL,'','2021-01-20','2021-01-20 20:55:50','2021-04-29','2021-04-29 21:22:20',1,NULL),(323,15,8000,NULL,'','2021-01-20','2021-01-20 20:55:50','2021-04-03','2021-04-03 23:15:25',1,NULL),(324,15,8000,NULL,'','2021-01-20','2021-01-20 20:55:50',NULL,NULL,0,NULL),(325,15,8000,NULL,'','2021-01-20','2021-01-20 20:55:50',NULL,NULL,0,NULL),(326,15,8000,NULL,'','2021-01-20','2021-01-20 20:55:50',NULL,NULL,0,NULL),(327,15,8000,NULL,'','2021-01-20','2021-01-20 20:55:50',NULL,NULL,0,NULL),(328,15,8000,NULL,'','2021-01-20','2021-01-20 20:55:50','2021-04-20','2021-04-21 01:57:15',1,NULL),(329,15,8000,NULL,'','2021-01-20','2021-01-20 20:55:50','2021-04-20','2021-04-20 13:55:39',1,NULL),(330,15,8000,NULL,'','2021-01-20','2021-01-20 20:55:50',NULL,NULL,0,NULL),(331,15,8000,NULL,'','2021-01-20','2021-01-20 20:55:50',NULL,NULL,0,NULL),(332,15,8000,NULL,'','2021-01-20','2021-01-20 20:55:50',NULL,NULL,0,NULL),(333,15,8000,NULL,'','2021-01-20','2021-01-20 20:55:50',NULL,NULL,0,NULL),(334,15,8000,NULL,'','2021-01-20','2021-01-20 20:55:50','2021-05-14','2021-05-14 12:26:38',1,NULL),(335,15,8000,NULL,'','2021-01-20','2021-01-20 20:55:50','2021-03-07','2021-03-07 15:25:47',1,NULL),(336,15,8000,NULL,'','2021-01-20','2021-01-20 20:55:50','2021-05-09','2021-05-10 01:34:02',1,NULL),(337,15,8000,NULL,'','2021-01-20','2021-01-20 20:55:50','2021-05-14','2021-05-14 12:27:19',1,NULL),(338,15,8000,NULL,'','2021-01-20','2021-01-20 20:55:50',NULL,NULL,0,NULL),(339,15,8000,NULL,'','2021-01-20','2021-01-20 20:55:50',NULL,NULL,0,NULL),(340,15,8000,NULL,'','2021-01-20','2021-01-20 20:55:50','2021-06-17','2021-06-18 01:58:23',1,NULL),(341,15,8000,NULL,'','2021-01-20','2021-01-20 20:55:50','2021-05-21','2021-05-21 11:58:25',1,NULL),(342,15,8000,NULL,'','2021-01-20','2021-01-20 20:55:50','2021-05-22','2021-05-22 11:10:11',1,NULL),(343,15,8000,NULL,'','2021-01-20','2021-01-20 20:55:50',NULL,NULL,0,NULL),(344,15,8000,NULL,'','2021-01-20','2021-01-20 20:55:50','2021-06-06','2021-06-06 11:34:05',1,NULL),(345,15,8000,NULL,'','2021-01-20','2021-01-20 20:55:50',NULL,NULL,0,NULL),(346,15,8000,NULL,'','2021-01-20','2021-01-20 20:55:50',NULL,NULL,0,NULL),(347,15,8000,NULL,'','2021-01-20','2021-01-20 20:55:50',NULL,NULL,0,NULL),(348,15,8000,NULL,'','2021-01-20','2021-01-20 20:55:50',NULL,NULL,0,NULL),(349,15,8000,NULL,'','2021-01-20','2021-01-20 20:55:50','2021-06-08','2021-06-08 11:43:13',1,NULL),(350,15,8000,NULL,'','2021-01-20','2021-01-20 20:55:50','2021-04-15','2021-04-16 01:04:34',1,NULL),(351,15,8000,NULL,'','2021-01-20','2021-01-20 20:55:50',NULL,NULL,0,NULL),(352,15,8000,NULL,'','2021-01-20','2021-01-20 20:55:50',NULL,NULL,0,NULL),(353,15,8000,NULL,'','2021-01-20','2021-01-20 20:55:50',NULL,NULL,0,NULL),(354,15,8000,NULL,'','2021-01-20','2021-01-20 20:55:50',NULL,NULL,0,NULL),(355,15,8000,NULL,'','2021-01-20','2021-01-20 20:55:50',NULL,NULL,0,NULL),(356,15,8000,NULL,'','2021-01-20','2021-01-20 20:55:50',NULL,NULL,0,NULL),(357,15,8000,NULL,'','2021-01-20','2021-01-20 20:55:50',NULL,NULL,0,NULL),(358,15,8000,NULL,'','2021-01-20','2021-01-20 20:55:50',NULL,NULL,0,NULL),(359,15,8000,NULL,'','2021-01-20','2021-01-20 20:55:50',NULL,NULL,0,NULL),(360,15,8000,NULL,'','2021-01-20','2021-01-20 20:55:50',NULL,NULL,0,NULL),(361,15,8000,NULL,'','2021-01-20','2021-01-20 20:55:50','2021-05-19','2021-05-19 12:08:06',1,NULL),(362,15,8000,NULL,'','2021-01-20','2021-01-20 20:55:50',NULL,NULL,0,NULL),(363,15,8000,NULL,'','2021-01-20','2021-01-20 20:55:50',NULL,NULL,0,NULL),(364,15,8000,NULL,'','2021-01-20','2021-01-20 20:55:50',NULL,NULL,0,NULL),(365,16,6000,NULL,'','2021-01-20','2021-01-20 20:56:09',NULL,NULL,0,NULL),(366,16,6000,NULL,'','2021-01-20','2021-01-20 20:56:09',NULL,NULL,0,NULL),(367,16,6000,NULL,'','2021-01-20','2021-01-20 20:56:09',NULL,NULL,0,NULL),(368,16,6000,NULL,'','2021-01-20','2021-01-20 20:56:09',NULL,NULL,0,NULL),(369,16,6000,NULL,'','2021-01-20','2021-01-20 20:56:09',NULL,NULL,0,NULL),(370,16,6000,NULL,'','2021-01-20','2021-01-20 20:56:09',NULL,NULL,0,NULL),(371,16,6000,NULL,'','2021-01-20','2021-01-20 20:56:09',NULL,NULL,0,NULL),(372,16,6000,NULL,'','2021-01-20','2021-01-20 20:56:09',NULL,NULL,0,NULL),(373,16,6000,NULL,'','2021-01-20','2021-01-20 20:56:09',NULL,NULL,0,NULL),(374,16,6000,NULL,'','2021-01-20','2021-01-20 20:56:09',NULL,NULL,0,NULL),(375,16,6000,NULL,'','2021-01-20','2021-01-20 20:56:09',NULL,NULL,0,NULL),(376,16,6000,NULL,'','2021-01-20','2021-01-20 20:56:09',NULL,NULL,0,NULL),(377,16,6000,NULL,'','2021-01-20','2021-01-20 20:56:09','2021-03-21','2021-03-21 14:44:24',1,NULL),(378,16,6000,NULL,'','2021-01-20','2021-01-20 20:56:09',NULL,NULL,0,NULL),(379,16,6000,NULL,'','2021-01-20','2021-01-20 20:56:09','2021-02-14','2021-02-15 00:44:46',1,NULL),(380,16,6000,NULL,'','2021-01-20','2021-01-20 20:56:09','2021-03-11','2021-03-11 12:50:27',1,NULL),(381,16,6000,NULL,'','2021-01-20','2021-01-20 20:56:09',NULL,NULL,0,NULL),(382,14,6000,NULL,'','2021-01-20','2021-01-20 20:56:32',NULL,NULL,0,NULL),(383,14,6000,NULL,'','2021-01-20','2021-01-20 20:56:32',NULL,NULL,0,NULL),(384,14,6000,NULL,'','2021-01-20','2021-01-20 20:56:32',NULL,NULL,0,NULL),(385,14,6000,NULL,'','2021-01-20','2021-01-20 20:56:32',NULL,NULL,0,NULL),(386,14,6000,NULL,'','2021-01-20','2021-01-20 20:56:32',NULL,NULL,0,NULL),(387,14,6000,NULL,'','2021-01-20','2021-01-20 20:56:32',NULL,NULL,0,NULL),(388,14,6000,NULL,'','2021-01-20','2021-01-20 20:56:32',NULL,NULL,0,NULL),(389,14,6000,NULL,'','2021-01-20','2021-01-20 20:56:32',NULL,NULL,0,NULL),(390,14,6000,NULL,'','2021-01-20','2021-01-20 20:56:32',NULL,NULL,0,NULL),(391,14,6000,NULL,'','2021-01-20','2021-01-20 20:56:32',NULL,NULL,0,NULL),(392,14,6000,NULL,'','2021-01-20','2021-01-20 20:56:32',NULL,NULL,0,NULL),(393,14,6000,NULL,'','2021-01-20','2021-01-20 20:56:32',NULL,NULL,0,NULL),(394,14,6000,NULL,'','2021-01-20','2021-01-20 20:56:32',NULL,NULL,0,NULL),(395,14,6000,NULL,'','2021-01-20','2021-01-20 20:56:32',NULL,NULL,0,NULL),(396,14,6000,NULL,'','2021-01-20','2021-01-20 20:56:32',NULL,NULL,0,NULL),(397,14,6000,NULL,'','2021-01-20','2021-01-20 20:56:32',NULL,NULL,0,NULL),(398,14,6000,NULL,'','2021-01-20','2021-01-20 20:56:32',NULL,NULL,0,NULL),(399,14,6000,NULL,'','2021-01-20','2021-01-20 20:56:32',NULL,NULL,0,NULL),(400,17,6000,NULL,'','2021-01-20','2021-01-20 20:56:53',NULL,NULL,0,NULL),(401,17,6000,NULL,'','2021-01-20','2021-01-20 20:56:53',NULL,NULL,0,NULL),(402,17,6000,NULL,'','2021-01-20','2021-01-20 20:56:53',NULL,NULL,0,NULL),(403,17,6000,NULL,'','2021-01-20','2021-01-20 20:56:53',NULL,NULL,0,NULL),(404,17,6000,NULL,'','2021-01-20','2021-01-20 20:56:53',NULL,NULL,0,NULL),(405,17,6000,NULL,'','2021-01-20','2021-01-20 20:56:53',NULL,NULL,0,NULL),(406,17,6000,NULL,'','2021-01-20','2021-01-20 20:56:53',NULL,NULL,0,NULL),(407,17,6000,NULL,'','2021-01-20','2021-01-20 20:56:53',NULL,NULL,0,NULL),(408,17,6000,NULL,'','2021-01-20','2021-01-20 20:56:53',NULL,NULL,0,NULL),(409,17,6000,NULL,'','2021-01-20','2021-01-20 20:56:53',NULL,NULL,0,NULL),(410,17,6000,NULL,'','2021-01-20','2021-01-20 20:56:53',NULL,NULL,0,NULL),(411,17,6000,NULL,'','2021-01-20','2021-01-20 20:56:53',NULL,NULL,0,NULL),(412,17,6000,NULL,'','2021-01-20','2021-01-20 20:56:53',NULL,NULL,0,NULL),(413,17,6000,NULL,'','2021-01-20','2021-01-20 20:56:53',NULL,NULL,0,NULL),(414,17,6000,NULL,'','2021-01-20','2021-01-20 20:56:53',NULL,NULL,0,NULL),(415,17,6000,NULL,'','2021-01-20','2021-01-20 20:56:53',NULL,NULL,0,NULL),(416,17,6000,NULL,'','2021-01-20','2021-01-20 20:56:53',NULL,NULL,0,NULL),(417,17,6000,NULL,'','2021-01-20','2021-01-20 20:56:53',NULL,NULL,0,NULL),(418,17,6000,NULL,'','2021-01-20','2021-01-20 20:56:53',NULL,NULL,0,NULL),(419,17,6000,NULL,'','2021-01-20','2021-01-20 20:56:53',NULL,NULL,0,NULL),(420,17,6000,NULL,'','2021-01-20','2021-01-20 20:56:53',NULL,NULL,0,NULL),(421,17,6000,NULL,'','2021-01-20','2021-01-20 20:56:53',NULL,NULL,0,NULL),(422,17,6000,NULL,'','2021-01-20','2021-01-20 20:56:53',NULL,NULL,0,NULL),(423,17,6000,NULL,'','2021-01-20','2021-01-20 20:56:53',NULL,NULL,0,NULL),(424,17,6000,NULL,'','2021-01-20','2021-01-20 20:56:53',NULL,NULL,0,NULL),(425,17,6000,NULL,'','2021-01-20','2021-01-20 20:56:53',NULL,NULL,0,NULL),(426,17,6000,NULL,'','2021-01-20','2021-01-20 20:56:53',NULL,NULL,0,NULL),(427,17,6000,NULL,'','2021-01-20','2021-01-20 20:56:53',NULL,NULL,0,NULL),(428,17,6000,NULL,'','2021-01-20','2021-01-20 20:56:53','2021-05-22','2021-05-22 11:10:33',1,NULL),(429,17,6000,NULL,'','2021-01-20','2021-01-20 20:56:53',NULL,NULL,0,NULL),(430,17,6000,NULL,'','2021-01-20','2021-01-20 20:56:53',NULL,NULL,0,NULL),(431,17,6000,NULL,'','2021-01-20','2021-01-20 20:56:53',NULL,NULL,0,NULL),(432,17,6000,NULL,'','2021-01-20','2021-01-20 20:56:53',NULL,NULL,0,NULL),(433,17,6000,NULL,'','2021-01-20','2021-01-20 20:56:53',NULL,NULL,0,NULL),(434,17,6000,NULL,'','2021-01-20','2021-01-20 20:56:53',NULL,NULL,0,NULL),(435,17,6000,NULL,'','2021-01-20','2021-01-20 20:56:53',NULL,NULL,0,NULL),(436,18,8000,NULL,'','2021-01-20','2021-01-20 20:57:13',NULL,NULL,0,NULL),(437,18,8000,NULL,'','2021-01-20','2021-01-20 20:57:13',NULL,NULL,0,NULL),(438,18,8000,NULL,'','2021-01-20','2021-01-20 20:57:13',NULL,NULL,0,NULL),(439,18,8000,NULL,'','2021-01-20','2021-01-20 20:57:13',NULL,NULL,0,NULL),(440,18,8000,NULL,'','2021-01-20','2021-01-20 20:57:13',NULL,NULL,0,NULL),(441,18,8000,NULL,'','2021-01-20','2021-01-20 20:57:13',NULL,NULL,0,NULL),(442,18,8000,NULL,'','2021-01-20','2021-01-20 20:57:13',NULL,NULL,0,NULL),(443,18,8000,NULL,'','2021-01-20','2021-01-20 20:57:13',NULL,NULL,0,NULL),(444,18,8000,NULL,'','2021-01-20','2021-01-20 20:57:13',NULL,NULL,0,NULL),(445,18,8000,NULL,'','2021-01-20','2021-01-20 20:57:13',NULL,NULL,0,NULL),(446,18,8000,NULL,'','2021-01-20','2021-01-20 20:57:13',NULL,NULL,0,NULL),(447,18,8000,NULL,'','2021-01-20','2021-01-20 20:57:13',NULL,NULL,0,NULL),(448,18,8000,NULL,'','2021-01-20','2021-01-20 20:57:13',NULL,NULL,0,NULL),(449,18,8000,NULL,'','2021-01-20','2021-01-20 20:57:13',NULL,NULL,0,NULL),(450,18,8000,NULL,'','2021-01-20','2021-01-20 20:57:13',NULL,NULL,0,NULL),(451,18,8000,NULL,'','2021-01-20','2021-01-20 20:57:13',NULL,NULL,0,NULL),(452,18,8000,NULL,'','2021-01-20','2021-01-20 20:57:13',NULL,NULL,0,NULL),(453,18,8000,NULL,'','2021-01-20','2021-01-20 20:57:13',NULL,NULL,0,NULL),(454,18,8000,NULL,'','2021-01-20','2021-01-20 20:57:13',NULL,NULL,0,NULL),(455,18,8000,NULL,'','2021-01-20','2021-01-20 20:57:13',NULL,NULL,0,NULL),(456,18,8000,NULL,'','2021-01-20','2021-01-20 20:57:13',NULL,NULL,0,NULL),(457,18,8000,NULL,'','2021-01-20','2021-01-20 20:57:13','2021-03-31','2021-04-01 01:18:13',1,NULL),(458,18,8000,NULL,'','2021-01-20','2021-01-20 20:57:13',NULL,NULL,0,NULL),(459,18,8000,NULL,'','2021-01-20','2021-01-20 20:57:13',NULL,NULL,0,NULL),(460,18,8000,NULL,'','2021-01-20','2021-01-20 20:57:13',NULL,NULL,0,NULL),(461,18,8000,NULL,'','2021-01-20','2021-01-20 20:57:13',NULL,NULL,0,NULL),(462,19,6000,NULL,'','2021-01-20','2021-01-20 20:57:33','2021-06-13','2021-06-14 01:01:03',1,NULL),(463,19,6000,NULL,'','2021-01-20','2021-01-20 20:57:33',NULL,NULL,0,NULL),(464,19,6000,NULL,'','2021-01-20','2021-01-20 20:57:33',NULL,NULL,0,NULL),(465,19,6000,NULL,'','2021-01-20','2021-01-20 20:57:33',NULL,NULL,0,NULL),(466,19,6000,NULL,'','2021-01-20','2021-01-20 20:57:33',NULL,NULL,0,NULL),(467,19,6000,NULL,'','2021-01-20','2021-01-20 20:57:33','2021-02-11','2021-02-11 23:29:22',1,NULL),(468,19,6000,NULL,'','2021-01-20','2021-01-20 20:57:33',NULL,NULL,0,NULL),(469,19,6000,NULL,'','2021-01-20','2021-01-20 20:57:33','2021-03-27','2021-03-27 18:45:12',1,NULL),(470,19,6000,NULL,'','2021-01-20','2021-01-20 20:57:33',NULL,NULL,0,NULL),(471,19,6000,NULL,'','2021-01-20','2021-01-20 20:57:33',NULL,NULL,0,NULL),(472,19,6000,NULL,'','2021-01-20','2021-01-20 20:57:33',NULL,NULL,0,NULL),(473,19,6000,NULL,'','2021-01-20','2021-01-20 20:57:33',NULL,NULL,0,NULL),(474,19,6000,NULL,'','2021-01-20','2021-01-20 20:57:33',NULL,NULL,0,NULL),(475,19,6000,NULL,'','2021-01-20','2021-01-20 20:57:33',NULL,NULL,0,NULL),(476,19,6000,NULL,'','2021-01-20','2021-01-20 20:57:33',NULL,NULL,0,NULL),(477,19,6000,NULL,'','2021-01-20','2021-01-20 20:57:33',NULL,NULL,0,NULL),(478,19,6000,NULL,'','2021-01-20','2021-01-20 20:57:33',NULL,NULL,0,NULL),(479,19,6000,NULL,'','2021-01-20','2021-01-20 20:57:33',NULL,NULL,0,NULL),(480,19,6000,NULL,'','2021-01-20','2021-01-20 20:57:33',NULL,NULL,0,NULL),(481,19,6000,NULL,'','2021-01-20','2021-01-20 20:57:33',NULL,NULL,0,NULL),(482,19,6000,NULL,'','2021-01-20','2021-01-20 20:57:33',NULL,NULL,0,NULL),(483,19,6000,NULL,'','2021-01-20','2021-01-20 20:57:33',NULL,NULL,0,NULL),(484,19,6000,NULL,'','2021-01-20','2021-01-20 20:57:33',NULL,NULL,0,NULL),(485,19,6000,NULL,'','2021-01-20','2021-01-20 20:57:33',NULL,NULL,0,NULL),(486,19,6000,NULL,'','2021-01-20','2021-01-20 20:57:33',NULL,NULL,0,NULL),(487,19,6000,NULL,'','2021-01-20','2021-01-20 20:57:33',NULL,NULL,0,NULL),(488,19,6000,NULL,'','2021-01-20','2021-01-20 20:57:33',NULL,NULL,0,NULL),(489,19,6000,NULL,'','2021-01-20','2021-01-20 20:57:33',NULL,NULL,0,NULL),(490,19,6000,NULL,'','2021-01-20','2021-01-20 20:57:33',NULL,NULL,0,NULL),(491,20,12000,NULL,'','2021-01-20','2021-01-20 20:57:58',NULL,NULL,0,NULL),(492,20,12000,NULL,'','2021-01-20','2021-01-20 20:57:58',NULL,NULL,0,NULL),(493,20,12000,NULL,'','2021-01-20','2021-01-20 20:57:58',NULL,NULL,0,NULL),(494,20,12000,NULL,'','2021-01-20','2021-01-20 20:57:58',NULL,NULL,0,NULL),(495,20,12000,NULL,'','2021-01-20','2021-01-20 20:57:58',NULL,NULL,0,NULL),(496,20,12000,NULL,'','2021-01-20','2021-01-20 20:57:58','2021-02-21','2021-02-22 01:36:09',1,NULL),(497,20,12000,NULL,'','2021-01-20','2021-01-20 20:57:58',NULL,NULL,0,NULL),(498,20,12000,NULL,'','2021-01-20','2021-01-20 20:57:58','2021-01-28','2021-01-29 00:13:01',1,NULL),(499,20,12000,NULL,'','2021-01-20','2021-01-20 20:57:58',NULL,NULL,0,NULL),(500,20,12000,NULL,'','2021-01-20','2021-01-20 20:57:58',NULL,NULL,0,NULL),(501,20,12000,NULL,'','2021-01-20','2021-01-20 20:57:58',NULL,NULL,0,NULL),(502,20,12000,NULL,'','2021-01-20','2021-01-20 20:57:58',NULL,NULL,0,NULL),(503,6,10000,NULL,'','2021-01-20','2021-01-20 21:04:08',NULL,NULL,0,NULL),(504,6,10000,NULL,'','2021-01-20','2021-01-20 21:04:08',NULL,NULL,0,NULL),(505,6,10000,NULL,'','2021-01-20','2021-01-20 21:04:08',NULL,NULL,0,NULL),(506,6,10000,NULL,'','2021-01-20','2021-01-20 21:04:08',NULL,NULL,0,NULL),(507,6,10000,NULL,'','2021-01-20','2021-01-20 21:04:08',NULL,NULL,0,NULL),(508,6,10000,NULL,'','2021-01-20','2021-01-20 21:04:08',NULL,NULL,0,NULL),(509,6,10000,NULL,'','2021-01-20','2021-01-20 21:04:08',NULL,NULL,0,NULL),(510,6,10000,NULL,'','2021-01-20','2021-01-20 21:04:08',NULL,NULL,0,NULL),(511,6,10000,NULL,'','2021-01-20','2021-01-20 21:04:08',NULL,NULL,0,NULL),(512,6,10000,NULL,'','2021-01-20','2021-01-20 21:04:08',NULL,NULL,0,NULL),(513,6,10000,NULL,'','2021-01-20','2021-01-20 21:04:08',NULL,NULL,0,NULL),(514,6,10000,NULL,'','2021-01-20','2021-01-20 21:04:08',NULL,NULL,0,NULL),(515,6,10000,NULL,'','2021-01-20','2021-01-20 21:04:08',NULL,NULL,0,NULL),(516,6,10000,NULL,'','2021-01-20','2021-01-20 21:04:08',NULL,NULL,0,NULL),(517,6,10000,NULL,'','2021-01-20','2021-01-20 21:04:08',NULL,NULL,0,NULL),(518,6,10000,NULL,'','2021-01-20','2021-01-20 21:04:08',NULL,NULL,0,NULL),(519,6,10000,NULL,'','2021-01-20','2021-01-20 21:04:08',NULL,NULL,0,NULL),(520,6,10000,NULL,'','2021-01-20','2021-01-20 21:04:08',NULL,NULL,0,NULL),(521,6,10000,NULL,'','2021-01-20','2021-01-20 21:04:08',NULL,NULL,0,NULL),(522,6,10000,NULL,'','2021-01-20','2021-01-20 21:04:08',NULL,NULL,0,NULL),(523,6,10000,NULL,'','2021-01-20','2021-01-20 21:04:08','2021-03-18','2021-03-18 23:45:56',1,NULL),(524,6,10000,NULL,'','2021-01-20','2021-01-20 21:04:08',NULL,NULL,0,NULL),(525,6,10000,NULL,'','2021-01-20','2021-01-20 21:04:08',NULL,NULL,0,NULL),(526,6,10000,NULL,'','2021-01-20','2021-01-20 21:04:08','2021-03-25','2021-03-25 13:40:51',1,NULL),(527,6,10000,NULL,'','2021-01-20','2021-01-20 21:04:08',NULL,NULL,0,NULL),(528,6,10000,NULL,'','2021-01-20','2021-01-20 21:04:08',NULL,NULL,0,NULL),(529,6,10000,NULL,'','2021-01-20','2021-01-20 21:04:08',NULL,NULL,0,NULL),(530,6,10000,NULL,'','2021-01-20','2021-01-20 21:04:08',NULL,NULL,0,NULL),(531,6,10000,NULL,'','2021-01-20','2021-01-20 21:04:08',NULL,NULL,0,NULL),(532,6,10000,NULL,'','2021-01-20','2021-01-20 21:04:08','2021-03-18','2021-03-18 14:26:49',1,NULL),(533,6,10000,NULL,'','2021-01-20','2021-01-20 21:04:08',NULL,NULL,0,NULL),(534,6,10000,NULL,'','2021-01-20','2021-01-20 21:04:08',NULL,NULL,0,NULL),(535,6,10000,NULL,'','2021-01-20','2021-01-20 21:04:08',NULL,NULL,0,NULL),(536,6,10000,NULL,'','2021-01-20','2021-01-20 21:04:08',NULL,NULL,0,NULL),(537,6,10000,NULL,'','2021-01-20','2021-01-20 21:04:08',NULL,NULL,0,NULL),(538,6,10000,NULL,'','2021-01-20','2021-01-20 21:04:08','2021-03-20','2021-03-20 17:40:04',1,NULL),(539,6,10000,NULL,'','2021-01-20','2021-01-20 21:04:08',NULL,NULL,0,NULL),(540,6,10000,NULL,'','2021-01-20','2021-01-20 21:04:08',NULL,NULL,0,NULL),(541,6,10000,NULL,'','2021-01-20','2021-01-20 21:04:08',NULL,NULL,0,NULL),(542,6,10000,NULL,'','2021-01-20','2021-01-20 21:04:08',NULL,NULL,0,NULL),(543,6,10000,NULL,'','2021-01-20','2021-01-20 21:04:08',NULL,NULL,0,NULL),(544,6,10000,NULL,'','2021-01-20','2021-01-20 21:04:08',NULL,NULL,0,NULL),(545,6,10000,NULL,'','2021-01-20','2021-01-20 21:04:08',NULL,NULL,0,NULL),(546,6,10000,NULL,'','2021-01-20','2021-01-20 21:04:08',NULL,NULL,0,NULL),(547,7,8000,NULL,'','2021-01-20','2021-01-20 21:04:33','2021-04-15','2021-04-15 13:36:58',1,NULL),(548,7,8000,NULL,'','2021-01-20','2021-01-20 21:04:33',NULL,NULL,0,NULL),(549,7,8000,NULL,'','2021-01-20','2021-01-20 21:04:33',NULL,NULL,0,NULL),(550,7,8000,NULL,'','2021-01-20','2021-01-20 21:04:33',NULL,NULL,0,NULL),(551,7,8000,NULL,'','2021-01-20','2021-01-20 21:04:33','2021-01-25','2021-01-26 02:07:40',1,NULL),(552,7,8000,NULL,'','2021-01-20','2021-01-20 21:04:33',NULL,NULL,0,NULL),(553,7,8000,NULL,'','2021-01-20','2021-01-20 21:04:33',NULL,NULL,0,NULL),(554,7,8000,NULL,'','2021-01-20','2021-01-20 21:04:33',NULL,NULL,0,NULL),(555,7,8000,NULL,'','2021-01-20','2021-01-20 21:04:33',NULL,NULL,0,NULL),(556,7,8000,NULL,'','2021-01-20','2021-01-20 21:04:33',NULL,NULL,0,NULL),(557,7,8000,NULL,'','2021-01-20','2021-01-20 21:04:33',NULL,NULL,0,NULL),(558,7,8000,NULL,'','2021-01-20','2021-01-20 21:04:33',NULL,NULL,0,NULL),(559,7,8000,NULL,'','2021-01-20','2021-01-20 21:04:33',NULL,NULL,0,NULL),(560,7,8000,NULL,'','2021-01-20','2021-01-20 21:04:33',NULL,NULL,0,NULL),(561,7,8000,NULL,'','2021-01-20','2021-01-20 21:04:33','2021-03-07','2021-03-07 15:26:12',1,NULL),(562,7,8000,NULL,'','2021-01-20','2021-01-20 21:04:33',NULL,NULL,0,NULL),(563,7,8000,NULL,'','2021-01-20','2021-01-20 21:04:33',NULL,NULL,0,NULL),(564,7,8000,NULL,'','2021-01-20','2021-01-20 21:04:33',NULL,NULL,0,NULL),(565,7,8000,NULL,'','2021-01-20','2021-01-20 21:04:33','2021-03-21','2021-03-21 14:45:42',1,NULL),(566,7,8000,NULL,'','2021-01-20','2021-01-20 21:04:33',NULL,NULL,0,NULL),(567,7,8000,NULL,'','2021-01-20','2021-01-20 21:04:33',NULL,NULL,0,NULL),(568,7,8000,NULL,'','2021-01-20','2021-01-20 21:04:33',NULL,NULL,0,NULL),(569,7,8000,NULL,'','2021-01-20','2021-01-20 21:04:33',NULL,NULL,0,NULL),(570,7,8000,NULL,'','2021-01-20','2021-01-20 21:04:33',NULL,NULL,0,NULL),(571,7,8000,NULL,'','2021-01-20','2021-01-20 21:04:33',NULL,NULL,0,NULL),(572,7,8000,NULL,'','2021-01-20','2021-01-20 21:04:33',NULL,NULL,0,NULL),(573,7,8000,NULL,'','2021-01-20','2021-01-20 21:04:33',NULL,NULL,0,NULL),(574,7,8000,NULL,'','2021-01-20','2021-01-20 21:04:33',NULL,NULL,0,NULL),(575,7,8000,NULL,'','2021-01-20','2021-01-20 21:04:33',NULL,NULL,0,NULL),(576,7,8000,NULL,'','2021-01-20','2021-01-20 21:04:33',NULL,NULL,0,NULL),(577,7,8000,NULL,'','2021-01-20','2021-01-20 21:04:33',NULL,NULL,0,NULL),(578,7,8000,NULL,'','2021-01-20','2021-01-20 21:04:33',NULL,NULL,0,NULL),(579,7,8000,NULL,'','2021-01-20','2021-01-20 21:04:33',NULL,NULL,0,NULL),(580,7,8000,NULL,'','2021-01-20','2021-01-20 21:04:33',NULL,NULL,0,NULL),(581,7,8000,NULL,'','2021-01-20','2021-01-20 21:04:33',NULL,NULL,0,NULL),(582,7,8000,NULL,'','2021-01-20','2021-01-20 21:04:33',NULL,NULL,0,NULL),(583,7,8000,NULL,'','2021-01-20','2021-01-20 21:04:33',NULL,NULL,0,NULL),(584,7,8000,NULL,'','2021-01-20','2021-01-20 21:04:33',NULL,NULL,0,NULL),(585,7,8000,NULL,'','2021-01-20','2021-01-20 21:04:33',NULL,NULL,0,NULL),(586,7,8000,NULL,'','2021-01-20','2021-01-20 21:04:33',NULL,NULL,0,NULL),(587,7,8000,NULL,'','2021-01-20','2021-01-20 21:04:33',NULL,NULL,0,NULL),(588,7,8000,NULL,'','2021-01-20','2021-01-20 21:04:33',NULL,NULL,0,NULL),(589,7,8000,NULL,'','2021-01-20','2021-01-20 21:04:33',NULL,NULL,0,NULL),(590,7,8000,NULL,'','2021-01-20','2021-01-20 21:04:33',NULL,NULL,0,NULL),(591,7,8000,NULL,'','2021-01-20','2021-01-20 21:04:33',NULL,NULL,0,NULL),(592,7,8000,NULL,'','2021-01-20','2021-01-20 21:04:33',NULL,NULL,0,NULL),(593,7,8000,NULL,'','2021-01-20','2021-01-20 21:04:33',NULL,NULL,0,NULL),(594,7,8000,NULL,'','2021-01-20','2021-01-20 21:04:33',NULL,NULL,0,NULL),(595,7,8000,NULL,'','2021-01-20','2021-01-20 21:04:33',NULL,NULL,0,NULL),(596,7,8000,NULL,'','2021-01-20','2021-01-20 21:04:33',NULL,NULL,0,NULL),(597,25,3000,2000,'','2021-04-28','2021-04-28 19:52:24','2021-05-02','2021-05-02 19:16:21',1,NULL),(598,25,3000,2000,'','2021-04-28','2021-04-28 19:52:24',NULL,NULL,0,NULL),(599,25,3000,2000,'','2021-04-28','2021-04-28 19:52:24',NULL,NULL,0,NULL),(600,25,3000,2000,'','2021-04-28','2021-04-28 19:52:24',NULL,NULL,0,NULL),(601,25,3000,2000,'','2021-04-28','2021-04-28 19:52:24',NULL,NULL,0,NULL),(602,25,3000,2000,'','2021-04-28','2021-04-28 19:52:24',NULL,NULL,0,NULL),(603,25,3000,2000,'','2021-04-28','2021-04-28 19:52:24',NULL,NULL,0,NULL),(604,25,3000,2000,'','2021-04-28','2021-04-28 19:52:24','2021-06-03','2021-06-04 03:52:51',1,NULL),(605,25,3000,2000,'','2021-04-28','2021-04-28 19:52:24','2021-06-08','2021-06-08 11:43:29',1,NULL),(606,25,3000,2000,'','2021-04-28','2021-04-28 19:52:24',NULL,NULL,0,NULL),(607,25,3000,2000,'','2021-04-28','2021-04-28 19:52:24',NULL,NULL,0,NULL),(608,25,3000,2000,'','2021-04-28','2021-04-28 19:52:24','2021-05-09','2021-05-09 20:52:44',1,NULL),(609,25,3000,2000,'','2021-04-28','2021-04-28 19:52:24',NULL,NULL,0,NULL),(610,25,3000,2000,'','2021-04-28','2021-04-28 19:52:24','2021-06-07','2021-06-07 22:32:29',1,NULL),(611,25,3000,2000,'','2021-04-28','2021-04-28 19:52:24',NULL,NULL,0,NULL),(612,25,3000,2000,'','2021-04-28','2021-04-28 19:52:24','2021-05-13','2021-05-13 09:23:33',1,NULL),(613,25,3000,2000,'','2021-04-28','2021-04-28 19:52:24',NULL,NULL,0,NULL),(614,25,3000,2000,'','2021-04-28','2021-04-28 19:52:24','2021-05-14','2021-05-14 12:25:23',1,NULL),(615,25,3000,2000,'','2021-04-28','2021-04-28 19:52:24',NULL,NULL,0,NULL),(616,25,3000,2000,'','2021-04-28','2021-04-28 19:52:24',NULL,NULL,0,NULL),(617,25,3000,2000,'','2021-04-28','2021-04-28 19:52:24',NULL,NULL,0,NULL),(618,25,3000,2000,'','2021-04-28','2021-04-28 19:52:24',NULL,NULL,0,NULL),(619,25,3000,2000,'','2021-04-28','2021-04-28 19:52:24','2021-05-16','2021-05-16 12:50:37',1,NULL),(620,25,3000,2000,'','2021-04-28','2021-04-28 19:52:24','2021-05-16','2021-05-16 12:50:51',1,NULL),(621,25,3000,2000,'','2021-04-28','2021-04-28 19:52:24',NULL,NULL,0,NULL),(622,25,3000,2000,'','2021-04-28','2021-04-28 19:52:24','2021-05-16','2021-05-16 20:48:29',1,NULL),(623,25,3000,2000,'','2021-04-28','2021-04-28 19:52:24',NULL,NULL,0,NULL),(624,25,3000,2000,'','2021-04-28','2021-04-28 19:52:24',NULL,NULL,0,NULL),(625,25,3000,2000,'','2021-04-28','2021-04-28 19:52:24','2021-06-11','2021-06-12 00:46:48',1,NULL),(626,25,3000,2000,'','2021-04-28','2021-04-28 19:52:24',NULL,NULL,0,NULL),(627,26,6500,5500,'','2021-05-10','2021-05-10 19:51:26','2021-06-08','2021-06-08 11:49:09',1,NULL),(628,26,6500,5500,'','2021-05-10','2021-05-10 19:51:26',NULL,NULL,0,NULL),(629,26,6500,5500,'','2021-05-10','2021-05-10 19:51:26',NULL,NULL,0,NULL),(630,26,6500,5500,'','2021-05-10','2021-05-10 19:51:26','2021-06-12','2021-06-13 00:31:05',1,NULL),(631,26,6500,5500,'','2021-05-10','2021-05-10 19:51:26','2021-06-10','2021-06-10 23:13:59',1,NULL),(632,26,6500,5500,'','2021-05-10','2021-05-10 19:51:26','2021-06-12','2021-06-13 00:30:56',1,NULL),(633,26,6500,5500,'','2021-05-10','2021-05-10 19:51:26','2021-06-11','2021-06-12 00:46:59',1,NULL),(634,26,6500,5500,'','2021-05-10','2021-05-10 19:51:26','2021-06-13','2021-06-14 00:41:05',1,NULL),(635,26,6500,5500,'','2021-05-10','2021-05-10 19:51:26',NULL,NULL,0,NULL),(636,26,6500,5500,'','2021-05-10','2021-05-10 19:51:26','2021-06-16','2021-06-17 02:22:01',1,NULL),(637,26,6500,5500,'','2021-05-10','2021-05-10 19:51:26',NULL,NULL,0,NULL),(638,26,6500,5500,'','2021-05-10','2021-05-10 19:51:26','2021-06-10','2021-06-10 23:13:46',1,NULL),(639,27,8000,5600,'','2021-05-10','2021-05-10 19:58:52','2021-05-15','2021-05-15 10:35:20',1,NULL),(640,27,8000,5600,'','2021-05-10','2021-05-10 19:58:52','2021-05-30','2021-05-30 15:51:04',1,NULL),(641,27,8000,5600,'','2021-05-10','2021-05-10 19:58:52','2021-05-16','2021-05-16 12:51:24',1,NULL),(642,27,8000,5600,'','2021-05-10','2021-05-10 19:58:52','2021-05-22','2021-05-22 11:11:42',1,NULL),(643,27,8000,5600,'','2021-05-10','2021-05-10 19:58:52','2021-06-08','2021-06-08 11:43:07',1,NULL),(644,27,8000,5600,'','2021-05-10','2021-05-10 19:58:52','2021-05-17','2021-05-17 11:48:47',1,NULL),(645,27,8000,5600,'','2021-05-10','2021-05-10 19:58:52','2021-06-05','2021-06-05 12:52:31',1,NULL),(646,27,8000,5600,'','2021-05-10','2021-05-10 19:58:52','2021-06-02','2021-06-02 12:06:43',1,NULL),(647,27,8000,5600,'','2021-05-10','2021-05-10 19:58:52','2021-05-25','2021-05-25 11:28:49',1,NULL),(648,27,8000,5600,'','2021-05-10','2021-05-10 19:58:52','2021-05-28','2021-05-28 16:46:43',1,NULL),(649,27,8000,5600,'','2021-05-10','2021-05-10 19:58:52','2021-05-25','2021-05-25 11:28:23',1,NULL),(650,27,8000,5600,'','2021-05-10','2021-05-10 19:58:52','2021-05-22','2021-05-23 00:48:27',1,NULL),(651,8,15000,10000,'','2021-05-10','2021-05-10 20:18:55',NULL,NULL,0,NULL),(652,8,15000,10000,'','2021-05-10','2021-05-10 20:18:55',NULL,NULL,0,NULL),(653,8,15000,10000,'','2021-05-10','2021-05-10 20:18:55','2021-05-30','2021-05-30 14:02:49',1,NULL),(654,8,15000,10000,'','2021-05-10','2021-05-10 20:18:55','2021-06-12','2021-06-13 00:34:41',1,NULL),(655,8,15000,10000,'','2021-05-10','2021-05-10 20:18:55',NULL,NULL,0,NULL),(656,8,15000,10000,'','2021-05-10','2021-05-10 20:18:55',NULL,NULL,0,NULL),(657,8,15000,10000,'','2021-05-10','2021-05-10 20:18:55',NULL,NULL,0,NULL),(658,8,15000,10000,'','2021-05-10','2021-05-10 20:18:55',NULL,NULL,0,NULL),(659,8,15000,10000,'','2021-05-10','2021-05-10 20:18:55',NULL,NULL,0,NULL),(660,8,15000,10000,'','2021-05-10','2021-05-10 20:18:55','2021-06-12','2021-06-13 00:34:22',1,NULL),(661,8,15000,10000,'','2021-05-10','2021-05-10 20:18:55','2021-06-06','2021-06-06 11:32:49',1,NULL),(662,8,15000,10000,'','2021-05-10','2021-05-10 20:18:55',NULL,NULL,0,NULL),(663,8,15000,10000,'','2021-05-10','2021-05-10 20:18:55','2021-05-16','2021-05-16 12:51:47',1,NULL),(664,8,15000,10000,'','2021-05-10','2021-05-10 20:18:55','2021-05-16','2021-05-16 22:03:09',1,NULL),(665,8,15000,10000,'','2021-05-10','2021-05-10 20:18:55','2021-06-02','2021-06-02 12:06:59',1,NULL),(666,28,15000,10000,'','2021-05-10','2021-05-10 20:19:44',NULL,NULL,0,NULL),(667,28,15000,10000,'','2021-05-10','2021-05-10 20:19:44',NULL,NULL,0,NULL),(668,28,15000,10000,'','2021-05-10','2021-05-10 20:19:44',NULL,NULL,0,NULL),(669,28,15000,10000,'','2021-05-10','2021-05-10 20:19:44',NULL,NULL,0,NULL),(670,28,15000,10000,'','2021-05-10','2021-05-10 20:19:44',NULL,NULL,0,NULL),(671,28,15000,10000,'','2021-05-10','2021-05-10 20:19:44',NULL,NULL,0,NULL),(672,28,15000,10000,'','2021-05-10','2021-05-10 20:19:44',NULL,NULL,0,NULL),(673,28,15000,10000,'','2021-05-10','2021-05-10 20:19:44',NULL,NULL,0,NULL),(674,28,15000,10000,'','2021-05-10','2021-05-10 20:19:44',NULL,NULL,0,NULL);

--
-- Table structure for table `lineavehiculo`
--

CREATE TABLE `lineavehiculo` (
  `lineavehiculo_id` int(11) NOT NULL AUTO_INCREMENT,
  `lineavehiculo_nombre` varchar(45) DEFAULT NULL,
  PRIMARY KEY (`lineavehiculo_id`)
) ENGINE=InnoDB AUTO_INCREMENT=88 DEFAULT CHARSET=latin1 COLLATE=latin1_swedish_ci;

--
-- Dumping data for table `lineavehiculo`
--

INSERT INTO `lineavehiculo` VALUES (1,'RTX'),(2,'VELOSTER'),(3,'3'),(4,'2'),(5,'PICANTO'),(6,'TX.L'),(7,'TX'),(8,'VOYAGE'),(9,'GOL'),(10,'FIESTA'),(11,'FUSCION'),(12,'206'),(13,'PRADO'),(14,'HILUX'),(15,'4RUNNER'),(16,'ECOSPORT'),(17,'F150'),(18,'FORTUNER'),(19,'COROLLA'),(20,'JETTA'),(21,'ALTO'),(22,'DUSTER'),(23,'I25'),(24,'I10'),(25,'SOUL'),(26,'RANGER'),(27,'CERATTO'),(28,'RAV4'),(29,'JUKE'),(30,'KWID'),(31,'RIO'),(32,'COPER'),(33,'MACH'),(34,'NP300'),(35,'FRONTIER'),(36,'SPARK'),(37,'NEON'),(38,'SPARK GT'),(39,'QASHQAI'),(40,'SPARTAGE'),(41,'SANTA FE'),(42,'AVEO'),(43,'BEAT'),(44,'ONIX'),(45,'EXPLORE'),(46,'SANDERO'),(47,'LOGAN'),(48,'C4'),(49,'TAHOE'),(50,'SUBURBAN'),(51,'NAVARA'),(52,'FLUENCE'),(53,'ESCAPE'),(54,'TRACKER'),(55,'OROCH'),(56,'SYMBOL'),(57,'OPTRA'),(58,'XTREME'),(59,'LEGACY'),(60,'DISCOVERY'),(61,'CAPTUR'),(62,'TRAVERSE'),(63,'SWIFT'),(64,'SENTRA'),(65,'ACCENT'),(66,'5008'),(67,'GETZ'),(68,'MEGANE'),(69,'CRETA'),(70,'CX-30'),(71,'CX-5'),(72,'GRAND VITARA'),(73,'PILOT'),(74,'SAIL'),(75,'CIVIC'),(76,'LIMITED 4X4'),(77,'CELEIRO'),(78,'V220d'),(79,'TUCSON'),(80,'CROSFOX'),(81,'SAVEIRO'),(82,'T-CROSS'),(83,'KOLEOS'),(84,'TERRACAN'),(85,'DMAX'),(86,'V5'),(87,'SPORT');

--
-- Table structure for table `marcavehiculo`
--

CREATE TABLE `marcavehiculo` (
  `idmarcavehiculo` int(11) NOT NULL AUTO_INCREMENT,
  `nombremarcavehiculo` varchar(45) DEFAULT NULL,
  PRIMARY KEY (`idmarcavehiculo`)
) ENGINE=InnoDB AUTO_INCREMENT=31 DEFAULT CHARSET=latin1 COLLATE=latin1_swedish_ci;

--
-- Dumping data for table `marcavehiculo`
--

INSERT INTO `marcavehiculo` VALUES (1,'AKT'),(2,'YAMAHA'),(3,'KAWASAKI'),(4,'HONDA'),(5,'DUCATI'),(6,'BAJAJ'),(7,'SUZUKI'),(8,'BMW'),(9,'KTM'),(10,'PULSAR'),(11,'RENAULT'),(12,'CHEVROLET'),(13,'MAZDA'),(14,'HYUNDAI'),(15,'DAEWOO'),(16,'BMW'),(17,'MERCEDEZ BENZ'),(18,'SSANGYONG'),(19,'TOYOTA'),(20,'MITSUBISHI'),(21,'ALFA ROMEO'),(22,'PEUGEOT'),(23,'FIAT'),(24,'VOLKSWAGEN'),(25,'ALFA'),(26,'KIA'),(27,'LOGAN'),(28,'NISSAN'),(29,'SOFA'),(30,'Hunday');

--
-- Table structure for table `mediopago`
--

CREATE TABLE `mediopago` (
  `idmediopago` int(11) NOT NULL AUTO_INCREMENT,
  `nombremediopago` varchar(45) DEFAULT NULL,
  PRIMARY KEY (`idmediopago`)
) ENGINE=InnoDB AUTO_INCREMENT=3 DEFAULT CHARSET=latin1 COLLATE=latin1_swedish_ci;

--
-- Dumping data for table `mediopago`
--

INSERT INTO `mediopago` VALUES (1,'Efectivo'),(2,'Tarjeta');

--
-- Table structure for table `pagos`
--

CREATE TABLE `pagos` (
  `pagos_id` int(10) unsigned NOT NULL AUTO_INCREMENT,
  `pagos_fechadesde` date DEFAULT NULL,
  `pagos_fechahasta` date DEFAULT NULL,
  `pagos_fcreacion` date DEFAULT NULL,
  `pagos_concepto` text DEFAULT NULL,
  `pagos_valor` double DEFAULT NULL,
  PRIMARY KEY (`pagos_id`)
) ENGINE=InnoDB AUTO_INCREMENT=7 DEFAULT CHARSET=latin1 COLLATE=latin1_swedish_ci;

--
-- Dumping data for table `pagos`
--

INSERT INTO `pagos` VALUES (1,'2023-07-18','2023-08-15','2023-07-18','IMPLEMENTACION VITRUL WASHED',400000);

--
-- Table structure for table `parqueadero`
--

CREATE TABLE `parqueadero` (
  `parqueadero_id` int(11) NOT NULL AUTO_INCREMENT,
  `parqueadero_vehiculoparqueadero_id` int(11) DEFAULT NULL,
  `parqueadero_fechaingreso` date DEFAULT NULL,
  `parqueadero_fechaingresot` timestamp NULL DEFAULT NULL,
  `parqueadero_fechasalida` date DEFAULT NULL,
  `parqueadero_fechasalidat` timestamp NULL DEFAULT NULL,
  `parqueadero_valor` double DEFAULT NULL,
  `parqueadero_valordia` double DEFAULT 0,
  PRIMARY KEY (`parqueadero_id`)
) ENGINE=InnoDB DEFAULT CHARSET=latin1 COLLATE=latin1_swedish_ci;

--
-- Dumping data for table `parqueadero`
--


--
-- Table structure for table `reportemasivo`
--

CREATE TABLE `reportemasivo` (
  `reportemasivo_id` int(11) NOT NULL AUTO_INCREMENT,
  `reportemasivo_fcreacion` date DEFAULT NULL,
  `reportemasivo_fcreaciont` timestamp NULL DEFAULT NULL,
  `reportemasivo_cantidadsobrantes` double DEFAULT NULL,
  `reportemasivo_cantidadfaltantes` double DEFAULT NULL,
  `reportemasivo_valorfaltantes` double DEFAULT NULL,
  `reportemasivo_valorsobrantes` double DEFAULT NULL,
  PRIMARY KEY (`reportemasivo_id`)
) ENGINE=InnoDB AUTO_INCREMENT=26 DEFAULT CHARSET=utf8mb4 COLLATE=utf8mb4_general_ci;

--
-- Dumping data for table `reportemasivo`
--

INSERT INTO `reportemasivo` VALUES (1,'2023-01-23','2023-01-23 23:43:13',3,5,41000,9000),(2,'2023-01-23','2023-01-23 23:47:30',29,3,9000,53000),(3,'2023-01-23','2023-01-23 23:51:58',0,24,12000,0),(4,'2023-01-23','2023-01-24 01:13:51',2,3,22000,18500),(5,'2023-01-28','2023-01-28 22:47:06',657,0,0,1133900),(6,'2023-01-28','2023-01-29 00:05:05',156,0,0,492000),(7,'2023-01-30','2023-01-31 01:16:11',90,72,103300,66100),(8,'2023-02-01','2023-02-01 20:31:51',138,0,0,432000),(9,'2023-02-06','2023-02-06 22:25:54',3,133,112400,8500),(10,'2023-02-10','2023-02-10 18:59:33',590,0,0,1427600),(11,'2023-02-13','2023-02-13 17:03:49',0,1,5000,0),(12,'2023-02-13','2023-02-13 18:13:38',10,138,102900,16500),(13,'2023-02-14','2023-02-14 19:06:18',76,0,0,233600),(14,'2023-02-14','2023-02-14 19:10:41',392,0,0,776500),(15,'2023-02-14','2023-02-14 19:13:42',406,0,0,113000),(16,'2023-02-14','2023-02-14 19:18:08',260,0,0,510400),(17,'2023-02-14','2023-02-14 19:23:05',246,0,0,241600),(18,'2023-02-20','2023-02-20 19:06:03',24,118,148000,20200),(19,'2023-02-27','2023-02-27 17:00:27',0,5,8500,0),(20,'2023-02-27','2023-02-27 17:02:37',0,8,18900,0),(21,'2023-02-27','2023-02-27 17:29:40',28,129,108300,37500),(22,'2023-03-02','2023-03-03 01:01:17',17,0,0,28000),(23,'2023-03-02','2023-03-03 01:51:48',4,0,0,7200),(24,'2023-09-13','2023-09-13 22:49:36',908,0,0,1921400),(25,'2023-09-13','2023-09-13 22:54:18',630,0,0,880500);

--
-- Table structure for table `reportemasivo_productos`
--

CREATE TABLE `reportemasivo_productos` (
  `reportemasivoproductos_id` int(11) NOT NULL AUTO_INCREMENT,
  `reportemasivoproductos_productos_id` int(11) DEFAULT NULL,
  `reportemasivoproductos_cantidadactual` double DEFAULT NULL,
  `reportemasivoproductos_cantidadadd` double DEFAULT NULL,
  `reportemasivoproductos_reportemasivo_id` int(11) DEFAULT NULL,
  PRIMARY KEY (`reportemasivoproductos_id`)
) ENGINE=InnoDB AUTO_INCREMENT=401 DEFAULT CHARSET=utf8mb4 COLLATE=utf8mb4_general_ci;

--
-- Dumping data for table `reportemasivo_productos`
--

INSERT INTO `reportemasivo_productos` VALUES (1,450,33,-2,1),(2,451,37,-1,1),(3,454,38,3,1),(4,455,5,-2,1),(5,450,31,2,2),(6,451,36,1,2),(7,454,41,-3,2),(8,455,3,2,2),(9,550,45,24,2),(10,550,69,-24,3),(11,668,13,1,4),(12,741,21,-1,4),(13,742,18,1,4),(14,749,4,-2,4),(15,461,3,24,5),(16,467,3,12,5),(17,469,3,24,5),(18,477,15,12,5),(19,487,1,18,5),(20,503,7,12,5),(21,508,31,36,5),(22,531,1,48,5),(23,536,10,12,5),(24,539,21,12,5),(25,540,10,10,5),(26,543,55,38,5),(27,553,0,60,5),(28,559,3,28,5),(29,561,0,30,5),(30,564,0,10,5),(31,579,-1,50,5),(32,598,3,30,5),(33,607,30,14,5),(34,627,10,48,5),(35,632,7,30,5),(36,637,0,12,5),(37,663,2,8,5),(38,688,1,12,5),(39,693,2,12,5),(40,703,3,10,5),(41,726,0,30,5),(42,745,0,15,5),(43,450,22,24,6),(44,451,11,24,6),(45,625,56,60,6),(46,667,5,24,6),(47,737,53,24,6),(48,450,32,2,7),(49,458,34,-1,7),(50,460,24,-2,7),(51,467,12,-1,7),(52,472,38,-2,7),(53,477,19,-2,7),(54,478,1,-1,7),(55,480,14,-1,7),(56,487,17,-1,7),(57,491,63,-6,7),(58,493,18,-1,7),(59,496,16,-1,7),(60,501,25,1,7),(61,503,11,-1,7),(62,504,28,-5,7),(63,511,31,-2,7),(64,528,443,33,7),(65,531,48,-2,7),(66,538,31,-1,7),(67,539,30,-2,7),(68,542,66,10,7),(69,543,85,-1,7),(70,553,56,-4,7),(71,559,23,-2,7),(72,561,10,-1,7),(73,565,17,16,7),(74,566,15,-2,7),(75,575,4,-1,7),(76,577,67,23,7),(77,598,26,-1,7),(78,607,39,-2,7),(79,632,30,-2,7),(80,658,30,-3,7),(81,659,1,-1,7),(82,680,12,-3,7),(83,685,82,-2,7),(84,693,12,1,7),(85,718,1,-1,7),(86,737,48,-1,7),(87,738,-1,1,7),(88,743,10,-3,7),(89,752,18,1,7),(90,754,3,-1,7),(91,757,13,-1,7),(92,759,16,-1,7),(93,760,86,-1,7),(94,762,50,-6,7),(95,763,8,2,7),(96,450,24,24,8),(97,625,34,90,8),(98,737,47,24,8),(99,457,51,-3,9),(100,459,13,-1,9),(101,461,18,-8,9),(102,462,2,-1,9),(103,469,20,-2,9),(104,477,22,-1,9),(105,487,16,-4,9),(106,491,52,-1,9),(107,494,35,-3,9),(108,503,15,-1,9),(109,508,57,-1,9),(110,509,8,-1,9),(111,528,461,-30,9),(112,531,40,-1,9),(113,538,38,-1,9),(114,539,42,-3,9),(115,540,8,-1,9),(116,542,49,-7,9),(117,553,29,-10,9),(118,559,26,-1,9),(119,561,14,-2,9),(120,562,19,-1,9),(121,566,11,-3,9),(122,577,113,-10,9),(123,579,21,-6,9),(124,598,9,-4,9),(125,632,36,-1,9),(126,638,-1,1,9),(127,650,7,-2,9),(128,685,73,-3,9),(129,688,25,-2,9),(130,693,7,-1,9),(131,695,34,1,9),(132,703,1,-1,9),(133,713,3,-1,9),(134,725,-1,1,9),(135,737,69,-1,9),(136,743,18,-1,9),(137,753,38,-2,9),(138,754,15,-2,9),(139,757,12,-1,9),(140,760,78,-6,9),(141,772,8,-1,9),(142,776,7,-1,9),(143,450,0,24,10),(144,451,26,24,10),(145,454,36,24,10),(146,460,11,24,10),(147,464,17,24,10),(148,465,2,12,10),(149,575,1,12,10),(150,625,30,150,10),(151,667,19,24,10),(152,714,307,200,10),(153,737,78,48,10),(154,752,13,24,10),(155,670,16,-1,11),(156,457,23,-5,12),(157,461,1,-1,12),(158,465,12,1,12),(159,471,11,-1,12),(160,477,14,-1,12),(161,487,4,-2,12),(162,491,37,-8,12),(163,493,20,1,12),(164,494,31,-1,12),(165,506,23,-1,12),(166,528,358,-40,12),(167,531,30,-2,12),(168,536,25,-1,12),(169,540,2,-2,12),(170,542,41,-21,12),(171,553,8,-3,12),(172,560,1,-1,12),(173,562,1,-1,12),(174,575,12,-1,12),(175,579,9,-9,12),(176,598,14,-1,12),(177,599,1,1,12),(178,625,108,-2,12),(179,639,97,-5,12),(180,648,33,-1,12),(181,658,46,-1,12),(182,663,7,-1,12),(183,677,3,-2,12),(184,680,22,-2,12),(185,685,69,-6,12),(186,688,21,-2,12),(187,690,22,-2,12),(188,693,2,-1,12),(189,718,42,-1,12),(190,726,3,-3,12),(191,732,-1,1,12),(192,737,93,-1,12),(193,739,8,-2,12),(194,745,1,-1,12),(195,753,30,2,12),(196,755,48,-2,12),(197,758,15,-1,12),(198,760,63,2,12),(199,780,2,2,12),(200,607,40,28,13),(201,627,23,48,13),(202,461,0,23,14),(203,472,17,24,14),(204,560,0,48,14),(205,561,0,90,14),(206,562,-1,60,14),(207,575,11,12,14),(208,598,8,30,14),(209,623,0,12,14),(210,632,1,30,14),(211,722,0,12,14),(212,744,0,12,14),(213,745,0,15,14),(214,776,0,24,14),(215,528,311,200,15),(216,553,2,70,15),(217,577,91,100,15),(218,651,5,24,15),(219,717,0,12,15),(220,477,11,12,16),(221,478,15,12,16),(222,480,6,6,16),(223,487,1,18,16),(224,496,24,6,16),(225,509,0,10,16),(226,519,8,10,16),(227,536,22,24,16),(228,539,30,22,16),(229,540,-1,10,16),(230,543,65,16,16),(231,565,7,24,16),(232,599,1,24,16),(233,646,13,12,16),(234,647,0,18,16),(235,661,15,24,16),(236,743,16,12,16),(237,491,27,21,17),(238,494,30,18,17),(239,506,22,20,17),(240,508,45,36,17),(241,511,18,24,17),(242,512,12,10,17),(243,690,20,50,17),(244,729,3,10,17),(245,753,32,18,17),(246,759,7,30,17),(247,772,5,9,17),(248,454,60,-1,18),(249,459,2,-2,18),(250,461,20,-1,18),(251,467,15,-1,18),(252,472,34,-1,18),(253,478,24,-1,18),(254,487,11,-1,18),(255,491,43,-1,18),(256,493,21,-1,18),(257,508,73,-2,18),(258,528,441,-5,18),(259,532,22,-1,18),(260,536,36,1,18),(261,538,28,-2,18),(262,542,17,13,18),(263,543,59,-3,18),(264,546,14,-1,18),(265,550,48,-2,18),(266,553,64,-4,18),(267,559,2,-2,18),(268,561,60,-1,18),(269,562,50,-2,18),(270,566,2,-2,18),(271,577,170,-15,18),(272,579,5,-5,18),(273,598,24,-1,18),(274,607,60,-4,18),(275,627,52,-3,18),(276,632,12,-1,18),(277,639,86,-1,18),(278,642,12,-1,18),(279,644,15,-1,18),(280,647,16,-1,18),(281,658,29,-6,18),(282,663,3,1,18),(283,673,9,-1,18),(284,677,-1,1,18),(285,680,12,-2,18),(286,683,19,-2,18),(287,688,28,-2,18),(288,689,-2,2,18),(289,690,64,-1,18),(290,694,1,-1,18),(291,703,1,-1,18),(292,709,17,-2,18),(293,718,36,-2,18),(294,721,7,-1,18),(295,726,5,-5,18),(296,729,13,2,18),(297,737,72,-1,18),(298,743,28,-2,18),(299,745,9,-1,18),(300,753,49,-5,18),(301,754,7,-1,18),(302,760,64,-2,18),(303,762,44,-6,18),(304,763,8,2,18),(305,774,15,-2,18),(306,775,5,-1,18),(307,784,-2,2,18),(308,786,36,-1,18),(309,457,66,-5,19),(310,458,20,-2,20),(311,460,25,-1,20),(312,469,12,-3,20),(313,472,27,-2,20),(314,477,11,-2,21),(315,491,28,-5,21),(316,501,20,-1,21),(317,504,19,5,21),(318,508,56,-1,21),(319,528,384,-58,21),(320,532,18,2,21),(321,536,33,-2,21),(322,538,10,-1,21),(323,543,32,1,21),(324,550,44,1,21),(325,553,37,-8,21),(326,560,34,-2,21),(327,561,7,-6,21),(328,562,34,-3,21),(329,565,29,-1,21),(330,607,51,-2,21),(331,627,22,-4,21),(332,632,-1,1,21),(333,637,15,-1,21),(334,644,6,-2,21),(335,661,21,-1,21),(336,662,8,-1,21),(337,685,56,5,21),(338,688,18,2,21),(339,690,59,-1,21),(340,692,11,-1,21),(341,709,15,2,21),(342,710,6,-1,21),(343,718,21,-3,21),(344,737,85,-1,21),(345,739,-1,2,21),(346,743,24,-2,21),(347,745,4,1,21),(348,753,39,2,21),(349,757,9,-1,21),(350,760,53,-4,21),(351,762,38,-1,21),(352,771,3,2,21),(353,776,17,-2,21),(354,778,8,-1,21),(355,783,-1,1,21),(356,784,8,-8,21),(357,786,34,-2,21),(358,789,15,1,21),(359,93,6,4,22),(360,103,5,13,22),(361,93,10,4,23),(362,2,0,132,24),(363,3,0,30,24),(364,4,0,2,24),(365,5,0,27,24),(366,6,0,16,24),(367,7,0,19,24),(368,9,0,46,24),(369,15,0,24,24),(370,16,0,26,24),(371,17,0,11,24),(372,18,0,27,24),(373,21,0,13,24),(374,22,0,36,24),(375,27,0,83,24),(376,29,0,14,24),(377,40,0,15,24),(378,41,0,8,24),(379,43,0,24,24),(380,45,0,80,24),(381,46,0,33,24),(382,47,0,120,24),(383,48,0,5,24),(384,80,0,14,24),(385,158,0,74,24),(386,176,0,5,24),(387,211,0,24,24),(388,25,0,1,25),(389,28,0,17,25),(390,31,0,28,25),(391,33,0,24,25),(392,34,0,7,25),(393,35,0,17,25),(394,36,0,3,25),(395,37,0,3,25),(396,38,0,2,25),(397,42,0,13,25),(398,81,0,2,25),(399,130,0,509,25),(400,164,0,4,25);

--
-- Table structure for table `rol`
--

CREATE TABLE `rol` (
  `id` int(11) NOT NULL AUTO_INCREMENT,
  `nombre` varchar(45) DEFAULT NULL,
  PRIMARY KEY (`id`)
) ENGINE=InnoDB AUTO_INCREMENT=4 DEFAULT CHARSET=utf8mb3 COLLATE=utf8mb3_general_ci;

--
-- Dumping data for table `rol`
--

INSERT INTO `rol` VALUES (1,'Administrador'),(2,'Administrativo'),(3,'Cafeteria');

--
-- Table structure for table `servicio`
--

CREATE TABLE `servicio` (
  `id` int(11) NOT NULL AUTO_INCREMENT,
  `nombre` varchar(150) DEFAULT NULL,
  PRIMARY KEY (`id`)
) ENGINE=InnoDB AUTO_INCREMENT=11 DEFAULT CHARSET=latin1 COLLATE=latin1_swedish_ci;

--
-- Dumping data for table `servicio`
--

INSERT INTO `servicio` VALUES (1,'LAVADO ESPUMOSO'),(2,'LAVADO ESPUMOSO CHASIS'),(3,'LAVADO ESPUMOSO GATO HIDRAULICO'),(4,'LAVADO ESPUMOSO BRILLADO A MANO'),(5,'LAVADO ESPUMOSO MOTOR'),(6,'LAVADO ESPUMOSO BRILLADO A MANO MOTOR'),(7,'LAVADO ESPUMOSO GATO HIDRAULICO BRILLADO A MANO'),(8,'LAVADO ESPUMOSO GATO HIDRAULICO MOTOR'),(9,'PROMOCION BRILLADA A MAQUINA'),(10,'LAVADO ESPUMOSO BRILLADA Y DESENGRASADA');

--
-- Table structure for table `serviciobano`
--

CREATE TABLE `serviciobano` (
  `serviciobano_id` int(11) NOT NULL AUTO_INCREMENT,
  `serviciobano_fcreacion` date DEFAULT NULL,
  `serviciobano_fcreaciont` timestamp NULL DEFAULT NULL,
  `serviciobano_valor` double DEFAULT NULL,
  `serviciobano_cierrecaja` tinyint(4) DEFAULT 0,
  `serviciobano_cierrecaja_id` int(11) DEFAULT NULL,
  PRIMARY KEY (`serviciobano_id`)
) ENGINE=InnoDB DEFAULT CHARSET=utf8mb4 COLLATE=utf8mb4_general_ci;

--
-- Dumping data for table `serviciobano`
--


--
-- Table structure for table `suministrosautolavado`
--

CREATE TABLE `suministrosautolavado` (
  `suministrosautolavado_id` int(11) NOT NULL AUTO_INCREMENT,
  `suministrosautolavado_tiposuministro` varchar(45) NOT NULL,
  `suministrosautolavado_fecha` date DEFAULT NULL,
  `suministrosautolavado_fechat` timestamp NULL DEFAULT NULL,
  `suministrosautolavado_creador` int(11) DEFAULT NULL,
  `suministrosautolavado_descripcion` text DEFAULT NULL,
  `suministrosautolavado_valor` double NOT NULL,
  `suministrosautolavado_idempleado` int(11) DEFAULT NULL,
  `suministrosautolavado_revisado` int(11) DEFAULT 0,
  `suministrosautolavado_cierrecaja` tinyint(4) DEFAULT 0,
  `suministrosautolavado_cierrecaja_id` int(11) DEFAULT NULL,
  PRIMARY KEY (`suministrosautolavado_id`)
) ENGINE=InnoDB AUTO_INCREMENT=10 DEFAULT CHARSET=latin1 COLLATE=latin1_swedish_ci;

--
-- Dumping data for table `suministrosautolavado`
--

INSERT INTO `suministrosautolavado` VALUES (1,'OTROS','2023-12-12','2023-12-12 18:34:36',3,'Pago ingeniero sistema ',50000,NULL,0,1,12),(2,'OTROS','2023-12-12','2023-12-12 20:51:01',3,'Caferia ingeniero',11000,NULL,0,1,12),(3,'OTROS','2023-12-12','2023-12-12 23:07:04',3,'Pago celadores',80000,NULL,0,1,12),(4,'OTROS','2023-12-13','2023-12-13 14:45:05',3,'Compra pegante pvc',8000,NULL,0,1,13),(5,'OTROS','2023-12-13','2023-12-13 17:56:49',3,'Compra manguera espumadora',10000,NULL,0,1,13),(6,'SERVICIOS','2023-12-13','2023-12-13 23:41:37',3,'40% las miquinas total 360 mil',144000,NULL,0,1,13),(7,'OTROS','2023-12-13','2023-12-13 23:42:25',3,'Pago vigilancia ',80000,NULL,0,1,13),(8,'OTROS','2023-12-13','2023-12-13 23:43:58',3,'Pago admin hector ',55000,NULL,0,1,13),(9,'OTROS','2023-12-16','2023-12-16 17:45:14',3,'Compra shampoo ',90000,NULL,0,1,17);

--
-- Table structure for table `suministrosempleado`
--

CREATE TABLE `suministrosempleado` (
  `suministrosempleado_id` int(11) NOT NULL AUTO_INCREMENT,
  `suministrosempleado_idoperario` int(11) NOT NULL,
  `suministrosempleado_cantidad` varchar(45) NOT NULL,
  `suministrosempleado_fecha` date DEFAULT NULL,
  `suministrosempleado_datet` timestamp NULL DEFAULT NULL,
  `suministrosempleado_creador` int(11) DEFAULT NULL,
  `suministrosempleado_tiposuministro` varchar(45) NOT NULL,
  PRIMARY KEY (`suministrosempleado_id`)
) ENGINE=InnoDB DEFAULT CHARSET=latin1 COLLATE=latin1_swedish_ci;

--
-- Dumping data for table `suministrosempleado`
--


--
-- Table structure for table `tarjeta`
--

CREATE TABLE `tarjeta` (
  `tarjeta_id` int(11) NOT NULL AUTO_INCREMENT,
  `tarjeta_estado` tinyint(4) DEFAULT 0,
  `tarjeta_fechacodificacion` timestamp NULL DEFAULT current_timestamp(),
  `tarjeta_activa` tinyint(4) DEFAULT 1,
  PRIMARY KEY (`tarjeta_id`)
) ENGINE=InnoDB AUTO_INCREMENT=1057 DEFAULT CHARSET=latin1 COLLATE=latin1_swedish_ci;

--
-- Dumping data for table `tarjeta`
--

INSERT INTO `tarjeta` VALUES (1000,0,'2020-03-02 00:36:45',1),(1001,0,'2020-03-02 00:36:45',1),(1002,0,'2020-03-02 00:36:45',1),(1003,0,'2020-03-02 00:36:45',1),(1004,0,'2020-03-02 00:36:45',1),(1005,0,'2020-03-02 00:36:45',1),(1006,0,'2020-03-02 00:36:45',1),(1007,0,'2020-03-02 00:36:45',1),(1008,0,'2020-03-02 04:18:10',1),(1009,0,'2020-03-02 04:18:11',1),(1010,0,'2020-03-02 04:18:12',1),(1011,0,'2020-03-02 04:18:12',1),(1012,0,'2020-03-02 04:18:13',1),(1013,0,'2020-03-02 04:18:13',1),(1014,0,'2020-03-02 04:18:14',1),(1015,0,'2020-03-02 04:18:14',1),(1016,0,'2020-03-02 04:18:15',1),(1017,0,'2020-03-02 04:18:15',1),(1018,0,'2020-03-02 04:18:16',1),(1019,0,'2020-03-02 04:18:16',1),(1020,0,'2020-03-02 04:18:17',1),(1021,0,'2020-03-02 04:18:17',1),(1022,0,'2020-03-02 04:18:18',1),(1023,0,'2020-03-02 04:18:19',1),(1024,0,'2020-03-02 04:18:19',1),(1025,0,'2020-03-02 04:18:20',1),(1026,0,'2020-03-02 04:18:20',1),(1027,0,'2020-03-02 04:18:21',1),(1028,0,'2020-03-02 04:18:22',1),(1029,0,'2020-03-02 04:18:22',1),(1030,0,'2020-03-02 04:19:29',0),(1031,0,'2020-03-02 04:19:29',0),(1032,0,'2020-03-02 04:19:29',0),(1033,0,'2020-03-02 04:19:29',0),(1034,0,'2020-03-02 04:19:29',0),(1035,0,'2020-03-02 04:19:30',0),(1036,0,'2020-03-02 04:19:30',0),(1037,0,'2020-03-02 04:19:30',0),(1038,0,'2020-03-02 04:19:30',0),(1039,0,'2020-03-02 04:19:30',0),(1040,0,'2020-03-02 04:19:31',0),(1041,0,'2020-03-02 04:19:31',0),(1042,0,'2020-03-02 04:19:31',0),(1043,0,'2020-03-02 04:19:31',0),(1044,0,'2020-03-02 04:19:31',0),(1045,0,'2020-03-02 04:19:32',0),(1046,0,'2020-03-02 04:19:32',0),(1047,0,'2020-03-02 04:19:32',0),(1048,0,'2020-03-02 04:19:32',0),(1049,0,'2020-03-02 04:19:33',0),(1050,0,'2020-03-02 04:19:33',0),(1051,0,'2020-03-02 04:19:33',0),(1052,0,'2020-03-02 04:19:33',0),(1053,0,'2020-03-02 04:19:33',0),(1054,0,'2020-03-02 04:19:34',0),(1055,0,'2020-03-02 04:19:34',0),(1056,0,'2020-03-02 04:19:34',0);

--
-- Table structure for table `tipo_contrato`
--

CREATE TABLE `tipo_contrato` (
  `id` int(11) NOT NULL AUTO_INCREMENT,
  `nombre` varchar(45) DEFAULT NULL,
  PRIMARY KEY (`id`)
) ENGINE=InnoDB AUTO_INCREMENT=4 DEFAULT CHARSET=latin1 COLLATE=latin1_swedish_ci;

--
-- Dumping data for table `tipo_contrato`
--

INSERT INTO `tipo_contrato` VALUES (1,'Indefinido'),(2,'Prestacion de Servicios'),(3,'Obra o Labor');

--
-- Table structure for table `tipo_identificacion`
--

CREATE TABLE `tipo_identificacion` (
  `id` int(11) NOT NULL AUTO_INCREMENT,
  `nombre` varchar(45) DEFAULT NULL,
  PRIMARY KEY (`id`)
) ENGINE=InnoDB AUTO_INCREMENT=6 DEFAULT CHARSET=latin1 COLLATE=latin1_swedish_ci;

--
-- Dumping data for table `tipo_identificacion`
--

INSERT INTO `tipo_identificacion` VALUES (1,'Tarjeta de Identidad'),(2,'Cedula'),(3,'Cedula Extranjera'),(4,'Pasaporte'),(5,'NIT');

--
-- Table structure for table `tipo_vehiculo`
--

CREATE TABLE `tipo_vehiculo` (
  `id` int(11) NOT NULL AUTO_INCREMENT,
  `nombre` varchar(45) DEFAULT NULL,
  PRIMARY KEY (`id`)
) ENGINE=InnoDB AUTO_INCREMENT=8 DEFAULT CHARSET=latin1 COLLATE=latin1_swedish_ci;

--
-- Dumping data for table `tipo_vehiculo`
--

INSERT INTO `tipo_vehiculo` VALUES (1,'AUTOMOVIL'),(2,'CAMIONETA'),(3,'MOTO BC'),(4,'MOTO AC'),(5,'AUTOMOVIL LOS COCHES'),(6,'CAMIONETA LOS COCHES'),(7,'MOTO LOS COCHES');

--
-- Table structure for table `tipo_vehiculo_tarifas`
--

CREATE TABLE `tipo_vehiculo_tarifas` (
  `id` int(11) NOT NULL AUTO_INCREMENT,
  `id_tipo_vehiculo` int(11) DEFAULT NULL,
  `idServicio` int(11) DEFAULT NULL,
  `valor` int(11) DEFAULT NULL,
  `valorporcentaje` double DEFAULT NULL,
  `valorconcesor` double DEFAULT NULL,
  `tiempominutos` int(11) DEFAULT NULL,
  PRIMARY KEY (`id`),
  KEY `fk2_tipo_vehiculo9_idx` (`id_tipo_vehiculo`)
) ENGINE=InnoDB AUTO_INCREMENT=28 DEFAULT CHARSET=latin1 COLLATE=latin1_swedish_ci;

--
-- Dumping data for table `tipo_vehiculo_tarifas`
--

INSERT INTO `tipo_vehiculo_tarifas` VALUES (1,1,1,18000,40,7200,60),(2,1,4,40000,40,16000,75),(3,1,6,60000,40,24000,75),(4,1,2,26000,40,10400,75),(5,1,3,35000,40,14000,75),(6,1,7,55000,40,22000,75),(7,1,8,55000,40,22000,90),(8,1,5,40000,40,16000,75),(9,1,9,100000,40,40000,120),(10,2,1,25000,40,10000,60),(11,2,4,50000,40,20000,75),(12,2,6,70000,40,28000,75),(13,2,2,32000,40,12800,75),(14,2,3,45000,40,18000,75),(15,2,7,65000,40,26000,75),(16,2,8,65000,40,26000,90),(17,2,5,50000,40,20000,75),(18,2,9,130000,40,52000,120),(19,4,1,20000,40,8000,40),(20,4,10,30000,40,12000,60),(21,3,1,15000,40,6000,40),(22,3,10,25000,40,10000,60),(23,5,1,16000,40,6400,60),(24,5,6,32000,40,12800,75),(25,6,1,22000,40,8800,60),(26,6,6,42000,40,16800,75),(27,7,1,20000,40,8000,60);

--
-- Table structure for table `tipoproducto`
--

CREATE TABLE `tipoproducto` (
  `tipoproducto_id` int(11) NOT NULL AUTO_INCREMENT,
  `tipoproducto_nombre` text DEFAULT NULL,
  PRIMARY KEY (`tipoproducto_id`)
) ENGINE=InnoDB DEFAULT CHARSET=latin1 COLLATE=latin1_swedish_ci;

--
-- Dumping data for table `tipoproducto`
--


--
-- Table structure for table `vales`
--

CREATE TABLE `vales` (
  `vales_id` int(11) NOT NULL AUTO_INCREMENT,
  `vales_tipovale` varchar(45) NOT NULL,
  `vales_fechavale` date DEFAULT NULL,
  `vales_fechavalet` timestamp NULL DEFAULT NULL,
  `vales_descripcion` text NOT NULL,
  `vales_idoperario` int(11) NOT NULL,
  `vales_creador` int(11) DEFAULT NULL,
  `vales_valor` double NOT NULL,
  `vales_revisado` int(11) DEFAULT 0,
  `vales_cierrecaja` tinyint(4) DEFAULT 0,
  `vales_cierrecaja_id` int(11) DEFAULT NULL,
  `vales_facturado` tinyint(4) DEFAULT 0,
  PRIMARY KEY (`vales_id`)
) ENGINE=InnoDB DEFAULT CHARSET=latin1 COLLATE=latin1_swedish_ci;

--
-- Dumping data for table `vales`
--


--
-- Table structure for table `vehiculoparqueadero`
--

CREATE TABLE `vehiculoparqueadero` (
  `vehiculoparqueadero_id` int(11) NOT NULL AUTO_INCREMENT,
  `vehiculoparqueadero_placa` varchar(45) DEFAULT NULL,
  `parqueadero_fechamensualidad` date DEFAULT NULL,
  `parqueadero_valor` double DEFAULT NULL,
  `parqueadero_nombre` varchar(150) DEFAULT NULL,
  `parqueadero_celular` double DEFAULT NULL,
  PRIMARY KEY (`vehiculoparqueadero_id`)
) ENGINE=InnoDB DEFAULT CHARSET=latin1 COLLATE=latin1_swedish_ci;

--
-- Dumping data for table `vehiculoparqueadero`
--


--
-- Table structure for table `vehiculos`
--

CREATE TABLE `vehiculos` (
  `id` int(11) NOT NULL AUTO_INCREMENT,
  `color` varchar(45) DEFAULT NULL,
  `vehiculos_placa` varchar(45) DEFAULT NULL,
  `idTipoVehiculo` int(11) DEFAULT NULL,
  `idCliente` int(11) DEFAULT NULL,
  `idMarcaVehiculo` int(11) DEFAULT NULL,
  `vehiculos_cortesia` int(11) DEFAULT 0,
  PRIMARY KEY (`id`)
) ENGINE=InnoDB AUTO_INCREMENT=1225 DEFAULT CHARSET=latin1 COLLATE=latin1_swedish_ci;

--
-- Dumping data for table `vehiculos`
--

INSERT INTO `vehiculos` VALUES (1,NULL,'GTQ849',1,2,NULL,0),(2,NULL,'MKQ839',1,3,NULL,0),(3,NULL,'MAQ849',1,4,NULL,0),(4,NULL,'HHT133',2,5,NULL,0),(5,NULL,'099345',5,6,NULL,0),(6,NULL,'NAR290',1,7,NULL,0),(7,NULL,'KNO472',2,8,NULL,0),(8,NULL,'DKU214',1,9,NULL,0),(9,NULL,'KNS780',1,10,NULL,0),(10,NULL,'JNN542',2,11,NULL,0),(11,NULL,'EOZ351',2,12,NULL,0),(12,NULL,'KNR277',1,13,NULL,0),(13,NULL,'BYX909',1,14,NULL,0),(14,NULL,'KNQ499',2,15,NULL,0),(15,NULL,'Fpu392',1,16,NULL,0),(16,NULL,'GTQ845',1,17,NULL,0),(17,NULL,'BZB595',2,18,NULL,0),(18,NULL,'GVM249',1,19,NULL,0),(19,NULL,'LPT676',1,20,NULL,0),(20,NULL,'GTS292',1,21,NULL,0),(21,NULL,'STQ570',1,22,NULL,0),(22,NULL,'LOY532',2,23,NULL,0),(23,NULL,'NAQ065',1,24,NULL,0),(24,NULL,'MXZ686',1,25,NULL,0),(25,NULL,'FOV304',2,26,NULL,0),(26,NULL,'JBR902',1,27,NULL,0),(27,NULL,'MBS810',2,28,NULL,0),(28,NULL,'KNN374',1,29,NULL,0),(29,NULL,'JJY297',1,30,NULL,0),(30,NULL,'RMS629',1,31,NULL,0),(31,NULL,'GCU630',2,32,NULL,0),(32,NULL,'HHQ682',2,33,NULL,0),(33,NULL,'GTP732',2,34,NULL,0),(34,NULL,'LPR357',2,35,NULL,0),(35,NULL,'DDW078',2,36,NULL,0),(36,NULL,'GTR752',1,37,NULL,0),(37,NULL,'LPU273',2,38,NULL,0),(38,NULL,'MXS200',1,39,NULL,0),(39,NULL,'MUU577',1,40,NULL,0),(40,NULL,'MIV545',1,41,NULL,0),(41,NULL,'JWU139',1,42,NULL,0),(42,NULL,'UEV213',1,43,NULL,0),(43,NULL,'KGE669',2,44,NULL,0),(44,NULL,'PEL227',2,45,NULL,0),(45,NULL,'ENX748',1,46,NULL,0),(46,NULL,'DEX518',1,47,NULL,0),(47,NULL,'GTQ692',1,48,NULL,0),(48,NULL,'JJT286',1,49,NULL,0),(49,NULL,'CFK99G',4,50,NULL,0),(50,NULL,'UEV846',1,51,NULL,0),(51,NULL,'GTN251',2,52,NULL,0),(52,NULL,'MSV933',1,53,NULL,0),(53,NULL,'HHV858',2,54,NULL,0),(54,NULL,'UER472',2,55,NULL,0),(55,NULL,'JJY098',2,56,NULL,0),(56,NULL,'LPU177',1,57,NULL,0),(57,NULL,'GTN382',1,58,NULL,0),(58,NULL,'DKV964',1,59,NULL,0),(59,NULL,'NAK118',1,60,NULL,0),(60,NULL,'SNX787',2,61,NULL,0),(61,NULL,'GTT663',1,62,NULL,0),(62,NULL,'MBL758',1,63,NULL,0),(63,NULL,'KGK073',1,64,NULL,0),(64,NULL,'CNN77E',4,65,NULL,0),(65,NULL,'IZN788',1,66,NULL,0),(66,NULL,'CYV813',1,67,NULL,0),(67,NULL,'HYK249',1,68,NULL,0),(68,NULL,'UEQ868',1,69,NULL,0),(69,NULL,'RCN049',1,70,NULL,0),(70,NULL,'HHV285',2,71,NULL,0),(71,NULL,'PXL04C',4,72,NULL,0),(72,NULL,'MNY553',1,73,NULL,0),(73,NULL,'EPN462',1,74,NULL,0),(74,NULL,'GTP616',1,75,NULL,0),(75,NULL,'EOZ122',2,76,NULL,0),(76,NULL,'DCF21E',4,77,NULL,0),(77,NULL,'FIP430',2,78,NULL,0),(78,NULL,'JJU597',2,79,NULL,0),(79,NULL,'EWO476',2,80,NULL,0),(80,NULL,'CCR842',1,81,NULL,0),(81,NULL,'RMX334',1,82,NULL,0),(82,NULL,'DKR610',1,83,NULL,0),(83,NULL,'DKT984',1,84,NULL,0),(84,NULL,'MEGANE',1,85,NULL,0),(85,NULL,'GTS395',2,86,NULL,0),(86,NULL,'GTT705',1,87,NULL,0),(87,NULL,'LPT952',1,88,NULL,0),(88,NULL,'GKL444',2,89,NULL,0),(89,NULL,'EPO877',1,90,NULL,0),(90,NULL,'JJW997',2,91,NULL,0),(91,NULL,'IZZ314',1,92,NULL,0),(92,NULL,'NQH85F',3,93,NULL,0),(93,NULL,'CSZ008',2,94,NULL,0),(94,NULL,'IDN158',2,95,NULL,0),(95,NULL,'KXK103',2,96,NULL,0),(96,NULL,'MFW055',2,97,NULL,0),(97,NULL,'HAT387',1,98,NULL,0),(98,NULL,'DQW832',1,99,NULL,0),(99,NULL,'JJY030',2,100,NULL,0),(100,NULL,'00K43D',4,101,NULL,0),(101,NULL,'KNP572',2,102,NULL,0),(102,NULL,'IZW312',1,103,NULL,0),(103,NULL,'GTN630',1,104,NULL,0),(104,NULL,'DKS915',1,105,NULL,0),(105,NULL,'UEU921',1,106,NULL,0),(106,NULL,'LPR947',1,107,NULL,0),(107,NULL,'JJY937',1,108,NULL,0),(108,NULL,'GTT644',1,109,NULL,0),(109,NULL,'KNQ672',1,110,NULL,0),(110,NULL,'KNR057',2,111,NULL,0),(111,NULL,'JJY947',1,112,NULL,0),(112,NULL,'CDZ559',1,113,NULL,0),(113,NULL,'GTP917',2,114,NULL,0),(114,NULL,'UEU945',1,115,NULL,0),(115,NULL,'LPU866',2,116,NULL,0),(116,NULL,'GFU604',1,117,NULL,0),(117,NULL,'GDO792',2,118,NULL,0),(118,NULL,'OOQ43F',3,119,NULL,0),(119,NULL,'CUK817',1,120,NULL,0),(120,NULL,'UES311',1,121,NULL,0),(121,NULL,'EPL088',1,122,NULL,0),(122,NULL,'CZI873',1,123,NULL,0),(123,NULL,'FDK17G',3,124,NULL,0),(124,NULL,'NAR867',1,125,NULL,0),(125,NULL,'DXK778',1,126,NULL,0),(126,NULL,'HAK392',2,127,NULL,0),(127,NULL,'LXL374',1,128,NULL,0),(128,NULL,'EOZ592',2,129,NULL,0),(129,NULL,'DBS017',1,130,NULL,0),(130,NULL,'KNN440',1,131,NULL,0),(131,NULL,'GTP453',1,132,NULL,0),(132,NULL,'KNR221',1,133,NULL,0),(133,NULL,'KNQ750',1,134,NULL,0),(134,NULL,'EPO923',2,135,NULL,0),(135,NULL,'AVJ023',1,136,NULL,0),(136,NULL,'KNP140',2,137,NULL,0),(137,NULL,'EOZ360',1,138,NULL,0),(138,NULL,'EPO488',1,139,NULL,0),(139,NULL,'FOV846',2,140,NULL,0),(140,NULL,'EPM457',2,141,NULL,0),(141,NULL,'MOM896',1,142,NULL,0),(142,NULL,'BRJ86',3,143,NULL,0),(143,NULL,'KHP990',1,144,NULL,0),(144,NULL,'EIN354',1,145,NULL,0),(145,NULL,'JOX999',1,146,NULL,0),(146,NULL,'CPW873',1,147,NULL,0),(147,NULL,'ZRN137',1,148,NULL,0),(148,NULL,'KNQ856',2,149,NULL,0),(149,NULL,'UER728',2,150,NULL,0),(150,NULL,'MOU231',2,151,NULL,0),(151,NULL,'EOY281',1,152,NULL,0),(152,NULL,'DKV314',1,153,NULL,0),(153,NULL,'UEW146',1,154,NULL,0),(154,NULL,'MJD34D',3,155,NULL,0),(155,NULL,'BBP03D',3,156,NULL,0),(156,NULL,'KGU652',1,157,NULL,0),(157,NULL,'EPN762',2,158,NULL,0),(158,NULL,'JJU394',1,159,NULL,0),(159,NULL,'EOY881',1,160,NULL,0),(160,NULL,'NAK240',1,161,NULL,0),(161,NULL,'HHV924',1,162,NULL,0),(162,NULL,'KMT275',1,163,NULL,0),(163,NULL,'KNQ370',1,164,NULL,0),(164,NULL,'MSR111',2,165,NULL,0),(165,NULL,'FHE214',1,166,NULL,0),(166,NULL,'NBV942',1,167,NULL,0),(167,NULL,'DKV789',1,168,NULL,0),(168,NULL,'DKW307',1,169,NULL,0),(169,NULL,'FCX46G',4,170,NULL,0),(170,NULL,'EIK836',1,171,NULL,0),(171,NULL,'JVS728',2,172,NULL,0),(172,NULL,'LPT831',1,173,NULL,0),(173,NULL,'JZZ830',2,174,NULL,0),(174,NULL,'DQL640',1,175,NULL,0),(175,NULL,'LPT105',2,176,NULL,0),(176,NULL,'JIU379',1,177,NULL,0),(177,NULL,'JJU158',1,178,NULL,0),(178,NULL,'JJU495',2,179,NULL,0),(179,NULL,'EPO028',1,180,NULL,0),(180,NULL,'OUJ96G',4,181,NULL,0),(181,NULL,'STR057',1,182,NULL,0),(182,NULL,'KNO041',1,183,NULL,0),(183,NULL,'JRS928',1,184,NULL,0),(184,NULL,'LPR592',1,185,NULL,0),(185,NULL,'JTZ891',2,186,NULL,0),(186,NULL,'EPL160',1,187,NULL,0),(187,NULL,'LPS676',1,188,NULL,0),(188,NULL,'KNS568',2,189,NULL,0),(189,NULL,'IJY085',1,190,NULL,0),(190,NULL,'NAP719',1,191,NULL,0),(191,NULL,'HEL708',2,192,NULL,0),(192,NULL,'GTR574',1,193,NULL,0),(193,NULL,'IZZ007',1,194,NULL,0),(194,NULL,'JJV807',1,195,NULL,0),(195,NULL,'SNX68G',4,196,NULL,0),(196,NULL,'JQL476',2,197,NULL,0),(197,NULL,'HHX193',1,198,NULL,0),(198,NULL,'CMD884',1,199,NULL,0),(199,NULL,'GTR453',2,200,NULL,0),(200,NULL,'LPS762',1,201,NULL,0),(201,NULL,'MSY277',1,202,NULL,0),(202,NULL,'FVP370',1,203,NULL,0),(203,NULL,'GJL056',1,204,NULL,0),(204,NULL,'NAM846',1,205,NULL,0),(205,NULL,'JJU403',2,206,NULL,0),(206,NULL,'JJY045',1,207,NULL,0),(207,NULL,'UBP963',1,208,NULL,0),(208,NULL,'GTP421',1,209,NULL,0),(209,NULL,'GTN372',1,210,NULL,0),(210,NULL,'MKA31D',4,211,NULL,0),(211,NULL,'KIH626',1,212,NULL,0),(212,NULL,'NBS688',2,213,NULL,0),(213,NULL,'JJW917',1,214,NULL,0),(214,NULL,'IZW927',1,215,NULL,0),(215,NULL,'NAP842',1,216,NULL,0),(216,NULL,'GTQ245',2,217,NULL,0),(217,NULL,'UEQ835',1,218,NULL,0),(218,NULL,'DKV323',1,219,NULL,0),(219,NULL,'DBX956',1,220,NULL,0),(220,NULL,'KNR901',1,221,NULL,0),(221,NULL,'KIL633',1,222,NULL,0),(222,NULL,'NDR300',2,223,NULL,0),(223,NULL,'UET441',1,224,NULL,0),(224,NULL,'HHV854',1,225,NULL,0),(225,NULL,'DKV640',1,226,NULL,0),(226,NULL,'UET811',1,227,NULL,0),(227,NULL,'KNO294',1,228,NULL,0),(228,NULL,'KII609',1,229,NULL,0),(229,NULL,'EPM839',1,230,NULL,0),(230,NULL,'COC638',1,231,NULL,0),(231,NULL,'EPM169',1,232,NULL,0),(232,NULL,'CVO542',1,233,NULL,0),(233,NULL,'EPN230',2,234,NULL,0),(234,NULL,'JJY470',1,235,NULL,0),(235,NULL,'IMT804',2,236,NULL,0),(236,NULL,'HKX921',1,237,NULL,0),(237,NULL,'UER118',2,238,NULL,0),(238,NULL,'ENZ199',2,239,NULL,0),(239,NULL,'JBR724',1,240,NULL,0),(240,NULL,'NAK887',1,241,NULL,0),(241,NULL,'FSU610',2,242,NULL,0),(242,NULL,'FBU635',1,243,NULL,0),(243,NULL,'IWQ941',1,244,NULL,0),(244,NULL,'JJY381',2,245,NULL,0),(245,NULL,'JCW892',1,246,NULL,0),(246,NULL,'JKK912',1,247,NULL,0),(247,NULL,'HHX294',2,248,NULL,0),(248,NULL,'GTR741',1,249,NULL,0),(249,NULL,'HWR256',1,250,NULL,0),(250,NULL,'MFX748',1,251,NULL,0),(251,NULL,'OKP45F',4,252,NULL,0),(252,NULL,'HHY410',1,253,NULL,0),(253,NULL,'LTY715',2,254,NULL,0),(254,NULL,'GTN392',2,255,NULL,0),(255,NULL,'UET972',1,256,NULL,0),(256,NULL,'BLE755',2,257,NULL,0),(257,NULL,'EPO325',1,258,NULL,0),(258,NULL,'LPS057',2,259,NULL,0),(259,NULL,'UGU140',2,260,NULL,0),(260,NULL,'DKU297',2,261,NULL,0),(261,NULL,'EOZ925',2,262,NULL,0),(262,NULL,'PFV141',1,263,NULL,0),(263,NULL,'EHX021',1,264,NULL,0),(264,NULL,'KNO885',1,265,NULL,0),(265,NULL,'IZP102',2,266,NULL,0),(266,NULL,'KNO165',2,267,NULL,0),(267,NULL,'LPT581',2,268,NULL,0),(268,NULL,'PEP904',2,269,NULL,0),(269,NULL,'UES803',1,270,NULL,0),(270,NULL,'MUZ487',2,271,NULL,0),(271,NULL,'EPN716',2,272,NULL,0),(272,NULL,'LPU282',1,273,NULL,0),(273,NULL,'FIQ507',1,274,NULL,0),(274,NULL,'LEW454',1,275,NULL,0),(275,NULL,'WUN90A',4,276,NULL,0),(276,NULL,'LPT358',2,277,NULL,0),(277,NULL,'KNS267',2,278,NULL,0),(278,NULL,'DKR041',1,279,NULL,0),(279,NULL,'KSQ384',2,280,NULL,0),(280,NULL,'KJW534',2,281,NULL,0),(281,NULL,'LZW743',2,282,NULL,0),(282,NULL,'HKK470',1,283,NULL,0),(283,NULL,'KNO460',1,284,NULL,0),(284,NULL,'ETM009',1,285,NULL,0),(285,NULL,'WFC14D',4,286,NULL,0),(286,NULL,'NAC069',1,287,NULL,0),(287,NULL,'JJY938',1,288,NULL,0),(288,NULL,'LPU408',2,289,NULL,0),(289,NULL,'EPO532',2,290,NULL,0),(290,NULL,'NAV112',1,291,NULL,0),(291,NULL,'DTO103',2,292,NULL,0),(292,NULL,'LPU470',1,293,NULL,0),(293,NULL,'EPN778',1,294,NULL,0),(294,NULL,'NAV300',1,295,NULL,0),(295,NULL,'BYD839',2,296,NULL,0),(296,NULL,'GTR289',1,297,NULL,0),(297,NULL,'NAV344',1,298,NULL,0),(298,NULL,'EWK655',1,299,NULL,0),(299,NULL,'BZQ161',1,300,NULL,0),(300,NULL,'GTN423',2,301,NULL,0),(301,NULL,'STP568',1,302,NULL,0),(302,NULL,'NAT877',2,303,NULL,0),(303,NULL,'ZIX973',2,304,NULL,0),(304,NULL,'LPU672',2,305,NULL,0),(305,NULL,'IAP844',1,306,NULL,0),(306,NULL,'GTP860',1,307,NULL,0),(307,NULL,'LTN335',1,308,NULL,0),(308,NULL,'NAT654',1,309,NULL,0),(309,NULL,'EPO056',2,310,NULL,0),(310,NULL,'GTS570',1,311,NULL,0),(311,NULL,'OTX78G',4,312,NULL,0),(312,NULL,'UTP780',1,313,NULL,0),(313,NULL,'LLW065',2,314,NULL,0),(314,NULL,'DQX465',2,315,NULL,0),(315,NULL,'TUK82D',3,316,NULL,0),(316,NULL,'RLO022',1,317,NULL,0),(317,NULL,'NAT458',1,318,NULL,0),(318,NULL,'LPT569',2,319,NULL,0),(319,NULL,'VUN33F',3,320,NULL,0),(320,NULL,'KNR168',2,321,NULL,0),(321,NULL,'IML865',1,322,NULL,0),(322,NULL,'SQL718',2,323,NULL,0),(323,NULL,'BYN714',2,324,NULL,0),(324,NULL,'DKV205',2,325,NULL,0),(325,NULL,'KNN677',1,326,NULL,0),(326,NULL,'GLS335',1,327,NULL,0),(327,NULL,'LCW063',2,328,NULL,0),(328,NULL,'OUT10G',4,329,NULL,0),(329,NULL,'KNS283',1,330,NULL,0),(330,NULL,'GTN918',1,331,NULL,0),(331,NULL,'EPL794',1,332,NULL,0),(332,NULL,'MYA94F',4,333,NULL,0),(333,NULL,'DKR611',1,334,NULL,0),(334,NULL,'DIL984',1,335,NULL,0),(335,NULL,'KNN729',1,336,NULL,0),(336,NULL,'KVY259',2,337,NULL,0),(337,NULL,'HHQ626',1,338,NULL,0),(338,NULL,'IGQ181',1,339,NULL,0),(339,NULL,'PFV629',1,340,NULL,0),(340,NULL,'JJX231',1,341,NULL,0),(341,NULL,'EPM211',1,342,NULL,0),(342,NULL,'NAS236',2,343,NULL,0),(343,NULL,'GSS352',1,344,NULL,0),(344,NULL,'LPT122',1,345,NULL,0),(345,NULL,'IAX443',1,346,NULL,0),(346,NULL,'BYY812 ',2,347,NULL,0),(347,NULL,'NDT546',1,348,NULL,0),(348,NULL,'KNO235',1,349,NULL,0),(349,NULL,'KNS340',2,350,NULL,0),(350,NULL,'KNS513 ',1,351,NULL,0),(351,NULL,'GTR576',2,352,NULL,0),(352,NULL,'OVM317',2,353,NULL,0),(353,NULL,'UEW083',2,354,NULL,0),(354,NULL,'KNQ308',2,355,NULL,0),(355,NULL,'RDT747',1,356,NULL,0),(356,NULL,'LPS513 ',1,357,NULL,0),(357,NULL,'DCZ819',2,358,NULL,0),(358,NULL,'NMN118',2,359,NULL,0),(359,NULL,'KNQ652',1,360,NULL,0),(360,NULL,'EPL215',2,361,NULL,0),(361,NULL,'EPO274',2,362,NULL,0),(362,NULL,'IML060',2,363,NULL,0),(363,NULL,'EPP023',2,364,NULL,0),(364,NULL,'FVQ556',2,365,NULL,0),(365,NULL,'JJU899',1,366,NULL,0),(366,NULL,'HHT668',2,367,NULL,0),(367,NULL,'NAK073',2,368,NULL,0),(368,NULL,'NAS344',1,369,NULL,0),(369,NULL,'HHT289',2,370,NULL,0),(370,NULL,'DCW796',1,371,NULL,0),(371,NULL,'NAP668',1,372,NULL,0),(372,NULL,'CRK297',2,373,NULL,0),(373,NULL,'JJU648',2,374,NULL,0),(374,NULL,'KNN354',1,375,NULL,0),(375,NULL,'KNN319',2,376,NULL,0),(376,NULL,'GTP538',2,377,NULL,0),(377,NULL,'BZU028',1,378,NULL,0),(378,NULL,'NAO438',1,379,NULL,0),(379,NULL,'JJX912',1,380,NULL,0),(380,NULL,'EPN654',2,381,NULL,0),(381,NULL,'FDN64G',4,382,NULL,0),(382,NULL,'EPM597',1,383,NULL,0),(383,NULL,'FGR937',1,384,NULL,0),(384,NULL,'HAK114',2,385,NULL,0),(385,NULL,'HHV999',1,386,NULL,0),(386,NULL,'FYQ085',2,387,NULL,0),(387,NULL,'MJP443',1,388,NULL,0),(388,NULL,'CNC683',1,389,NULL,0),(389,NULL,'GSP813',1,390,NULL,0),(390,NULL,'UVC58C',4,391,NULL,0),(391,NULL,'GTQ295',2,392,NULL,0),(392,NULL,'LPT103',1,393,NULL,0),(393,NULL,'FWR412',1,394,NULL,0),(394,NULL,'HHW417',1,395,NULL,0),(395,NULL,'GTS8767',2,396,NULL,0),(396,NULL,'WOC30A',3,397,NULL,0),(397,NULL,'KNQ132',2,398,NULL,0),(398,NULL,'EPP068',1,399,NULL,0),(399,NULL,'DKT846',1,400,NULL,0),(400,NULL,'FEC074',2,401,NULL,0),(401,NULL,'DKV678',1,402,NULL,0),(402,NULL,'MOX809',1,403,NULL,0),(403,NULL,'EPW450',1,404,NULL,0),(404,NULL,'FRX70C',4,405,NULL,0),(405,NULL,'JJV250',1,406,NULL,0),(406,NULL,'KSS142',1,407,NULL,0),(407,NULL,'GCQ448',1,408,NULL,0),(408,NULL,'KQL093',2,409,NULL,0),(409,NULL,'JDO180',1,410,NULL,0),(410,NULL,'JSP456',1,411,NULL,0),(411,NULL,'EPM124',1,412,NULL,0),(412,NULL,'GTQ220',1,413,NULL,0),(413,NULL,'JBS074',2,414,NULL,0),(414,NULL,'CPT409',1,415,NULL,0),(415,NULL,'KNQ891',2,416,NULL,0),(416,NULL,'HPX388',1,417,NULL,0),(417,NULL,'EMS555',2,418,NULL,0),(418,NULL,'KNN670',1,419,NULL,0),(419,NULL,'DKU610',1,420,NULL,0),(420,NULL,'KNP128',1,421,NULL,0),(421,NULL,'GTP845',2,422,NULL,0),(422,NULL,'HFM577',2,423,NULL,0),(423,NULL,'GTR630',1,424,NULL,0),(424,NULL,'UET764',1,425,NULL,0),(425,NULL,'GTQ472',2,426,NULL,0),(426,NULL,'LPS859',2,427,NULL,0),(427,NULL,'JIR582',2,428,NULL,0),(428,NULL,'BCT27C',3,429,NULL,0),(429,NULL,'UEW307',2,430,NULL,0),(430,NULL,'GTR018',1,431,NULL,0),(431,NULL,'JMV59G',4,432,NULL,0),(432,NULL,'RKO447',1,433,NULL,0),(433,NULL,'JJY148',1,434,NULL,0),(434,NULL,'GTS855',2,435,NULL,0),(435,NULL,'DGU682',1,436,NULL,0),(436,NULL,'LPU941',1,437,NULL,0),(437,NULL,'NAK547',1,438,NULL,0),(438,NULL,'LPS002',2,439,NULL,0),(439,NULL,'SPK90C',3,440,NULL,0),(440,NULL,'GTT246',1,441,NULL,0),(441,NULL,'UET213',1,442,NULL,0),(442,NULL,'DXT910',1,443,NULL,0),(443,NULL,'FCR404',1,444,NULL,0),(444,NULL,'LPS692',2,445,NULL,0),(445,NULL,'EGW951',2,446,NULL,0),(446,NULL,'BRP356',1,447,NULL,0),(447,NULL,'MNO382',1,448,NULL,0),(448,NULL,'EPN152',2,449,NULL,0),(449,NULL,'EOZ014',1,450,NULL,0),(450,NULL,'NAC179',2,451,NULL,0),(451,NULL,'IRY637',1,452,NULL,0),(452,NULL,'NAT307',2,453,NULL,0),(453,NULL,'CYV107',1,454,NULL,0),(454,NULL,'EPP064',1,455,NULL,0),(455,NULL,'KNQ645',1,456,NULL,0),(456,NULL,'NAS981',1,457,NULL,0),(457,NULL,'MWN801',2,458,NULL,0),(458,NULL,'KII475',1,459,NULL,0),(459,NULL,'LHX129',1,460,NULL,0),(460,NULL,'DZX05G',4,461,NULL,0),(461,NULL,'LHZ981',1,462,NULL,0),(462,NULL,'GTN667',1,463,NULL,0),(463,NULL,'MJN88D',3,464,NULL,0),(464,NULL,'KMK683',1,465,NULL,0),(465,NULL,'KFM005',1,466,NULL,0),(466,NULL,'HSW434',1,467,NULL,0),(467,NULL,'RZL862',2,468,NULL,0),(468,NULL,'NAP045',1,469,NULL,0),(469,NULL,'MBQ812 ',1,470,NULL,0),(470,NULL,'AQV21E',4,471,NULL,0),(471,NULL,'EPM821',1,472,NULL,0),(472,NULL,'GTQ876',2,473,NULL,0),(473,NULL,'JJY488',1,474,NULL,0),(474,NULL,'NAN117',1,475,NULL,0),(475,NULL,'GHW843',2,476,NULL,0),(476,NULL,'LPS286',1,477,NULL,0),(477,NULL,'IIV868',2,478,NULL,0),(478,NULL,'JHU272',2,479,NULL,0),(479,NULL,'KNQ615',1,480,NULL,0),(480,NULL,'BWU12C',4,481,NULL,0),(481,NULL,'EPO098',2,482,NULL,0),(482,NULL,'COZ01',4,483,NULL,0),(483,NULL,'KNO629',2,484,NULL,0),(484,NULL,'KNR546',2,485,NULL,0),(485,NULL,'DKW554',1,486,NULL,0),(486,NULL,'EYV69F',4,487,NULL,0),(487,NULL,'GTQ784',2,488,NULL,0),(488,NULL,'LPU6377',1,489,NULL,0),(489,NULL,'KNO596',2,490,NULL,0),(490,NULL,'GJB42D',3,491,NULL,0),(491,NULL,'JJV048',1,492,NULL,0),(492,NULL,'KNO958',2,493,NULL,0),(493,NULL,'HZO358',1,494,NULL,0),(494,NULL,'KNS777',1,495,NULL,0),(495,NULL,'XXL26C',3,496,NULL,0),(496,NULL,'LPT926',2,497,NULL,0),(497,NULL,'LPT675',1,498,NULL,0),(498,NULL,'EOZ218',2,499,NULL,0),(499,NULL,'NMT91F',4,500,NULL,0),(500,NULL,'FZO909',2,501,NULL,0),(501,NULL,'LXV389',2,502,NULL,0),(502,NULL,'RJZ096',2,503,NULL,0),(503,NULL,'JKN023',2,504,NULL,0),(504,NULL,'GPX852',2,505,NULL,0),(505,NULL,'EHZ369',2,506,NULL,0),(506,NULL,'KAU887',1,507,NULL,0),(507,NULL,'UCU962',2,508,NULL,0),(508,NULL,'HVR861',1,509,NULL,0),(509,NULL,'NAU685',1,510,NULL,0),(510,NULL,'KNS119',2,511,NULL,0),(511,NULL,'JJX041',1,512,NULL,0),(512,NULL,'LPT548',2,513,NULL,0),(513,NULL,'JJY006',2,514,NULL,0),(514,NULL,'UEU170',1,515,NULL,0),(515,NULL,'JBR667',1,516,NULL,0),(516,NULL,'LNO429',1,517,NULL,0),(517,NULL,'BPT703',1,518,NULL,0),(518,NULL,'MPX339',2,519,NULL,0),(519,NULL,'KNS744',1,520,NULL,0),(520,NULL,'INQ104',1,521,NULL,0),(521,NULL,'HKV403',1,522,NULL,0),(522,NULL,'JJV574',2,523,NULL,0),(523,NULL,'GTR611',1,524,NULL,0),(524,NULL,'FVQ226',1,525,NULL,0),(525,NULL,'EAL090',2,526,NULL,0),(526,NULL,'FVQ627',1,527,NULL,0),(527,NULL,'GTQ571',1,528,NULL,0),(528,NULL,'EML045',2,529,NULL,0),(529,NULL,'UEU930',1,530,NULL,0),(530,NULL,'NAV277',1,531,NULL,0),(531,NULL,'DDH844',1,532,NULL,0),(532,NULL,'LPR854',2,533,NULL,0),(533,NULL,'JBR455',2,534,NULL,0),(534,NULL,'LUX412 ',2,535,NULL,0),(535,NULL,'DTN520',1,536,NULL,0),(536,NULL,'JBS953',2,537,NULL,0),(537,NULL,'UEV487',1,538,NULL,0),(538,NULL,'GTP960',1,539,NULL,0),(539,NULL,'UEU571',1,540,NULL,0),(540,NULL,'GYS301',2,541,NULL,0),(541,NULL,'EPL380',1,542,NULL,0),(542,NULL,'JBS455',2,543,NULL,0),(543,NULL,'IOI914',1,544,NULL,0),(544,NULL,'KFM246',1,545,NULL,0),(545,NULL,'JJW274',1,546,NULL,0),(546,NULL,'MMN827',2,547,NULL,0),(547,NULL,'IAP539',1,548,NULL,0),(548,NULL,'HHX581',1,549,NULL,0),(549,NULL,'PFH267',2,550,NULL,0),(550,NULL,'KNR963',1,551,NULL,0),(551,NULL,'GTS285',2,552,NULL,0),(552,NULL,'KNO482',1,553,NULL,0),(553,NULL,'EPN385',1,554,NULL,0),(554,NULL,'EPN358',2,555,NULL,0),(555,NULL,'HHW965',1,556,NULL,0),(556,NULL,'GTP112',1,557,NULL,0),(557,NULL,'HHR535',2,558,NULL,0),(558,NULL,'KNR572',1,559,NULL,0),(559,NULL,'JJY327',1,560,NULL,0),(560,NULL,'GTR736',2,561,NULL,0),(561,NULL,'MUK923',1,562,NULL,0),(562,NULL,'KQQ630',2,563,NULL,0),(563,NULL,'RLW750',1,564,NULL,0),(564,NULL,'JJT633',1,565,NULL,0),(565,NULL,'JLY893',2,566,NULL,0),(566,NULL,'KIH317',1,567,NULL,0),(567,NULL,'UEU584',1,568,NULL,0),(568,NULL,'KNN438',1,569,NULL,0),(569,NULL,'ELS423',2,570,NULL,0),(570,NULL,'SWR804',2,571,NULL,0),(571,NULL,'JWV508',2,572,NULL,0),(572,NULL,'HVW198',1,573,NULL,0),(573,NULL,'EOZ406',2,574,NULL,0),(574,NULL,'NAE217',1,575,NULL,0),(575,NULL,'HNV697',2,576,NULL,0),(576,NULL,'UEW455',1,577,NULL,0),(577,NULL,'KAO336',1,578,NULL,0),(578,NULL,'DVD24G',4,579,NULL,0),(579,NULL,'KNP054',1,580,NULL,0),(580,NULL,'JJY687',1,581,NULL,0),(581,NULL,'BCF202',2,582,NULL,0),(582,NULL,'KLW237',2,583,NULL,0),(583,NULL,'DTO072',2,584,NULL,0),(584,NULL,'EPN168',2,585,NULL,0),(585,NULL,'HHV068',1,586,NULL,0),(586,NULL,'OUI31G',4,587,NULL,0),(587,NULL,'PVN53E',3,588,NULL,0),(588,NULL,'RKR041',1,589,NULL,0),(589,NULL,'DQY401',1,590,NULL,0),(590,NULL,'KIH431',1,591,NULL,0),(591,NULL,'EPL305',1,592,NULL,0),(592,NULL,'LQL593',1,593,NULL,0),(593,NULL,'HDP481',2,594,NULL,0),(594,NULL,'EDZ222',2,595,NULL,0),(595,NULL,'UDZ912',2,596,NULL,0),(596,NULL,'JBS271',1,597,NULL,0),(597,NULL,'DQT988',1,598,NULL,0),(598,NULL,'KNQ433',1,599,NULL,0),(599,NULL,'LPS985',1,600,NULL,0),(600,NULL,'GTT779',2,601,NULL,0),(601,NULL,'JRT708',1,602,NULL,0),(602,NULL,'NAO121',1,603,NULL,0),(603,NULL,'GTT712',1,604,NULL,0),(604,NULL,'IGM301',1,605,NULL,0),(605,NULL,'BYB862',1,606,NULL,0),(606,NULL,'EVW386',1,607,NULL,0),(607,NULL,'JBO812',1,608,NULL,0),(608,NULL,'JFQ125',1,609,NULL,0),(609,NULL,'MMY810',1,610,NULL,0),(610,NULL,'JJW957',1,611,NULL,0),(611,NULL,'IRU664',1,612,NULL,0),(612,NULL,'RHX298',1,613,NULL,0),(613,NULL,'STR185',1,614,NULL,0),(614,NULL,'EPO530',2,615,NULL,0),(615,NULL,'GTQ663',1,616,NULL,0),(616,NULL,'HHW977',2,617,NULL,0),(617,NULL,'MOT170',1,618,NULL,0),(618,NULL,'BMT811',1,619,NULL,0),(619,NULL,'FEZ63G',3,620,NULL,0),(620,NULL,'PFV231',1,621,NULL,0),(621,NULL,'GTR254',2,622,NULL,0),(622,NULL,'GTT665',1,623,NULL,0),(623,NULL,'EPM102',1,624,NULL,0),(624,NULL,'CCV064',1,625,NULL,0),(625,NULL,'LNU558',2,626,NULL,0),(626,NULL,'KNR799',1,627,NULL,0),(627,NULL,'MBL258',2,628,NULL,0),(628,NULL,'KNP417',1,629,NULL,0),(629,NULL,'EDX662',2,630,NULL,0),(630,NULL,'KAT093',1,631,NULL,0),(631,NULL,'LMR768',2,632,NULL,0),(632,NULL,'JBT054',1,633,NULL,0),(633,NULL,'KNS245',2,634,NULL,0),(634,NULL,'PFU180',1,635,NULL,0),(635,NULL,'UEU797',1,636,NULL,0),(636,NULL,'KNP927',2,637,NULL,0),(637,NULL,'KNP824',2,638,NULL,0),(638,NULL,'GLR707',2,639,NULL,0),(639,NULL,'MAS349',1,640,NULL,0),(640,NULL,'VUV67F',4,641,NULL,0),(641,NULL,'NAE468',2,642,NULL,0),(642,NULL,'GTP478',2,643,NULL,0),(643,NULL,'JBT152',2,644,NULL,0),(644,NULL,'NAR614',1,645,NULL,0),(645,NULL,'IGV977',2,646,NULL,0),(646,NULL,'KNQ659',2,647,NULL,0),(647,NULL,'JJT867',1,648,NULL,0),(648,NULL,'DHU416',1,649,NULL,0),(649,NULL,'JLM162',1,650,NULL,0),(650,NULL,'CHS426',1,651,NULL,0),(651,NULL,'KNR860',1,652,NULL,0),(652,NULL,'LPT135',1,653,NULL,0),(653,NULL,'KHR284',1,654,NULL,0),(654,NULL,'JRS959',2,655,NULL,0),(655,NULL,'GTN616',1,656,NULL,0),(656,NULL,'HGP51E',3,657,NULL,0),(657,NULL,'HMK79D',4,658,NULL,0),(658,NULL,'KNQ368',1,659,NULL,0),(659,NULL,'DKR290',1,660,NULL,0),(660,NULL,'RHP530',1,661,NULL,0),(661,NULL,'PDR2538',2,662,NULL,0),(662,NULL,'EPL786',1,663,NULL,0),(663,NULL,'NAP784',2,664,NULL,0),(664,NULL,'IWP883',1,665,NULL,0),(665,NULL,'KHS003',1,666,NULL,0),(666,NULL,'ELZ973',1,667,NULL,0),(667,NULL,'KNO483',2,668,NULL,0),(668,NULL,'NRY43F',4,669,NULL,0),(669,NULL,'DKR656',1,670,NULL,0),(670,NULL,'KAU967',1,671,NULL,0),(671,NULL,'GTS144',1,672,NULL,0),(672,NULL,'JEW085',2,673,NULL,0),(673,NULL,'DKW086',1,674,NULL,0),(674,NULL,'LPT325',1,675,NULL,0),(675,NULL,'KEV136',1,676,NULL,0),(676,NULL,'EPM790',2,677,NULL,0),(677,NULL,'IMK433',2,678,NULL,0),(678,NULL,'EOY714',1,679,NULL,0),(679,NULL,'EP0431',2,680,NULL,0),(680,NULL,'LRR444',2,681,NULL,0),(681,NULL,'EPX310',2,682,NULL,0),(682,NULL,'CEU684',1,683,NULL,0),(683,NULL,'UUU549',1,684,NULL,0),(684,NULL,'PEW480',1,685,NULL,0),(685,NULL,'JBX584',1,686,NULL,0),(686,NULL,'CYO586',1,687,NULL,0),(687,NULL,'LHS948',1,688,NULL,0),(688,NULL,'RAN472',2,689,NULL,0),(689,NULL,'IAX345',1,690,NULL,0),(690,NULL,'PFM334',1,691,NULL,0),(691,NULL,'KNS012',1,692,NULL,0),(692,NULL,'LPR809',1,693,NULL,0),(693,NULL,'KNS990',1,694,NULL,0),(694,NULL,'IDZ260',2,695,NULL,0),(695,NULL,'HCW660',1,696,NULL,0),(696,NULL,'LUQ419',2,697,NULL,0),(697,NULL,'NAU905',1,698,NULL,0),(698,NULL,'LPS404',2,699,NULL,0),(699,NULL,'EOZ835',1,700,NULL,0),(700,NULL,'JJV211',1,701,NULL,0),(701,NULL,'LPU397',2,702,NULL,0),(702,NULL,'GRD700',1,703,NULL,0),(703,NULL,'JJX228',1,704,NULL,0),(704,NULL,'ISU675',2,705,NULL,0),(705,NULL,'SIQ496',1,706,NULL,0),(706,NULL,'FRO273',1,707,NULL,0),(707,NULL,'GXR624',1,708,NULL,0),(708,NULL,'KNP867',2,709,NULL,0),(709,NULL,'GEW569',1,710,NULL,0),(710,NULL,'LXU798',1,711,NULL,0),(711,NULL,'WST58E',4,712,NULL,0),(712,NULL,'GPQ709',1,713,NULL,0),(713,NULL,'EOZ541',1,714,NULL,0),(714,NULL,'LER555',2,715,NULL,0),(715,NULL,'RHN268',1,716,NULL,0),(716,NULL,'HHR929',1,717,NULL,0),(717,NULL,'STR325',1,718,NULL,0),(718,NULL,'LPR839',2,719,NULL,0),(719,NULL,'IWM066',1,720,NULL,0),(720,NULL,'EPM151',1,721,NULL,0),(721,NULL,'FPN860',1,722,NULL,0),(722,NULL,'DDH282',2,723,NULL,0),(723,NULL,'KIH446',1,724,NULL,0),(724,NULL,'UES825',2,725,NULL,0),(725,NULL,'JJU740',1,726,NULL,0),(726,NULL,'TVX45D',4,727,NULL,0),(727,NULL,'KNN757',2,728,NULL,0),(728,NULL,'KIH541',1,729,NULL,0),(729,NULL,'NAU126',1,730,NULL,0),(730,NULL,'GTS989',2,731,NULL,0),(731,NULL,'JIK664',1,732,NULL,0),(732,NULL,'HWS686',1,733,NULL,0),(733,NULL,'JMV186',1,734,NULL,0),(734,NULL,'LPU572',2,735,NULL,0),(735,NULL,'OUW12G',4,736,NULL,0),(736,NULL,'KFL858',1,737,NULL,0),(737,NULL,'DOU104',1,738,NULL,0),(738,NULL,'OTU56G',4,739,NULL,0),(739,NULL,'CQJ766',1,740,NULL,0),(740,NULL,'MUV201',1,741,NULL,0),(741,NULL,'KNS549',1,742,NULL,0),(742,NULL,'JJT752',1,743,NULL,0),(743,NULL,'IWO530',2,744,NULL,0),(744,NULL,'GLL544',2,745,NULL,0),(745,NULL,'KHI307',1,746,NULL,0),(746,NULL,'GTR436',1,747,NULL,0),(747,NULL,'EOZ710',1,748,NULL,0),(748,NULL,'ATC647',2,749,NULL,0),(749,NULL,'LPT958',2,750,NULL,0),(750,NULL,'KBV466',1,751,NULL,0),(751,NULL,'OTU28G',4,752,NULL,0),(752,NULL,'IJL127',2,753,NULL,0),(753,NULL,'VOH70C',3,754,NULL,0),(754,NULL,'IMQ819',1,755,NULL,0),(755,NULL,'MXS992',1,756,NULL,0),(756,NULL,'ETM078',1,757,NULL,0),(757,NULL,'MWK712',1,758,NULL,0),(758,NULL,'CLP727',2,759,NULL,0),(759,NULL,'TPQ517',2,760,NULL,0),(760,NULL,'EOZ980',2,761,NULL,0),(761,NULL,'KYX315',1,762,NULL,0),(762,NULL,'CVL347',1,763,NULL,0),(763,NULL,'GTU694',1,764,NULL,0),(764,NULL,'DKQ761',1,765,NULL,0),(765,NULL,'KQK096',1,766,NULL,0),(766,NULL,'KNQ718',2,767,NULL,0),(767,NULL,'HHV047',2,768,NULL,0),(768,NULL,'BXR185',2,769,NULL,0),(769,NULL,'KNN887',2,770,NULL,0),(770,NULL,'JJU219',2,771,NULL,0),(771,NULL,'LZO232',2,772,NULL,0),(772,NULL,'JJT210',2,773,NULL,0),(773,NULL,'HDQ916',2,774,NULL,0),(774,NULL,'EOZ412',1,775,NULL,0),(775,NULL,'EPN721',2,776,NULL,0),(776,NULL,'LCP668',2,777,NULL,0),(777,NULL,'IAZ772',1,778,NULL,0),(778,NULL,'KIJ319',2,779,NULL,0),(779,NULL,'DNS272',2,780,NULL,0),(780,NULL,'LPS307',2,781,NULL,0),(781,NULL,'EHX675',1,782,NULL,0),(782,NULL,'KIL092',1,783,NULL,0),(783,NULL,'LPU207',2,784,NULL,0),(784,NULL,'TNF27D',4,785,NULL,0),(785,NULL,'EPN432',2,786,NULL,0),(786,NULL,'KIK268',1,787,NULL,0),(787,NULL,'LPR640',2,788,NULL,0),(788,NULL,'GTS541',2,789,NULL,0),(789,NULL,'EPL608',1,790,NULL,0),(790,NULL,'HHX437',2,791,NULL,0),(791,NULL,'LJX420',2,792,NULL,0),(792,NULL,'MSP504',2,793,NULL,0),(793,NULL,'GTR695',1,794,NULL,0),(794,NULL,'HHC51E',4,795,NULL,0),(795,NULL,'JJX832',1,796,NULL,0),(796,NULL,'EOY842',1,797,NULL,0),(797,NULL,'EPR363',1,798,NULL,0),(798,NULL,'JVT591',2,799,NULL,0),(799,NULL,'FAS610',1,800,NULL,0),(800,NULL,'PFS234',1,801,NULL,0),(801,NULL,'KNN422',1,802,NULL,0),(802,NULL,'EPL434',2,803,NULL,0),(803,NULL,'HYN737',1,804,NULL,0),(804,NULL,'CPO652',1,805,NULL,0),(805,NULL,'MJS713',2,806,NULL,0),(806,NULL,'IGM865',1,807,NULL,0),(807,NULL,'GTP747',2,808,NULL,0),(808,NULL,'KLN746',1,809,NULL,0),(809,NULL,'EOZ546',1,810,NULL,0),(810,NULL,'JBS203',2,811,NULL,0),(811,NULL,'IGP328',2,812,NULL,0),(812,NULL,'LQS089',1,813,NULL,0),(813,NULL,'PFR754',1,814,NULL,0),(814,NULL,'KNP533',2,815,NULL,0),(815,NULL,'KNP956',2,816,NULL,0),(816,NULL,'LTM408',1,817,NULL,0),(817,NULL,'KNS654',2,818,NULL,0),(818,NULL,'GTU041',1,819,NULL,0),(819,NULL,'DDX173',1,820,NULL,0),(820,NULL,'CCQ584',1,821,NULL,0),(821,NULL,'KNP870',1,822,NULL,0),(822,NULL,'HHR749',1,823,NULL,0),(823,NULL,'MAM082',1,824,NULL,0),(824,NULL,'KTX980',1,825,NULL,0),(825,NULL,'LTN762',1,826,NULL,0),(826,NULL,'HJS130',2,827,NULL,0),(827,NULL,'DKU707',1,828,NULL,0),(828,NULL,'JJX552',1,829,NULL,0),(829,NULL,'JJU052',1,830,NULL,0),(830,NULL,'DOS092',2,831,NULL,0),(831,NULL,'GTR691',1,832,NULL,0),(832,NULL,'CST577',2,833,NULL,0),(833,NULL,'LOQ531',1,834,NULL,0),(834,NULL,'EPX184',1,835,NULL,0),(835,NULL,'GTN291',2,836,NULL,0),(836,NULL,'UDL368',1,837,NULL,0),(837,NULL,'JBS822',1,838,NULL,0),(838,NULL,'IKK739',2,839,NULL,0),(839,NULL,'CCW974',2,840,NULL,0),(840,NULL,'LYR352',2,841,NULL,0),(841,NULL,'FIP015',2,842,NULL,0),(842,NULL,'UET857',1,843,NULL,0),(843,NULL,'0T065G',3,844,NULL,0),(844,NULL,'JBS171',2,845,NULL,0),(845,NULL,'GWN389',1,846,NULL,0),(846,NULL,'INO191',1,847,NULL,0),(847,NULL,'DXS256',1,848,NULL,0),(848,NULL,'IZP340',1,849,NULL,0),(849,NULL,'MUT828',2,850,NULL,0),(850,NULL,'LWM833',2,851,NULL,0),(851,NULL,'GQT161',1,852,NULL,0),(852,NULL,'KIZ190',1,853,NULL,0),(853,NULL,'KNP161',2,854,NULL,0),(854,NULL,'GTS836',1,855,NULL,0),(855,NULL,'LPS356',2,856,NULL,0),(856,NULL,'KNR979',2,857,NULL,0),(857,NULL,'HHR243',1,858,NULL,0),(858,NULL,'KNN912',2,859,NULL,0),(859,NULL,'GWZ372',2,860,NULL,0),(860,NULL,'QHC513',2,861,NULL,0),(861,NULL,'GTQ791',1,862,NULL,0),(862,NULL,'UEW208',1,863,NULL,0),(863,NULL,'EPM282',2,864,NULL,0),(864,NULL,'UEU508',1,865,NULL,0),(865,NULL,'RIU197',2,866,NULL,0),(866,NULL,'EPN692',1,867,NULL,0),(867,NULL,'GQZ536',1,868,NULL,0),(868,NULL,'KNR064',2,869,NULL,0),(869,NULL,'KCZ781',1,870,NULL,0),(870,NULL,'HFZ080',2,871,NULL,0),(871,NULL,'KXP703',2,872,NULL,0),(872,NULL,'MJU72D',4,873,NULL,0),(873,NULL,'HAK534',1,874,NULL,0),(874,NULL,'NAV205',1,875,NULL,0),(875,NULL,'HJP314',1,876,NULL,0),(876,NULL,'LPU322',1,877,NULL,0),(877,NULL,'CYS041',1,878,NULL,0),(878,NULL,'PFN313',1,879,NULL,0),(879,NULL,'EOZ241',1,880,NULL,0),(880,NULL,'KFM649',1,881,NULL,0),(881,NULL,'KNO667',1,882,NULL,0),(882,NULL,'KNS253',2,883,NULL,0),(883,NULL,'FPU307',1,884,NULL,0),(884,NULL,'HHR330',2,885,NULL,0),(885,NULL,'CAB695',2,886,NULL,0),(886,NULL,'GTP146',2,887,NULL,0),(887,NULL,'IHL959',1,888,NULL,0),(888,NULL,'HHT267',1,889,NULL,0),(889,NULL,'JJU283',1,890,NULL,0),(890,NULL,'GNR083',1,891,NULL,0),(891,NULL,'NFY686',1,892,NULL,0),(892,NULL,'LPS417',1,893,NULL,0),(893,NULL,'KCV884',1,894,NULL,0),(894,NULL,'KFN660',1,895,NULL,0),(895,NULL,'KNV296',1,896,NULL,0),(896,NULL,'UEU158',1,897,NULL,0),(897,NULL,'OVH04G',3,898,NULL,0),(898,NULL,'NIQ395',2,899,NULL,0),(899,NULL,'TRG84E',4,900,NULL,0),(900,NULL,'JRT689',2,901,NULL,0),(901,NULL,'EOZ678',2,902,NULL,0),(902,NULL,'HHW464',2,903,NULL,0),(903,NULL,'GLX225',2,904,NULL,0),(904,NULL,'GTT373',1,905,NULL,0),(905,NULL,'JJU746',2,906,NULL,0),(906,NULL,'KIH944',1,907,NULL,0),(907,NULL,'JNR018',2,908,NULL,0),(908,NULL,'KNS874',1,909,NULL,0),(909,NULL,'ICR373',1,910,NULL,0),(910,NULL,'JJU015',1,911,NULL,0),(911,NULL,'GTS524',2,912,NULL,0),(912,NULL,'EIM267',2,913,NULL,0),(913,NULL,'CPG50E',4,914,NULL,0),(914,NULL,'GTS423',1,915,NULL,0),(915,NULL,'GSE33D',4,916,NULL,0),(916,NULL,'HZL581',1,917,NULL,0),(917,NULL,'DXT198',1,918,NULL,0),(918,NULL,'MMH444',2,919,NULL,0),(919,NULL,'GSP631',1,920,NULL,0),(920,NULL,'KNP383',1,921,NULL,0),(921,NULL,'LEK976',1,922,NULL,0),(922,NULL,'GCY558',2,923,NULL,0),(923,NULL,'KMP459',2,924,NULL,0),(924,NULL,'RHK683',1,925,NULL,0),(925,NULL,'JJT482',1,926,NULL,0),(926,NULL,'CGO697',1,927,NULL,0),(927,NULL,'LPU142',2,928,NULL,0),(928,NULL,'GTR445',2,929,NULL,0),(929,NULL,'EMT745',2,930,NULL,0),(930,NULL,'LPT511',2,931,NULL,0),(931,NULL,'KNN266',1,932,NULL,0),(932,NULL,'RMW288',2,933,NULL,0),(933,NULL,'JJW817',1,934,NULL,0),(934,NULL,'FGR383',1,935,NULL,0),(935,NULL,'MOY695',1,936,NULL,0),(936,NULL,'BUR212',2,937,NULL,0),(937,NULL,'KII278',1,938,NULL,0),(938,NULL,'JCT200',1,939,NULL,0),(939,NULL,'KNN510',1,940,NULL,0),(940,NULL,'KHU46E',4,941,NULL,0),(941,NULL,'FZW427',1,942,NULL,0),(942,NULL,'IGR387',1,943,NULL,0),(943,NULL,'MSV162',1,944,NULL,0),(944,NULL,'HHS711',1,945,NULL,0),(945,NULL,'CNM19E',3,946,NULL,0),(946,NULL,'MTY710',2,947,NULL,0),(947,NULL,'MGS17F',4,948,NULL,0),(948,NULL,'STQ280',1,949,NULL,0),(949,NULL,'EOY695',2,950,NULL,0),(950,NULL,'KNQ232',2,951,NULL,0),(951,NULL,'KNS367',2,952,NULL,0),(952,NULL,'UEU457',1,953,NULL,0),(953,NULL,'FOB97G',4,954,NULL,0),(954,NULL,'EPM085',1,955,NULL,0),(955,NULL,'LPU762',1,956,NULL,0),(956,NULL,'FPW341',1,957,NULL,0),(957,NULL,'UES589',1,958,NULL,0),(958,NULL,'JJW096',1,959,NULL,0),(959,NULL,'MQK910',1,960,NULL,0),(960,NULL,'MTX394',2,961,NULL,0),(961,NULL,'MHW216',1,962,NULL,0),(962,NULL,'RCM692',1,963,NULL,0),(963,NULL,'LEK817',2,964,NULL,0),(964,NULL,'HIU187',1,965,NULL,0),(965,NULL,'MOTOCROSS',4,966,NULL,0),(966,NULL,'UEU957',1,967,NULL,0),(967,NULL,'CYA026',1,968,NULL,0),(968,NULL,'OVF57G',4,969,NULL,0),(969,NULL,'KNR171',2,970,NULL,0),(970,NULL,'CDQ300',1,971,NULL,0),(971,NULL,'JBS262',2,972,NULL,0),(972,NULL,'KCL124',1,973,NULL,0),(973,NULL,'DKR523',2,974,NULL,0),(974,NULL,'EOZ319',1,975,NULL,0),(975,NULL,'KNR798',2,976,NULL,0),(976,NULL,'MSL565',1,977,NULL,0),(977,NULL,'JIL366',1,978,NULL,0),(978,NULL,'FBP934',2,979,NULL,0),(979,NULL,'GSL661',1,980,NULL,0),(980,NULL,'PFN267',1,981,NULL,0),(981,NULL,'KIW091',1,982,NULL,0),(982,NULL,'EPM649',1,983,NULL,0),(983,NULL,'HCZ21',3,984,NULL,0),(984,NULL,'KDM780',2,985,NULL,0),(985,NULL,'EPM460',1,986,NULL,0),(986,NULL,'GXY835',1,987,NULL,0),(987,NULL,'JJX549',1,988,NULL,0),(988,NULL,'GTR715',1,989,NULL,0),(989,NULL,'BCG205',1,990,NULL,0),(990,NULL,'UES935',2,991,NULL,0),(991,NULL,'KNO533',2,992,NULL,0),(992,NULL,'HRL371',1,993,NULL,0),(993,NULL,'JJT097',2,994,NULL,0),(994,NULL,'NAS476',2,995,NULL,0),(995,NULL,'MFY509',1,996,NULL,0),(996,NULL,'MUZ473',2,997,NULL,0),(997,NULL,'LYE52F',4,998,NULL,0),(998,NULL,'KNR451',1,999,NULL,0),(999,NULL,'UBV932',1,1000,NULL,0),(1000,NULL,'JJU046',2,1001,NULL,0),(1001,NULL,'IYW904',1,1002,NULL,0),(1002,NULL,'JBS912',1,1003,NULL,0),(1003,NULL,'GTT011',1,1004,NULL,0),(1004,NULL,'EPO038',1,1005,NULL,0),(1005,NULL,'ARS420',1,1006,NULL,0),(1006,NULL,'NAI677',2,1007,NULL,0),(1007,NULL,'KIH527',1,1008,NULL,0),(1008,NULL,'JJK130',1,1009,NULL,0),(1009,NULL,'KNN707',2,1010,NULL,0),(1010,NULL,'WSL39E',4,1011,NULL,0),(1011,NULL,'JWV152',2,1012,NULL,0),(1012,NULL,'GTT440',2,1013,NULL,0),(1013,NULL,'NAE363',1,1014,NULL,0),(1014,NULL,'CPH74E',4,1015,NULL,0),(1015,NULL,'EOZ127',1,1016,NULL,0),(1016,NULL,'EPM814',1,1017,NULL,0),(1017,NULL,'FXL323',1,1018,NULL,0),(1018,NULL,'KGD374',1,1019,NULL,0),(1019,NULL,'FRM597',2,1020,NULL,0),(1020,NULL,'LPT977',1,1021,NULL,0),(1021,NULL,'ROK933',2,1022,NULL,0),(1022,NULL,'EPM966',2,1023,NULL,0),(1023,NULL,'MNM355',2,1024,NULL,0),(1024,NULL,'EPN836',1,1025,NULL,0),(1025,NULL,'JJZ022',2,1026,NULL,0),(1026,NULL,'MVU263',2,1027,NULL,0),(1027,NULL,'REZ960',1,1028,NULL,0),(1028,NULL,'BSY073',1,1029,NULL,0),(1029,NULL,'WRH81E',3,1030,NULL,0),(1030,NULL,'JEU661',2,1031,NULL,0),(1031,NULL,'GEK274',2,1032,NULL,0),(1032,NULL,'GFV261',2,1033,NULL,0),(1033,NULL,'JJY156',1,1034,NULL,0),(1034,NULL,'LPU253',2,1035,NULL,0),(1035,NULL,'KFM390',1,1036,NULL,0),(1036,NULL,'LPT854',2,1037,NULL,0),(1037,NULL,'IJM816',1,1038,NULL,0),(1038,NULL,'TTZ01D',4,1039,NULL,0),(1039,NULL,'LAL219',1,1040,NULL,0),(1040,NULL,'JJY631',1,1041,NULL,0),(1041,NULL,'IDN177',1,1042,NULL,0),(1042,NULL,'GTN766',2,1043,NULL,0),(1043,NULL,'IVZ461',1,1044,NULL,0),(1044,NULL,'NAP709',1,1045,NULL,0),(1045,NULL,'ZZN765',1,1046,NULL,0),(1046,NULL,'ZRN145',1,1047,NULL,0),(1047,NULL,'GPN140',2,1048,NULL,0),(1048,NULL,'MZX200',1,1049,NULL,0),(1049,NULL,'KNO901',1,1050,NULL,0),(1050,NULL,'DLQ000',1,1051,NULL,0),(1051,NULL,'HHS764',2,1052,NULL,0),(1052,NULL,'KNR933',1,1053,NULL,0),(1053,NULL,'DHO597',1,1054,NULL,0),(1054,NULL,'LPT372',2,1055,NULL,0),(1055,NULL,'GGZ355',1,1056,NULL,0),(1056,NULL,'HWU241',1,1057,NULL,0),(1057,NULL,'KNQ721',2,1058,NULL,0),(1058,NULL,'DKS000',1,1059,NULL,0),(1059,NULL,'DKU984',2,1060,NULL,0),(1060,NULL,'JYQ529',2,1061,NULL,0),(1061,NULL,'NAH681',2,1062,NULL,0),(1062,NULL,'JJY440',1,1063,NULL,0),(1063,NULL,'FAR830',1,1064,NULL,0),(1064,NULL,'KNO225',1,1065,NULL,0),(1065,NULL,'LPR506',2,1066,NULL,0),(1066,NULL,'DFU823',1,1067,NULL,0),(1067,NULL,'HHW629',2,1068,NULL,0),(1068,NULL,'KNP197',2,1069,NULL,0),(1069,NULL,'LPS672',2,1070,NULL,0),(1070,NULL,'GTR621',2,1071,NULL,0),(1071,NULL,'HHQ768',2,1072,NULL,0),(1072,NULL,'EPO574',1,1073,NULL,0),(1073,NULL,'UEU690',1,1074,NULL,0),(1074,NULL,'KNR288',2,1075,NULL,0),(1075,NULL,'UES335',2,1076,NULL,0),(1076,NULL,'HHX158',2,1077,NULL,0),(1077,NULL,'UET098',2,1078,NULL,0),(1078,NULL,'DNP 527',1,1079,NULL,0),(1079,NULL,'DKS957',2,1080,NULL,0),(1080,NULL,'HHW351',1,1081,NULL,0),(1081,NULL,'LPS856',2,1082,NULL,0),(1082,NULL,'KIK462',2,1083,NULL,0),(1083,NULL,'KMO279',1,1084,NULL,0),(1084,NULL,'GTN088',1,1085,NULL,0),(1085,NULL,'WBG999',2,1086,NULL,0),(1086,NULL,'NAI113',1,1087,NULL,0),(1087,NULL,'MXW221',1,1088,NULL,0),(1088,NULL,'LPS706',1,1089,NULL,0),(1089,NULL,'DKR222',1,1090,NULL,0),(1090,NULL,'UER849',1,1091,NULL,0),(1091,NULL,'GTR389',1,1092,NULL,0),(1092,NULL,'REQ266',1,1093,NULL,0),(1093,NULL,'EPN221',2,1094,NULL,0),(1094,NULL,'UEU795',1,1095,NULL,0),(1095,NULL,'EOY516',2,1096,NULL,0),(1096,NULL,'HFQ960',2,1097,NULL,0),(1097,NULL,'JJT631',1,1098,NULL,0),(1098,NULL,'JIR567',1,1099,NULL,0),(1099,NULL,'EZM26F',4,1100,NULL,0),(1100,NULL,'LPU796',1,1101,NULL,0),(1101,NULL,'LPU926',2,1102,NULL,0),(1102,NULL,'LUX222',2,1103,NULL,0),(1103,NULL,'WSW33E',4,1104,NULL,0),(1104,NULL,'GFT739',1,1105,NULL,0),(1105,NULL,'KQZ373',2,1106,NULL,0),(1106,NULL,'NEM725',1,1107,NULL,0),(1107,NULL,'EPN048',1,1108,NULL,0),(1108,NULL,'UES984',1,1109,NULL,0),(1109,NULL,'NIR891',2,1110,NULL,0),(1110,NULL,'JJV923',1,1111,NULL,0),(1111,NULL,'RZW424',2,1112,NULL,0),(1112,NULL,'KNN381',2,1113,NULL,0),(1113,NULL,'UEV036',1,1114,NULL,0),(1114,NULL,'EPX232',1,1115,NULL,0),(1115,NULL,'JQQ384',1,1116,NULL,0),(1116,NULL,'UEV422',2,1117,NULL,0),(1117,NULL,'JCO122',1,1118,NULL,0),(1118,NULL,'RNLL931',1,1119,NULL,0),(1119,NULL,'IMP280',1,1120,NULL,0),(1120,NULL,'ITM728',1,1121,NULL,0),(1121,NULL,'MCN125',1,1122,NULL,0),(1122,NULL,'KNR254',2,1123,NULL,0),(1123,NULL,'VUO09F',3,1124,NULL,0),(1124,NULL,'DQT382',2,1125,NULL,0),(1125,NULL,'HFR340',2,1126,NULL,0),(1126,NULL,'PFN641',1,1127,NULL,0),(1127,NULL,'EPM395',2,1128,NULL,0),(1128,NULL,'KIH276',1,1129,NULL,0),(1129,NULL,'DOC05E',4,1130,NULL,0),(1130,NULL,'NFV705',2,1131,NULL,0),(1131,NULL,'GTS454',2,1132,NULL,0),(1132,NULL,'KIH037',1,1133,NULL,0),(1133,NULL,'LPS726',2,1134,NULL,0),(1134,NULL,'TTX79D',3,1135,NULL,0),(1135,NULL,'LPT213',2,1136,NULL,0),(1136,NULL,'JKZ876',1,1137,NULL,0),(1137,NULL,'VAT295',2,1138,NULL,0),(1138,NULL,'LPT726',2,1139,NULL,0),(1139,NULL,'HWP829',1,1140,NULL,0),(1140,NULL,'CYU432',1,1141,NULL,0),(1141,NULL,'JJV371',2,1142,NULL,0),(1142,NULL,'KIK846',1,1143,NULL,0),(1143,NULL,'LPT664',2,1144,NULL,0),(1144,NULL,'KIH485',2,1145,NULL,0),(1145,NULL,'HIS323',2,1146,NULL,0),(1146,NULL,'LMR524',2,1147,NULL,0),(1147,NULL,'JJU983',1,1148,NULL,0),(1148,NULL,'LOY030',2,1149,NULL,0),(1149,NULL,'KWO136',2,1150,NULL,0),(1150,NULL,'FXZ392',2,1151,NULL,0),(1151,NULL,'JET831',2,1152,NULL,0),(1152,NULL,'DKV328',1,1153,NULL,0),(1153,NULL,'KNO260',2,1154,NULL,0),(1154,NULL,'LPT734',2,1155,NULL,0),(1155,NULL,'RIT092',2,1156,NULL,0),(1156,NULL,'EPO016',2,1157,NULL,0),(1157,NULL,'MAW432',1,1158,NULL,0),(1158,NULL,'KKZ68F',4,1159,NULL,0),(1159,NULL,'KNP880',2,1160,NULL,0),(1160,NULL,'GTT173',2,1161,NULL,0),(1161,NULL,'UET361',2,1162,NULL,0),(1162,NULL,'EIR997',1,1163,NULL,0),(1163,NULL,'ELL862',2,1164,NULL,0),(1164,NULL,'GBM107',1,1165,NULL,0),(1165,NULL,'UET822',1,1166,NULL,0),(1166,NULL,'LPU904',1,1167,NULL,0),(1167,NULL,'IHV703',1,1168,NULL,0),(1168,NULL,'RZK271',2,1169,NULL,0),(1169,NULL,'RZW089',1,1170,NULL,0),(1170,NULL,'GTR165',1,1171,NULL,0),(1171,NULL,'FYN522',1,1172,NULL,0),(1172,NULL,'JIM948',2,1173,NULL,0),(1173,NULL,'BYI868',1,1174,NULL,0),(1174,NULL,'LEY602',2,1175,NULL,0),(1175,NULL,'IWN060',2,1176,NULL,0),(1176,NULL,'JDO892',1,1177,NULL,0),(1177,NULL,'UUK482',2,1178,NULL,0),(1178,NULL,'DHR 645',2,1179,NULL,0),(1179,NULL,'HAM28F',3,1180,NULL,0),(1180,NULL,'EPM893',1,1181,NULL,0),(1181,NULL,'JJY442',1,1182,NULL,0),(1182,NULL,'ICZ292',2,1183,NULL,0),(1183,NULL,'EPN414',1,1184,NULL,0),(1184,NULL,'JJY168',1,1185,NULL,0),(1185,NULL,'GTP411',2,1186,NULL,0),(1186,NULL,'KNP386',1,1187,NULL,0),(1187,NULL,'WRG37E',3,1188,NULL,0),(1188,NULL,'JJU085',1,1189,NULL,0),(1189,NULL,'MTV796',2,1190,NULL,0),(1190,NULL,'PFU314',1,1191,NULL,0),(1191,NULL,'KNP208',2,1192,NULL,0),(1192,NULL,'JBR638',1,1193,NULL,0),(1193,NULL,'KNP486',2,1194,NULL,0),(1194,NULL,'GTS468',2,1195,NULL,0),(1195,NULL,'UES807',2,1196,NULL,0),(1196,NULL,'HZR433',2,1197,NULL,0),(1197,NULL,'DKU667',1,1198,NULL,0),(1198,NULL,'RAA302',1,1199,NULL,0),(1199,NULL,'HHT479',1,1200,NULL,0),(1200,NULL,'JJW826',2,1201,NULL,0),(1201,NULL,'KNQ574',1,1202,NULL,0),(1202,NULL,'HHR251',1,1203,NULL,0),(1203,NULL,'EPO841',2,1204,NULL,0),(1204,NULL,'JJU744',2,1205,NULL,0),(1205,NULL,'KII694',1,1206,NULL,0),(1206,NULL,'FGT997',1,1207,NULL,0),(1207,NULL,'MUV848',2,1208,NULL,0),(1208,NULL,'JJY641',1,1209,NULL,0),(1209,NULL,'EPL645',1,1210,NULL,0),(1210,NULL,'FDN663',1,1211,NULL,0),(1211,NULL,'UEV827',1,1212,NULL,0),(1212,NULL,'DKV119',1,1213,NULL,0),(1213,NULL,'GFS986',2,1214,NULL,0),(1214,NULL,'GSO807',2,1215,NULL,0),(1215,NULL,'GTR602',1,1216,NULL,0),(1216,NULL,'ENQ703',2,1217,NULL,0),(1217,NULL,'RHM017',1,1218,NULL,0),(1218,NULL,'JJQ162',2,1219,NULL,0),(1219,NULL,'HEY810',1,1220,NULL,0),(1220,NULL,'DCO076',1,1221,NULL,0),(1221,NULL,'NAU187',1,1222,NULL,0),(1222,NULL,'FYV375',2,1223,NULL,0),(1223,NULL,'RKQ356',1,1224,NULL,0),(1224,NULL,'GJX569',1,1225,NULL,0);


